-- --------------------------------------------------------
-- Host:                         127.0.0.1
-- Versión del servidor:         8.0.30 - MySQL Community Server - GPL
-- SO del servidor:              Win64
-- HeidiSQL Versión:             12.1.0.6537
-- --------------------------------------------------------

/*!40101 SET @OLD_CHARACTER_SET_CLIENT=@@CHARACTER_SET_CLIENT */;
/*!40101 SET NAMES utf8 */;
/*!50503 SET NAMES utf8mb4 */;
/*!40103 SET @OLD_TIME_ZONE=@@TIME_ZONE */;
/*!40103 SET TIME_ZONE='+00:00' */;
/*!40014 SET @OLD_FOREIGN_KEY_CHECKS=@@FOREIGN_KEY_CHECKS, FOREIGN_KEY_CHECKS=0 */;
/*!40101 SET @OLD_SQL_MODE=@@SQL_MODE, SQL_MODE='NO_AUTO_VALUE_ON_ZERO' */;
/*!40111 SET @OLD_SQL_NOTES=@@SQL_NOTES, SQL_NOTES=0 */;

-- Volcando datos para la tabla pedidos.images: ~42 rows (aproximadamente)
INSERT IGNORE INTO `images` (`id`, `path`, `thumbnail_path`, `alt_text`, `is_primary`, `order`, `producto_id`, `featured`, `empresa_id`, `created_at`, `updated_at`) VALUES
	(1, 'productos/4/images/1763688254_0.jpg', NULL, NULL, 0, 0, 4, 1, 1, '2025-11-21 09:24:14', '2025-11-21 09:24:14'),
	(4, 'productos/151/images/1763688841_0.jpg', NULL, NULL, 0, 0, 151, 1, 1, '2025-11-21 09:34:01', '2025-11-21 09:34:01'),
	(5, 'productos/154/images/1763689280_0.jpg', NULL, NULL, 0, 0, 154, 1, 1, '2025-11-21 09:41:20', '2025-11-21 09:41:20'),
	(6, 'productos/6/images/1763689432_0.jpg', NULL, NULL, 0, 0, 6, 1, 1, '2025-11-21 09:43:52', '2025-11-21 09:43:52'),
	(7, 'productos/260/images/1763689583_0.jpg', NULL, NULL, 0, 0, 260, 1, 1, '2025-11-21 09:46:23', '2025-11-21 09:46:23'),
	(8, 'productos/8/images/1763689679_0.jpg', NULL, NULL, 0, 0, 8, 1, 1, '2025-11-21 09:47:59', '2025-11-21 09:47:59'),
	(9, 'productos/130/images/1763689855_0.jpg', NULL, NULL, 0, 0, 130, 1, 1, '2025-11-21 09:50:55', '2025-11-21 09:50:55'),
	(10, 'productos/131/images/1763689892_0.jpg', NULL, NULL, 0, 0, 131, 1, 1, '2025-11-21 09:51:32', '2025-11-21 09:51:32'),
	(11, 'productos/125/images/1763689964_0.jpg', NULL, NULL, 0, 0, 125, 1, 1, '2025-11-21 09:52:44', '2025-11-21 09:52:44'),
	(13, 'productos/261/1763690083_0.jpg', NULL, NULL, 0, 0, 261, 1, 1, '2025-11-21 09:54:43', '2025-11-21 09:54:43'),
	(15, 'productos/262/1763690151_0.jpg', NULL, 'Cubitos Maggi', 0, 0, 262, 1, 1, '2025-11-21 09:55:51', '2025-11-21 09:55:51'),
	(17, 'productos/263/1763690237_0.jpg', NULL, 'Diablito Under Wood 115G', 0, 0, 263, 1, 1, '2025-11-21 09:57:17', '2025-11-21 09:57:17'),
	(18, 'productos/264/images/1763690364_0.jpg', NULL, NULL, 0, 0, 264, 1, 1, '2025-11-21 09:59:24', '2025-11-21 09:59:24'),
	(20, 'productos/265/1763691356_0.jpg', NULL, 'Don Kat Adulto', 0, 0, 265, 1, 1, '2025-11-21 10:15:56', '2025-11-21 10:15:56'),
	(21, 'productos/166/images/1763691724_0.jpg', NULL, NULL, 0, 0, 166, 1, 1, '2025-11-21 10:22:04', '2025-11-21 10:22:04'),
	(22, 'productos/165/images/1763691771_0.jpg', NULL, NULL, 0, 0, 165, 1, 1, '2025-11-21 10:22:51', '2025-11-21 10:22:51'),
	(23, 'productos/167/images/1763691818_0.jpg', NULL, NULL, 0, 0, 167, 1, 1, '2025-11-21 10:23:38', '2025-11-21 10:23:38'),
	(25, 'productos/266/1763692291_0.jpg', NULL, 'Huevo Santa Maria doble 12x1', 0, 0, 266, 1, 1, '2025-11-21 10:31:31', '2025-11-21 10:31:31'),
	(26, 'productos/128/images/1763693013_0.jpg', NULL, NULL, 0, 0, 128, 1, 1, '2025-11-21 10:43:33', '2025-11-21 10:43:33'),
	(27, 'productos/129/images/1763693093_0.jpg', NULL, NULL, 0, 0, 129, 1, 1, '2025-11-21 10:44:53', '2025-11-21 10:44:53'),
	(28, 'productos/176/images/1763693178_0.jpg', NULL, NULL, 0, 0, 176, 1, 1, '2025-11-21 10:46:18', '2025-11-21 10:46:18'),
	(29, 'productos/175/images/1763693649_0.jpg', NULL, NULL, 0, 0, 175, 1, 1, '2025-11-21 10:54:09', '2025-11-21 10:54:09'),
	(30, 'productos/147/images/1763693874_0.jpg', NULL, NULL, 0, 0, 147, 1, 1, '2025-11-21 10:57:54', '2025-11-21 10:57:54'),
	(31, 'productos/173/images/1763694088_0.jpg', NULL, NULL, 0, 0, 173, 1, 1, '2025-11-21 11:01:29', '2025-11-21 11:01:29'),
	(32, 'productos/174/images/1763694121_0.jpg', NULL, NULL, 0, 0, 174, 1, 1, '2025-11-21 11:02:01', '2025-11-21 11:02:01'),
	(33, 'productos/145/images/1763694812_0.jpg', NULL, NULL, 0, 0, 145, 1, 1, '2025-11-21 11:13:32', '2025-11-21 11:13:32'),
	(35, 'productos/267/1763695104_0.jpg', NULL, 'Mantequilla Deline, 250 MG', 0, 0, 267, 1, 1, '2025-11-21 11:18:24', '2025-11-21 11:18:24'),
	(36, 'productos/268/images/1763695235_0.jpg', NULL, NULL, 0, 0, 268, 1, 1, '2025-11-21 11:20:35', '2025-11-21 11:20:35'),
	(37, 'productos/12/images/1763695400_0.jpg', NULL, NULL, 0, 0, 12, 1, 1, '2025-11-21 11:23:20', '2025-11-21 11:23:20'),
	(39, 'productos/269/1763695598_0.jpg', NULL, 'Mirringo Adulto', 0, 0, 269, 1, 1, '2025-11-21 11:26:38', '2025-11-21 11:26:38'),
	(40, 'productos/96/images/1763695648_0.jpg', NULL, NULL, 0, 0, 96, 1, 1, '2025-11-21 11:27:28', '2025-11-21 11:27:28'),
	(41, 'productos/109/images/1763695817_0.jpg', NULL, NULL, 0, 0, 109, 1, 1, '2025-11-21 11:30:17', '2025-11-21 11:30:17'),
	(42, 'productos/110/images/1763695860_0.jpg', NULL, NULL, 0, 0, 110, 1, 1, '2025-11-21 11:31:00', '2025-11-21 11:31:00'),
	(43, 'productos/112/images/1763695948_0.jpg', NULL, NULL, 0, 0, 112, 1, 1, '2025-11-21 11:32:28', '2025-11-21 11:32:28'),
	(44, 'productos/113/images/1763695985_0.jpg', NULL, NULL, 0, 0, 113, 1, 1, '2025-11-21 11:33:05', '2025-11-21 11:33:05'),
	(45, 'productos/114/images/1763696018_0.jpg', NULL, NULL, 0, 0, 114, 1, 1, '2025-11-21 11:33:38', '2025-11-21 11:33:38'),
	(47, 'productos/270/1763696363_0.webp', NULL, 'Nutribella15 Acondicionador Nutrición 12x1  Devuelve la Belleza Natural', 0, 0, 270, 1, 1, '2025-11-21 11:39:23', '2025-11-21 11:39:23'),
	(49, 'productos/271/1763696499_0.webp', NULL, 'Nutribella15 Acondicionador Termoproteccion 12x1', 0, 0, 271, 1, 1, '2025-11-21 11:41:39', '2025-11-21 11:41:39'),
	(50, 'productos/110/images/1763696740_0.jpg', NULL, NULL, 0, 0, 110, 1, 1, '2025-11-21 11:45:40', '2025-11-21 11:45:40'),
	(51, 'productos/118/images/1763696783_0.jpg', NULL, NULL, 0, 0, 118, 1, 1, '2025-11-21 11:46:23', '2025-11-21 11:46:23'),
	(52, 'productos/121/images/1763697478_0.jpg', NULL, NULL, 0, 0, 121, 1, 1, '2025-11-21 11:57:58', '2025-11-21 11:57:58'),
	(53, 'productos/259/images/1764249224_0.jpg', NULL, NULL, 0, 0, 259, 1, 1, '2025-11-27 17:13:44', '2025-11-27 17:13:44'),
	(54, 'productos/100/images/1764285759_0.jpg', NULL, NULL, 0, 0, 100, 1, 1, '2025-11-28 03:22:39', '2025-11-28 03:22:39'),
	(56, 'productos/83/images/1764285979_0.jpg', NULL, NULL, 0, 0, 83, 1, 1, '2025-11-28 03:26:19', '2025-11-28 03:26:19'),
	(57, 'productos/82/images/1764286396_0.jpg', NULL, NULL, 0, 0, 82, 1, 1, '2025-11-27 23:33:16', '2025-11-27 23:33:16'),
	(58, 'productos/81/images/1764286545_0.jpg', NULL, NULL, 0, 0, 81, 1, 1, '2025-11-27 23:35:45', '2025-11-27 23:35:45'),
	(59, 'productos/80/images/1764286577_0.jpg', NULL, NULL, 0, 0, 80, 1, 1, '2025-11-27 23:36:17', '2025-11-27 23:36:17'),
	(60, 'productos/79/images/1764286599_0.jpg', NULL, NULL, 0, 0, 79, 1, 1, '2025-11-27 23:36:39', '2025-11-27 23:36:39'),
	(61, 'productos/76/images/1764286827_0.jpg', NULL, NULL, 0, 0, 76, 1, 1, '2025-11-27 23:40:27', '2025-11-27 23:40:27'),
	(62, 'productos/75/images/1764286847_0.jpg', NULL, NULL, 0, 0, 75, 1, 1, '2025-11-27 23:40:47', '2025-11-27 23:40:47'),
	(63, 'productos/74/images/1764286949_0.jpg', NULL, NULL, 0, 0, 74, 1, 1, '2025-11-27 23:42:29', '2025-11-27 23:42:29'),
	(64, 'productos/179/images/1764287371_0.jpg', NULL, NULL, 0, 0, 179, 1, 1, '2025-11-27 23:49:32', '2025-11-27 23:49:32'),
	(65, 'productos/178/images/1764287423_0.jpg', NULL, NULL, 0, 0, 178, 1, 1, '2025-11-27 23:50:24', '2025-11-27 23:50:24'),
	(66, 'productos/177/images/1764287491_0.jpg', NULL, NULL, 0, 0, 177, 1, 1, '2025-11-27 23:51:31', '2025-11-27 23:51:31'),
	(67, 'productos/203/images/1764289900_0.webp', NULL, NULL, 0, 0, 203, 1, 1, '2025-11-28 00:31:41', '2025-11-28 00:31:41'),
	(68, 'productos/204/images/1764290012_0.webp', NULL, NULL, 0, 0, 204, 1, 1, '2025-11-28 00:33:32', '2025-11-28 00:33:32'),
	(69, 'productos/272/images/1764290800_0.jpg', NULL, NULL, 0, 0, 272, 1, 1, '2025-11-28 00:46:40', '2025-11-28 00:46:40'),
	(70, 'productos/188/images/1764292197_0.jpg', NULL, NULL, 0, 0, 188, 1, 1, '2025-11-28 01:09:57', '2025-11-28 01:09:57'),
	(71, 'productos/124/images/1764292255_0.jpg', NULL, NULL, 0, 0, 124, 1, 1, '2025-11-28 01:10:55', '2025-11-28 01:10:55'),
	(72, 'productos/123/images/1764292300_0.jpg', NULL, NULL, 0, 0, 123, 1, 1, '2025-11-28 01:11:40', '2025-11-28 01:11:40'),
	(73, 'productos/122/images/1764292325_0.jpg', NULL, NULL, 0, 0, 122, 1, 1, '2025-11-28 01:12:06', '2025-11-28 01:12:06'),
	(74, 'productos/99/images/1764292431_0.jpg', NULL, NULL, 0, 0, 99, 1, 1, '2025-11-28 01:13:51', '2025-11-28 01:13:51'),
	(75, 'productos/98/images/1764292457_0.jpg', NULL, NULL, 0, 0, 98, 1, 1, '2025-11-28 01:14:18', '2025-11-28 01:14:18'),
	(76, 'productos/97/images/1764292480_0.jpg', NULL, NULL, 0, 0, 97, 1, 1, '2025-11-28 01:14:40', '2025-11-28 01:14:40'),
	(77, 'productos/84/images/1764292639_0.jpg', NULL, NULL, 0, 0, 84, 1, 1, '2025-11-28 01:17:19', '2025-11-28 01:17:19'),
	(79, 'productos/86/images/1764292838_0.jpg', NULL, NULL, 0, 0, 86, 1, 1, '2025-11-28 01:20:38', '2025-11-28 01:20:38'),
	(80, 'productos/90/images/1764293190_0.jpg', NULL, NULL, 0, 0, 90, 1, 1, '2025-11-28 01:26:30', '2025-11-28 01:26:30'),
	(81, 'productos/91/images/1764293219_0.jpg', NULL, NULL, 0, 0, 91, 1, 1, '2025-11-28 01:27:00', '2025-11-28 01:27:00'),
	(82, 'productos/93/images/1764293457_0.jpg', NULL, NULL, 0, 0, 93, 1, 1, '2025-11-28 01:30:57', '2025-11-28 01:30:57'),
	(83, 'productos/94/images/1764293488_0.jpg', NULL, NULL, 0, 0, 94, 1, 1, '2025-11-28 01:31:28', '2025-11-28 01:31:28'),
	(84, 'productos/215/images/1764293717_0.jpg', NULL, NULL, 0, 0, 215, 1, 1, '2025-11-28 01:35:17', '2025-11-28 01:35:17'),
	(85, 'productos/216/images/1764293815_0.jpg', NULL, NULL, 0, 0, 216, 1, 1, '2025-11-28 01:36:55', '2025-11-28 01:36:55'),
	(86, 'productos/51/images/1764293850_0.jpg', NULL, NULL, 0, 0, 51, 1, 1, '2025-11-28 01:37:30', '2025-11-28 01:37:30'),
	(87, 'productos/172/images/1764294303_0.webp', NULL, NULL, 0, 0, 172, 1, 1, '2025-11-28 01:45:03', '2025-11-28 01:45:03'),
	(90, 'productos/111/images/1764295663_0.webp', NULL, NULL, 0, 0, 111, 1, 1, '2025-11-28 02:07:43', '2025-11-28 02:07:43'),
	(91, 'productos/115/images/1764295690_0.webp', NULL, NULL, 0, 0, 115, 1, 1, '2025-11-28 02:08:10', '2025-11-28 02:08:10'),
	(92, 'productos/273/FLd8bDK6YqwthbjfifkiRGw88pZHBRqccmhN4M2H.jpg', NULL, 'Panelada', 0, 0, 273, 0, 1, '2025-11-28 02:11:34', '2025-11-28 02:11:34'),
	(93, 'productos/273/1764295894_0.jpg', NULL, NULL, 0, 0, 273, 1, 1, '2025-11-28 02:11:34', '2025-11-28 02:11:34'),
	(94, 'productos/244/images/1764296032_0.webp', NULL, NULL, 0, 0, 244, 1, 1, '2025-11-28 02:13:52', '2025-11-28 02:13:52'),
	(95, 'productos/245/images/1764296124_0.jpg', NULL, NULL, 0, 0, 245, 1, 1, '2025-11-28 02:15:24', '2025-11-28 02:15:24'),
	(96, 'productos/246/images/1764296179_0.webp', NULL, NULL, 0, 0, 246, 1, 1, '2025-11-28 02:16:19', '2025-11-28 02:16:19'),
	(97, 'productos/247/images/1764296213_0.jpg', NULL, NULL, 0, 0, 247, 1, 1, '2025-11-28 02:16:53', '2025-11-28 02:16:53'),
	(98, 'productos/248/images/1764296235_0.jpg', NULL, NULL, 0, 0, 248, 1, 1, '2025-11-28 02:17:15', '2025-11-28 02:17:15'),
	(99, 'productos/249/images/1764296553_0.jpg', NULL, NULL, 0, 0, 249, 1, 1, '2025-11-28 02:22:33', '2025-11-28 02:22:33'),
	(100, 'productos/250/images/1764296587_0.jpg', NULL, NULL, 0, 0, 250, 1, 1, '2025-11-28 02:23:07', '2025-11-28 02:23:07'),
	(101, 'productos/251/images/1764296767_0.webp', NULL, NULL, 0, 0, 251, 1, 1, '2025-11-28 02:26:07', '2025-11-28 02:26:07'),
	(102, 'productos/252/images/1764296824_0.webp', NULL, NULL, 0, 0, 252, 1, 1, '2025-11-28 02:27:04', '2025-11-28 02:27:04'),
	(103, 'productos/253/images/1764296882_0.webp', NULL, NULL, 0, 0, 253, 1, 1, '2025-11-28 02:28:02', '2025-11-28 02:28:02'),
	(104, 'productos/274/eDb7AsCnssPEQUPcIlhvY2Uz8x4jj8KuGZZr0iFh.jpg', NULL, 'Pasta Allegri ricatones', 0, 0, 274, 0, 1, '2025-11-28 02:30:34', '2025-11-28 02:30:34'),
	(105, 'productos/274/1764297034_0.jpg', NULL, NULL, 0, 0, 274, 1, 1, '2025-11-28 02:30:34', '2025-11-28 02:30:34'),
	(106, 'productos/275/images/1764297134_0.jpg', NULL, NULL, 0, 0, 275, 1, 1, '2025-11-28 02:32:14', '2025-11-28 02:32:14'),
	(107, 'productos/276/images/1764297197_0.jpg', NULL, NULL, 0, 0, 276, 1, 1, '2025-11-28 02:33:17', '2025-11-28 02:33:17'),
	(108, 'productos/277/images/1764297293_0.jpg', NULL, NULL, 0, 0, 277, 1, 1, '2025-11-28 02:34:53', '2025-11-28 02:34:53'),
	(109, 'productos/278/images/1764297379_0.jpg', NULL, NULL, 0, 0, 278, 1, 1, '2025-11-28 02:36:19', '2025-11-28 02:36:19'),
	(110, 'productos/279/images/1764297421_0.jpg', NULL, NULL, 0, 0, 279, 1, 1, '2025-11-28 02:37:01', '2025-11-28 02:37:01'),
	(111, 'productos/280/images/1764297513_0.jpg', NULL, NULL, 0, 0, 280, 1, 1, '2025-11-28 02:38:33', '2025-11-28 02:38:33'),
	(112, 'productos/281/images/1764297557_0.jpg', NULL, NULL, 0, 0, 281, 1, 1, '2025-11-28 02:39:17', '2025-11-28 02:39:17'),
	(113, 'productos/68/images/1764297661_0.jpg', NULL, NULL, 0, 0, 68, 1, 1, '2025-11-28 02:41:01', '2025-11-28 02:41:01'),
	(114, 'productos/69/images/1764297697_0.jpg', NULL, NULL, 0, 0, 69, 1, 1, '2025-11-28 02:41:37', '2025-11-28 02:41:37'),
	(115, 'productos/70/images/1764297727_0.jpg', NULL, NULL, 0, 0, 70, 1, 1, '2025-11-28 02:42:07', '2025-11-28 02:42:07'),
	(116, 'productos/71/images/1764297792_0.png', NULL, NULL, 0, 0, 71, 1, 1, '2025-11-28 02:43:12', '2025-11-28 02:43:12'),
	(117, 'productos/187/images/1764297863_0.jpg', NULL, NULL, 0, 0, 187, 1, 1, '2025-11-28 02:44:23', '2025-11-28 02:44:23'),
	(118, 'productos/219/images/1764297952_0.jpg', NULL, NULL, 0, 0, 219, 1, 1, '2025-11-28 02:45:52', '2025-11-28 02:45:52'),
	(119, 'productos/218/images/1764297982_0.jpg', NULL, NULL, 0, 0, 218, 1, 1, '2025-11-28 02:46:22', '2025-11-28 02:46:22'),
	(120, 'productos/217/images/1764298005_0.jpg', NULL, NULL, 0, 0, 217, 1, 1, '2025-11-28 02:46:45', '2025-11-28 02:46:45'),
	(121, 'productos/11/images/1764298092_0.jpg', NULL, NULL, 0, 0, 11, 1, 1, '2025-11-28 02:48:13', '2025-11-28 02:48:13'),
	(122, 'productos/31/images/1764298219_0.jpg', NULL, NULL, 0, 0, 31, 1, 1, '2025-11-28 02:50:19', '2025-11-28 02:50:19'),
	(123, 'productos/220/images/1764298261_0.jpg', NULL, NULL, 0, 0, 220, 1, 1, '2025-11-28 02:51:01', '2025-11-28 02:51:01'),
	(124, 'productos/126/images/1764298346_0.jpg', NULL, NULL, 0, 0, 126, 1, 1, '2025-11-28 02:52:26', '2025-11-28 02:52:26'),
	(125, 'productos/127/images/1764298367_0.jpg', NULL, NULL, 0, 0, 127, 1, 1, '2025-11-28 02:52:47', '2025-11-28 02:52:47'),
	(126, 'productos/282/lRDpUue8pSf8QK7Ipgm8d0FuNz7MqoqNhkhIx2cK.jpg', NULL, 'Super Pega', 0, 0, 282, 0, 1, '2025-11-28 02:55:39', '2025-11-28 02:55:39'),
	(127, 'productos/282/1764298539_0.jpg', NULL, NULL, 0, 0, 282, 1, 1, '2025-11-28 02:55:39', '2025-11-28 02:55:39'),
	(128, 'productos/72/images/1764298607_0.jpg', NULL, NULL, 0, 0, 72, 1, 1, '2025-11-28 02:56:47', '2025-11-28 02:56:47'),
	(129, 'productos/101/images/1764298783_0.webp', NULL, NULL, 0, 0, 101, 1, 1, '2025-11-28 02:59:43', '2025-11-28 02:59:43'),
	(130, 'productos/102/images/1764298859_0.jpg', NULL, NULL, 0, 0, 102, 1, 1, '2025-11-28 03:00:59', '2025-11-28 03:00:59'),
	(131, 'productos/103/images/1764298908_0.webp', NULL, NULL, 0, 0, 103, 1, 1, '2025-11-28 03:01:48', '2025-11-28 03:01:48'),
	(132, 'productos/104/images/1764298959_0.webp', NULL, NULL, 0, 0, 104, 1, 1, '2025-11-28 03:02:40', '2025-11-28 03:02:40'),
	(134, 'productos/107/images/1764299086_0.webp', NULL, NULL, 0, 0, 107, 1, 1, '2025-11-28 03:04:46', '2025-11-28 03:04:46'),
	(135, 'productos/108/images/1764299146_0.png', NULL, NULL, 0, 0, 108, 1, 1, '2025-11-28 03:05:46', '2025-11-28 03:05:46');

-- Volcando datos para la tabla pedidos.productos: ~269 rows (aproximadamente)
INSERT IGNORE INTO `productos` (`id`, `code`, `sku`, `barcode`, `name`, `price`, `precio_bs`, `description`, `tags`, `meta_title`, `meta_description`, `has_variants`, `track_inventory`, `featured`, `allow_backorder`, `inventory_policy`, `quantity`, `quantity_alert`, `status`, `empresa_id`, `categoria_id`, `marca_id`, `created_at`, `updated_at`) VALUES
	(1, 'ARR-65271', NULL, NULL, 'Arroz Blanco Polar', 1.50, 52.50, 'Arroz blanco de alta calidad', NULL, NULL, NULL, 0, 1, 0, 0, 'deny', 150, 10, 1, 1, 1, 1, '2025-11-21 05:13:56', '2025-11-21 05:13:56'),
	(2, 'HAR-59845', NULL, NULL, 'Harina de Maíz Precocida Polar', 1.20, 42.00, 'Harina de maíz precocida para arepas', NULL, NULL, NULL, 0, 1, 0, 0, 'deny', 200, 10, 1, 1, 1, 1, '2025-11-21 05:13:56', '2025-11-21 05:13:56'),
	(3, 'HAR-23798', NULL, NULL, 'Harina de Trigo Pol', 1.20, 42.00, 'Harina de trigo 1kg', NULL, NULL, NULL, 0, 1, 0, 0, 'deny', 200, 10, 1, 1, 1, 1, '2025-11-21 05:13:56', '2025-11-21 05:13:56'),
	(4, 'ACE-59195', NULL, NULL, 'Aceite Coamo Oleo de soja 900ML', 2.00, 70.00, 'Aceite de soja 900ml', NULL, NULL, NULL, 0, 1, 0, 0, 'deny', 5000, 10, 1, 1, 1, 12, '2025-11-21 05:13:56', '2025-11-21 05:24:14'),
	(5, 'PAS-55602', NULL, NULL, 'Pasta Larga tipo Spaghetti Santa Rita', 0.90, 31.50, 'Pasta seca tipo spaghetti', NULL, NULL, NULL, 0, 1, 0, 0, 'deny', 110, 10, 1, 1, 1, 1, '2025-11-21 05:13:56', '2025-11-21 05:13:56'),
	(6, 'AZU-38775', NULL, NULL, 'Azucar Amanecer IKG', 1.10, 38.50, 'Azucar Amanecer IKG', NULL, NULL, NULL, 0, 1, 0, 0, 'deny', 90, 10, 1, 1, 1, 5, '2025-11-21 05:13:56', '2025-11-21 05:43:52'),
	(7, 'SAL-61388', NULL, NULL, 'Sal de Mesa', 0.50, 17.50, 'Sal de mesa refinada', NULL, NULL, NULL, 0, 1, 0, 0, 'deny', 70, 10, 1, 1, 1, 1, '2025-11-21 05:13:56', '2025-11-21 05:13:56'),
	(8, 'CAF-10244', NULL, NULL, 'Café Cerro del Santo 100 MG', 2.80, 98.00, 'Café Cerro del Santo 100 MG\n', NULL, NULL, NULL, 0, 1, 0, 0, 'deny', 5000, 10, 1, 1, 1, 55, '2025-11-21 05:13:56', '2025-11-21 05:47:59'),
	(9, 'LEC-17144', NULL, NULL, 'Leche en Polvo', 3.20, 112.00, 'Leche en polvo entera', NULL, NULL, NULL, 0, 1, 0, 0, 'deny', 125, 10, 1, 1, 1, 1, '2025-11-21 05:13:56', '2025-11-21 05:13:56'),
	(10, 'GAL-30451', NULL, NULL, 'Galletas Saladas', 0.80, 28.00, 'Galletas saladas clásicas', NULL, NULL, NULL, 0, 1, 0, 0, 'deny', 120, 10, 1, 1, 1, 1, '2025-11-21 05:13:56', '2025-11-21 05:13:56'),
	(11, 'SAL-71890', NULL, NULL, 'Salsa de Tomate Ketchup heinz', 1.50, 52.50, 'Salsa de tomate Ketchup Heinz 397 ML', NULL, NULL, NULL, 0, 1, 0, 0, 'deny', 90, 10, 1, 1, 1, 42, '2025-11-21 05:13:56', '2025-11-28 02:48:12'),
	(12, 'MAY-85946', NULL, NULL, 'Mayonesa 175 MG', 1.80, 63.00, 'Mayonesa 175 MG', NULL, NULL, NULL, 0, 1, 0, 0, 'deny', 80, 10, 1, 1, 1, 1, '2025-11-21 05:13:56', '2025-11-21 07:23:20'),
	(13, 'MER-24794', NULL, NULL, 'Mermelada Fresa', 2.20, 77.00, 'Mermelada de fresa', NULL, NULL, NULL, 0, 1, 0, 0, 'deny', 70, 10, 1, 1, 1, 1, '2025-11-21 05:13:56', '2025-11-21 05:13:56'),
	(14, 'ATU-20155', NULL, NULL, 'Atún en Agua', 1.90, 66.50, 'Atún en agua', NULL, NULL, NULL, 0, 1, 0, 0, 'deny', 85, 10, 1, 1, 1, 1, '2025-11-21 05:13:56', '2025-11-21 05:13:56'),
	(15, 'SAR-10321', NULL, NULL, 'Sardinas en Aceite', 1.60, 56.00, 'Sardinas en aceite vegetal', NULL, NULL, NULL, 0, 1, 0, 0, 'deny', 80, 10, 1, 1, 1, 1, '2025-11-21 05:13:56', '2025-11-21 05:13:56'),
	(16, 'ARR-84693', NULL, NULL, 'Arroz Blanco Mary', 1.40, 49.00, 'Arroz blanco de alta calidad', NULL, NULL, NULL, 0, 1, 0, 0, 'deny', 150, 10, 1, 1, 1, 2, '2025-11-21 05:13:56', '2025-11-21 05:13:56'),
	(17, 'HAR-79011', NULL, NULL, 'Harina de Maíz Precocida Mary', 1.10, 38.50, 'Harina de maíz precocida para arepas', NULL, NULL, NULL, 0, 1, 0, 0, 'deny', 150, 10, 1, 1, 1, 2, '2025-11-21 05:13:56', '2025-11-21 05:13:56'),
	(18, 'ARR-29924', NULL, NULL, 'Arroz Blanco Santoni', 1.60, 56.00, 'Arroz blanco de alta calidad', NULL, NULL, NULL, 0, 1, 0, 0, 'deny', 150, 10, 1, 1, 1, 3, '2025-11-21 05:13:56', '2025-11-21 05:13:56'),
	(19, 'HAR-21728', NULL, NULL, 'Harina de Maíz Precocida Santoni', 1.30, 45.50, 'Harina de maíz precocida para arepas', NULL, NULL, NULL, 0, 1, 0, 0, 'deny', 150, 10, 1, 1, 1, 3, '2025-11-21 05:13:56', '2025-11-21 05:13:56'),
	(20, 'ARR-42242', NULL, NULL, 'Arroz Blanco Santa Monica', 1.70, 59.50, 'Arroz blanco de alta calidad', NULL, NULL, NULL, 0, 1, 0, 0, 'deny', 150, 10, 1, 1, 1, 4, '2025-11-21 05:13:56', '2025-11-21 05:13:56'),
	(21, 'HAR-37322', NULL, NULL, 'Harina de Maíz Precocida Santa Monica', 1.40, 49.00, 'Harina de maíz precocida para arepas', NULL, NULL, NULL, 0, 1, 0, 0, 'deny', 150, 10, 1, 1, 1, 4, '2025-11-21 05:13:56', '2025-11-21 05:13:56'),
	(22, 'ARR-94740', NULL, NULL, 'Arroz Blanco Amanecer', 1.80, 63.00, 'Arroz blanco de alta calidad', NULL, NULL, NULL, 0, 1, 0, 0, 'deny', 150, 10, 1, 1, 1, 5, '2025-11-21 05:13:56', '2025-11-21 05:13:56'),
	(23, 'HAR-44080', NULL, NULL, 'Harina de Maíz Precocida Amanecer', 1.50, 52.50, 'Harina de maíz precocida para arepas', NULL, NULL, NULL, 0, 1, 0, 0, 'deny', 150, 10, 1, 1, 1, 5, '2025-11-21 05:13:56', '2025-11-21 05:13:56'),
	(24, 'ARR-38657', NULL, NULL, 'Arroz Blanco Capri', 1.90, 66.50, 'Arroz blanco de alta calidad', NULL, NULL, NULL, 0, 1, 0, 0, 'deny', 150, 10, 1, 1, 1, 6, '2025-11-21 05:13:56', '2025-11-21 05:13:56'),
	(25, 'HAR-22032', NULL, NULL, 'Harina de Maíz Precocida Capri', 1.60, 56.00, 'Harina de maíz precocida para arepas', NULL, NULL, NULL, 0, 1, 0, 0, 'deny', 150, 10, 1, 1, 1, 6, '2025-11-21 05:13:56', '2025-11-21 05:13:56'),
	(28, 'ARR-18742', NULL, NULL, 'Arroz Blanco Dobón', 2.10, 73.50, 'Arroz blanco de alta calidad', NULL, NULL, NULL, 0, 1, 0, 0, 'deny', 150, 10, 1, 1, 1, 8, '2025-11-21 05:13:56', '2025-11-21 05:13:56'),
	(29, 'HAR-92708', NULL, NULL, 'Harina de Maíz Precocida Dobón', 1.80, 63.00, 'Harina de maíz precocida para arepas', NULL, NULL, NULL, 0, 1, 0, 0, 'deny', 150, 10, 1, 1, 1, 8, '2025-11-21 05:13:56', '2025-11-21 05:13:56'),
	(31, 'HAR-41141', NULL, NULL, 'Salsa de tomate Pampero', 1.90, 66.50, 'Salsa de tomate Pampero 198 ML\n', NULL, NULL, NULL, 0, 1, 0, 0, 'deny', 150, 10, 1, 1, 1, 9, '2025-11-21 05:13:56', '2025-11-28 02:50:19'),
	(32, 'ARR-93657', NULL, NULL, 'Arroz Blanco Iberia', 2.30, 80.50, 'Arroz blanco de alta calidad', NULL, NULL, NULL, 0, 1, 0, 0, 'deny', 150, 10, 1, 1, 1, 10, '2025-11-21 05:13:56', '2025-11-21 05:13:56'),
	(33, 'HAR-81554', NULL, NULL, 'Harina de Maíz Precocida Iberia', 2.00, 70.00, 'Harina de maíz precocida para arepas', NULL, NULL, NULL, 0, 1, 0, 0, 'deny', 150, 10, 1, 1, 1, 10, '2025-11-21 05:13:56', '2025-11-21 05:13:56'),
	(34, 'ARR-94946', NULL, NULL, 'Arroz Blanco Boka', 2.40, 84.00, 'Arroz blanco de alta calidad', NULL, NULL, NULL, 0, 1, 0, 0, 'deny', 150, 10, 1, 1, 1, 11, '2025-11-21 05:13:56', '2025-11-21 05:13:56'),
	(35, 'HAR-41120', NULL, NULL, 'Harina de Maíz Precocida Boka', 2.10, 73.50, 'Harina de maíz precocida para arepas', NULL, NULL, NULL, 0, 1, 0, 0, 'deny', 150, 10, 1, 1, 1, 11, '2025-11-21 05:13:56', '2025-11-21 05:13:56'),
	(36, 'ARR-84749', NULL, NULL, 'Arroz Blanco Coamo', 2.50, 87.50, 'Arroz blanco de alta calidad', NULL, NULL, NULL, 0, 1, 0, 0, 'deny', 150, 10, 1, 1, 1, 12, '2025-11-21 05:13:56', '2025-11-21 05:13:56'),
	(37, 'HAR-94472', NULL, NULL, 'Harina de Maíz Precocida Coamo', 2.20, 77.00, 'Harina de maíz precocida para arepas', NULL, NULL, NULL, 0, 1, 0, 0, 'deny', 150, 10, 1, 1, 1, 12, '2025-11-21 05:13:56', '2025-11-21 05:13:56'),
	(38, 'ARR-64433', NULL, NULL, 'Arroz Blanco Pringles', 2.60, 91.00, 'Arroz blanco de alta calidad', NULL, NULL, NULL, 0, 1, 0, 0, 'deny', 150, 10, 1, 1, 1, 13, '2025-11-21 05:13:56', '2025-11-21 05:13:56'),
	(39, 'HAR-69736', NULL, NULL, 'Harina de Maíz Precocida Pringles', 2.30, 80.50, 'Harina de maíz precocida para arepas', NULL, NULL, NULL, 0, 1, 0, 0, 'deny', 150, 10, 1, 1, 1, 13, '2025-11-21 05:13:56', '2025-11-21 05:13:56'),
	(40, 'ARR-98862', NULL, NULL, 'Arroz Blanco Tom', 2.70, 94.50, 'Arroz blanco de alta calidad', NULL, NULL, NULL, 0, 1, 0, 0, 'deny', 150, 10, 1, 1, 1, 14, '2025-11-21 05:13:56', '2025-11-21 05:13:56'),
	(41, 'HAR-27341', NULL, NULL, 'Harina de Maíz Precocida Tom', 2.40, 84.00, 'Harina de maíz precocida para arepas', NULL, NULL, NULL, 0, 1, 0, 0, 'deny', 150, 10, 1, 1, 1, 14, '2025-11-21 05:13:56', '2025-11-21 05:13:56'),
	(42, 'CHI-94826', NULL, NULL, 'Chimo el apureño', 1.43, 50.05, 'Chimo con extracto de tabaco y sabores naturales.', NULL, NULL, NULL, 0, 1, 0, 0, 'deny', 1000, 10, 1, 1, 2, 17, '2025-11-21 05:13:56', '2025-11-21 05:13:56'),
	(43, 'CHI-53032', NULL, NULL, 'Chimo El Tigrito Amarillo', 0.51, 17.85, 'Chimo El Tigrito Amarillo', NULL, NULL, NULL, 0, 1, 0, 0, 'deny', 200, 10, 1, 1, 2, 17, '2025-11-21 05:13:56', '2025-11-21 05:13:56'),
	(44, 'CIG-75268', NULL, NULL, 'Cigarrillos Nova Lucky Strike', 3.65, 127.75, 'Cigarrillos Nova Lucky Strike', NULL, NULL, NULL, 0, 1, 0, 0, 'deny', 100, 10, 1, 1, 2, 15, '2025-11-21 05:13:56', '2025-11-21 05:13:56'),
	(45, 'CIG-10525', NULL, NULL, 'Cigarrillos Lucky Strike Red', 3.39, 118.65, 'Cigarrillos Lucky Strike Red', NULL, NULL, NULL, 0, 1, 0, 0, 'deny', 100, 10, 1, 1, 2, 15, '2025-11-21 05:13:56', '2025-11-21 05:13:56'),
	(46, 'CIG-88703', NULL, NULL, 'Cigarros Eclipse Lucky Strike', 3.73, 130.55, 'Cigarros Eclipse Lucky Strike', NULL, NULL, NULL, 0, 1, 0, 0, 'deny', 100, 10, 1, 1, 2, 15, '2025-11-21 05:13:56', '2025-11-21 05:13:56'),
	(47, 'CIG-97498', NULL, NULL, 'Cigarros 10und Belmont', 1.54, 53.90, 'Cigarros Belmont 10 unidades', NULL, NULL, NULL, 0, 1, 0, 0, 'deny', 100, 10, 1, 1, 2, 16, '2025-11-21 05:13:56', '2025-11-21 05:13:56'),
	(48, 'CIG-53136', NULL, NULL, 'Cigarros 20und Belmont', 3.07, 107.45, 'Cigarros Belmont 20 unidades', NULL, NULL, NULL, 0, 1, 0, 0, 'deny', 100, 10, 1, 1, 2, 16, '2025-11-21 05:13:56', '2025-11-21 05:13:56'),
	(49, 'CIG-51542', NULL, NULL, 'Cigarrillos Grandes Pall Mall', 3.05, 106.75, 'Cigarrillos Grandes Pall Mall', NULL, NULL, NULL, 0, 1, 0, 0, 'deny', 100, 10, 1, 1, 2, 18, '2025-11-21 05:13:56', '2025-11-21 05:13:56'),
	(50, 'CIG-84279', NULL, NULL, 'Cigarros Viceroy', 2.12, 74.20, 'Cigarros Viceroy', NULL, NULL, NULL, 0, 1, 0, 0, 'deny', 100, 10, 1, 1, 2, 19, '2025-11-21 05:13:56', '2025-11-21 05:13:56'),
	(51, 'CIG-63125', NULL, NULL, 'Cigarros 20und Universal', 2.09, 73.15, 'Cigarros Universal 20 unidades', NULL, NULL, NULL, 0, 1, 0, 0, 'deny', 100, 10, 1, 1, 2, 22, '2025-11-21 05:13:56', '2025-11-21 05:13:56'),
	(52, 'CIG-91272', NULL, NULL, 'Cigarrillos Cosmic 20und', 3.73, 130.55, 'Cigarrillos Cosmic 20 unidades', NULL, NULL, NULL, 0, 1, 0, 0, 'deny', 100, 10, 1, 1, 2, 22, '2025-11-21 05:13:56', '2025-11-21 05:13:56'),
	(53, 'MAR-99584', NULL, NULL, 'Marlboro Red 20und', 4.25, 148.75, 'Cigarrillos Marlboro Red 20 unidades', NULL, NULL, NULL, 0, 1, 0, 0, 'deny', 80, 10, 1, 1, 2, 26, '2025-11-21 05:13:56', '2025-11-21 05:13:56'),
	(54, 'MAR-20471', NULL, NULL, 'Marlboro Gold 20und', 4.25, 148.75, 'Cigarrillos Marlboro Gold 20 unidades', NULL, NULL, NULL, 0, 1, 0, 0, 'deny', 75, 10, 1, 1, 2, 26, '2025-11-21 05:13:56', '2025-11-21 05:13:56'),
	(55, 'MAR-60670', NULL, NULL, 'Marlboro Menthol 20und', 4.25, 148.75, 'Cigarrillos Marlboro Menthol 20 unidades', NULL, NULL, NULL, 0, 1, 0, 0, 'deny', 70, 10, 1, 1, 2, 26, '2025-11-21 05:13:56', '2025-11-21 05:13:56'),
	(56, 'CAM-61713', NULL, NULL, 'Camel Blue 20und', 3.95, 138.25, 'Cigarrillos Camel Blue 20 unidades', NULL, NULL, NULL, 0, 1, 0, 0, 'deny', 85, 10, 1, 1, 2, 27, '2025-11-21 05:13:56', '2025-11-21 05:13:56'),
	(57, 'CAM-42385', NULL, NULL, 'Camel Yellow 20und', 3.95, 138.25, 'Cigarrillos Camel Yellow 20 unidades', NULL, NULL, NULL, 0, 1, 0, 0, 'deny', 80, 10, 1, 1, 2, 27, '2025-11-21 05:13:56', '2025-11-21 05:13:56'),
	(58, 'PRI-62606', NULL, NULL, 'Pringles Original', 2.50, 87.50, 'Papas fritas sabor original en presentación de 110g', NULL, NULL, NULL, 0, 1, 0, 0, 'deny', 180, 10, 1, 1, 3, 13, '2025-11-21 05:13:56', '2025-11-21 05:13:56'),
	(59, 'PRI-81070', NULL, NULL, 'Pringles Crema y Cebolla', 2.50, 87.50, 'Papas fritas sabor crema y cebolla en presentación de 110g', NULL, NULL, NULL, 0, 1, 0, 0, 'deny', 180, 10, 1, 1, 3, 13, '2025-11-21 05:13:56', '2025-11-21 05:13:56'),
	(60, 'PRI-79083', NULL, NULL, 'Pringles Queso Cheddar', 2.50, 87.50, 'Papas fritas sabor queso cheddar en presentación de 110g', NULL, NULL, NULL, 0, 1, 0, 0, 'deny', 180, 10, 1, 1, 3, 13, '2025-11-21 05:13:57', '2025-11-21 05:13:57'),
	(61, 'PRI-61948', NULL, NULL, 'Pringles Barbacoa BBQ', 2.50, 87.50, 'Papas fritas sabor barbacoa BBQ en presentación de 110g', NULL, NULL, NULL, 0, 1, 0, 0, 'deny', 180, 10, 1, 1, 3, 13, '2025-11-21 05:13:57', '2025-11-21 05:13:57'),
	(62, 'PRI-54900', NULL, NULL, 'Pringles Ranch', 2.50, 87.50, 'Papas fritas sabor ranch en presentación de 110g', NULL, NULL, NULL, 0, 1, 0, 0, 'deny', 180, 10, 1, 1, 3, 13, '2025-11-21 05:13:57', '2025-11-21 05:13:57'),
	(63, 'PRI-81096', NULL, NULL, 'Pringles Pizza', 2.50, 87.50, 'Papas fritas sabor pizza en presentación de 110g', NULL, NULL, NULL, 0, 1, 0, 0, 'deny', 180, 10, 1, 1, 3, 13, '2025-11-21 05:13:57', '2025-11-21 05:13:57'),
	(64, 'PRI-22822', NULL, NULL, 'Pringles Enchilada', 2.70, 94.50, 'Papas fritas sabor enchilada en presentación de 124g', NULL, NULL, NULL, 0, 1, 0, 0, 'deny', 100, 10, 1, 1, 3, 13, '2025-11-21 05:13:57', '2025-11-21 05:13:57'),
	(65, 'PRI-25450', NULL, NULL, 'Pringles Habanero', 2.70, 94.50, 'Papas fritas sabor habanero en presentación de 124g', NULL, NULL, NULL, 0, 1, 0, 0, 'deny', 100, 10, 1, 1, 3, 13, '2025-11-21 05:13:57', '2025-11-21 05:13:57'),
	(66, 'TOS-57056', NULL, NULL, 'Tostones con Ajo Tom', 1.43, 50.05, 'Deliciosos tostones con sabor a ajo', NULL, NULL, NULL, 0, 1, 0, 0, 'deny', 300, 10, 1, 1, 3, 14, '2025-11-21 05:13:57', '2025-11-21 05:13:57'),
	(67, 'TOS-92373', NULL, NULL, 'Tostones Natural Tom', 1.43, 50.05, 'Tostones naturales sin condimentos', NULL, NULL, NULL, 0, 1, 0, 0, 'deny', 300, 10, 1, 1, 3, 14, '2025-11-21 05:13:57', '2025-11-21 05:13:57'),
	(68, 'PIN-47805', NULL, NULL, 'Pin Pop Bomba Gigante 24x1', 12.50, 437.50, 'Caramelos bomba gigante caja de 24 unidades', NULL, NULL, NULL, 0, 1, 0, 0, 'deny', 30, 10, 1, 1, 3, 80, '2025-11-21 05:13:57', '2025-11-21 05:13:57'),
	(69, 'PIN-25911', NULL, NULL, 'Pin Pop Bomba Gigante 48x1', 24.00, 840.00, 'Caramelos bomba gigante caja de 48 unidades', NULL, NULL, NULL, 0, 1, 0, 0, 'deny', 15, 10, 1, 1, 3, 80, '2025-11-21 05:13:57', '2025-11-21 05:13:57'),
	(70, 'PIN-32822', NULL, NULL, 'Pin Pop Bomba Surtidos', 8.50, 297.50, 'Caramelos bomba sabores surtidos', NULL, NULL, NULL, 0, 1, 0, 0, 'deny', 40, 10, 1, 1, 3, 80, '2025-11-21 05:13:57', '2025-11-21 05:13:57'),
	(71, 'PIN-25106', NULL, NULL, 'Pin Pop Gigante Mora Fresa 24x1', 13.25, 463.75, 'Caramelos gigantes sabor mora fresa caja de 24', NULL, NULL, NULL, 0, 1, 0, 0, 'deny', 25, 10, 1, 1, 3, 80, '2025-11-21 05:13:57', '2025-11-21 05:13:57'),
	(72, 'TAM-93842', NULL, NULL, 'Tam Cikolatam 83g', 2.85, 99.75, 'Chocolate Tam Cikolatam 83g', NULL, NULL, NULL, 0, 1, 0, 0, 'deny', 60, 10, 1, 1, 3, 88, '2025-11-21 05:13:57', '2025-11-21 05:13:57'),
	(73, 'CLO-91036', NULL, NULL, 'Cloro Limpieza Extrema 1L', 2.15, 75.25, 'Cloro de limpieza extrema', NULL, NULL, NULL, 0, 1, 0, 0, 'deny', 75, 10, 1, 1, 4, 45, '2025-11-21 05:13:57', '2025-11-21 05:13:57'),
	(74, 'ALI-15607', NULL, NULL, 'Alive Azul', 2.50, 87.50, 'Detergente para todo tipo de ropa', NULL, NULL, NULL, 0, 1, 0, 0, 'deny', 180, 10, 1, 1, 4, 23, '2025-11-21 05:13:57', '2025-11-21 05:13:57'),
	(75, 'ALI-65206', NULL, NULL, 'Alive Morado', 2.50, 87.50, 'Detergente Floral', NULL, NULL, NULL, 0, 1, 0, 0, 'deny', 180, 10, 1, 1, 4, 23, '2025-11-21 05:13:57', '2025-11-21 05:13:57'),
	(76, 'ALI-49429', NULL, NULL, 'Alive Verde', 2.50, 87.50, 'Detergente Limón', NULL, NULL, NULL, 0, 1, 0, 0, 'deny', 180, 10, 1, 1, 4, 23, '2025-11-21 05:13:57', '2025-11-21 05:13:57'),
	(79, 'ALI-77756', NULL, NULL, 'Alive Blanqueador', 2.60, 91.00, 'Detergente con Blanqueador', NULL, NULL, NULL, 0, 1, 0, 0, 'deny', 100, 10, 1, 1, 4, 23, '2025-11-21 05:13:57', '2025-11-27 23:37:24'),
	(80, 'ALI-48412', NULL, NULL, 'Alive Rosado', 2.55, 89.25, 'Detergente rosado suavizante', NULL, NULL, NULL, 0, 1, 0, 0, 'deny', 100, 10, 1, 1, 4, 23, '2025-11-21 05:13:57', '2025-11-21 05:13:57'),
	(81, 'ALI-48079', NULL, NULL, 'Alive Toallas Femeninas', 3.25, 113.75, 'Toallas sanitarias femeninas', NULL, NULL, NULL, 0, 1, 0, 0, 'deny', 80, 10, 1, 1, 4, 23, '2025-11-21 05:13:57', '2025-11-21 05:13:57'),
	(82, 'TOA-77598', NULL, NULL, 'Toallas Alive Nocturnas', 3.45, 120.75, 'Toallas sanitarias nocturnas', NULL, NULL, NULL, 0, 1, 0, 0, 'deny', 70, 10, 1, 1, 4, 23, '2025-11-21 05:13:57', '2025-11-21 05:13:57'),
	(83, 'TOA-47716', NULL, NULL, 'Toallas Alive Diaria', 2.95, 103.25, 'Toallas sanitarias de uso diario', NULL, NULL, NULL, 0, 1, 0, 0, 'deny', 85, 10, 1, 1, 4, 23, '2025-11-21 05:13:57', '2025-11-21 05:13:57'),
	(84, 'OSO-17907', NULL, NULL, 'Oso Blanco Cloro Gel', 1.75, 61.25, 'Cloro Gel Desinfectante para Baño y Cocina', NULL, NULL, NULL, 0, 1, 0, 0, 'deny', 180, 10, 1, 1, 4, 24, '2025-11-21 05:13:57', '2025-11-21 05:13:57'),
	(85, 'PAP-45892', NULL, NULL, 'Papel Higienico Luciano', 1.75, 61.25, 'Papel Higienico Luciano', NULL, NULL, NULL, 0, 1, 0, 0, 'deny', 100, 10, 1, 1, 4, 24, '2025-11-21 05:13:57', '2025-11-21 05:13:57'),
	(86, 'OSO-23721', NULL, NULL, 'Oso Blanco Lavavajillas', 1.50, 52.50, 'Detergente para lavavajillas', NULL, NULL, NULL, 0, 1, 0, 0, 'deny', 180, 10, 1, 1, 4, 24, '2025-11-21 05:13:57', '2025-11-21 05:13:57'),
	(90, 'OSO-50189', NULL, NULL, 'Oso Blanco Desinfectante Lavanda', 2.25, 78.75, 'Desinfectante clorado con fragancia a lavanda', NULL, NULL, NULL, 0, 1, 0, 0, 'deny', 100, 10, 1, 1, 4, 24, '2025-11-21 05:13:57', '2025-11-21 05:13:57'),
	(91, 'OSO-18892', NULL, NULL, 'Oso Blanco Desinfectante Manzana', 2.25, 78.75, 'Desinfectante clorado con fragancia a manzana', NULL, NULL, NULL, 0, 1, 0, 0, 'deny', 100, 10, 1, 1, 4, 24, '2025-11-21 05:13:57', '2025-11-21 05:13:57'),
	(92, 'OSO-56125', NULL, NULL, 'Oso Blanco Desinfectante Cherry', 2.25, 78.75, 'Desinfectante clorado con fragancia a cereza', NULL, NULL, NULL, 0, 1, 0, 0, 'deny', 100, 10, 1, 1, 4, 24, '2025-11-21 05:13:57', '2025-11-21 05:13:57'),
	(93, 'OSO-98956', NULL, NULL, 'Oso Blanco Desinfectante Fresca Sensación', 2.25, 78.75, 'Desinfectante clorado con fragancia fresca', NULL, NULL, NULL, 0, 1, 0, 0, 'deny', 100, 10, 1, 1, 4, 24, '2025-11-21 05:13:57', '2025-11-21 05:13:57'),
	(94, 'DES-18427', NULL, NULL, 'Desinfectante Oso Blanco Intensa Floral', 2.35, 82.25, 'Desinfectante con fragancia intensa floral', NULL, NULL, NULL, 0, 1, 0, 0, 'deny', 95, 10, 1, 1, 4, 24, '2025-11-21 05:13:57', '2025-11-21 05:13:57'),
	(96, 'LIM-92667', NULL, NULL, 'Limpiapisos en Polvo Aromax', 1.85, 64.75, 'Limpiador de pisos en polvo', NULL, NULL, NULL, 0, 1, 0, 0, 'deny', 90, 10, 1, 1, 4, 72, '2025-11-21 05:13:57', '2025-11-21 05:13:57'),
	(97, 'SUA-50865', NULL, NULL, 'Suavitel Cuidado Superior Frescura de Manzana', 3.15, 110.25, 'Suavizante con fragancia a manzana', NULL, NULL, NULL, 0, 1, 0, 0, 'deny', 70, 10, 1, 1, 4, 86, '2025-11-21 05:13:57', '2025-11-21 05:13:57'),
	(98, 'SUA-17999', NULL, NULL, 'Suavitel Cuidado Superior Frescura de Primavera', 3.15, 110.25, 'Suavizante con fragancia primaveral', NULL, NULL, NULL, 0, 1, 0, 0, 'deny', 70, 10, 1, 1, 4, 86, '2025-11-21 05:13:57', '2025-11-21 05:13:57'),
	(99, 'SUA-97752', NULL, NULL, 'Suavitel Cuidado Superior Fresa y Chocolate', 3.25, 113.75, 'Suavizante con fragancia a fresa y chocolate', NULL, NULL, NULL, 0, 1, 0, 0, 'deny', 65, 10, 1, 1, 4, 86, '2025-11-21 05:13:57', '2025-11-21 05:13:57'),
	(100, 'SER-66357', NULL, NULL, 'Servilletas Blue Softy', 1.45, 50.75, 'Servilletas de papel suaves', NULL, NULL, NULL, 0, 1, 0, 0, 'deny', 120, 10, 1, 1, 4, 84, '2025-11-21 05:13:57', '2025-11-21 05:13:57'),
	(101, 'NUT-14578', NULL, NULL, 'Nutribela Biokeratina', 18.40, 644.00, 'Tratamiento capilar Biokeratina 300ml', NULL, NULL, NULL, 0, 1, 0, 0, 'deny', 150, 10, 1, 1, 5, 25, '2025-11-21 05:13:57', '2025-11-21 05:13:57'),
	(102, 'NUT-47040', NULL, NULL, 'Nutribela Enzimoterapia', 18.40, 644.00, 'Tratamiento capilar Enzimoterapia 300ml', NULL, NULL, NULL, 0, 1, 0, 0, 'deny', 150, 10, 1, 1, 5, 25, '2025-11-21 05:13:57', '2025-11-28 03:00:28'),
	(103, 'NUT-26680', NULL, NULL, 'Nutribela Células Madres', 18.40, 644.00, 'Tratamiento capilar Células Madres 300ml', NULL, NULL, NULL, 0, 1, 0, 0, 'deny', 150, 10, 1, 1, 5, 25, '2025-11-21 05:13:57', '2025-11-21 05:13:57'),
	(104, 'NUT-77170', NULL, NULL, 'Nutribela Pro Hialurónico', 18.40, 644.00, 'Tratamiento capilar Pro Hialurónico 300ml', NULL, NULL, NULL, 0, 1, 0, 0, 'deny', 150, 10, 1, 1, 5, 25, '2025-11-21 05:13:57', '2025-11-21 05:13:57'),
	(107, 'NUT-39766', NULL, NULL, 'Nutribela Nutrición Avanzada', 18.40, 644.00, 'Tratamiento capilar Nutrición Avanzada 300ml', NULL, NULL, NULL, 0, 1, 0, 0, 'deny', 150, 10, 1, 1, 5, 25, '2025-11-21 05:13:57', '2025-11-21 05:13:57'),
	(108, 'NUT-65050', NULL, NULL, 'Nutribela Repolarización en Frío', 18.40, 644.00, 'Tratamiento capilar Repolarización en Frío 300ml', NULL, NULL, NULL, 0, 1, 0, 0, 'deny', 150, 10, 1, 1, 5, 25, '2025-11-21 05:13:57', '2025-11-21 05:13:57'),
	(109, 'NUT-96273', NULL, NULL, 'Nutribella15 Acondicionador 12x15ml Con células madres', 16.50, 577.50, 'Acondicionador con células madres 12 sobres de 15ml', NULL, NULL, NULL, 0, 1, 0, 0, 'deny', 80, 10, 1, 1, 5, 25, '2025-11-21 05:13:57', '2025-11-21 05:13:57'),
	(110, 'NUT-25175', NULL, NULL, 'Nutribella15 Shampoo 12x15ml Reparación Intensiva', 15.50, 542.50, 'Shampoo reparación intensiva 12 sobres de 15ml', NULL, NULL, NULL, 0, 1, 0, 0, 'deny', 85, 10, 1, 1, 5, 25, '2025-11-21 05:13:57', '2025-11-21 05:13:57'),
	(111, 'NUT-42570', NULL, NULL, 'Nutribella15 Tratamiento Capilar 12x1', 18.75, 656.25, 'Tratamiento capilar 12 unidades', NULL, NULL, NULL, 0, 1, 0, 0, 'deny', 60, 10, 1, 1, 5, 25, '2025-11-21 05:13:57', '2025-11-21 05:13:57'),
	(112, 'NUT-49899', NULL, NULL, 'Nutribella15 Acondicionador 12x15ml Enzimoterapia', 16.50, 577.50, 'Acondicionador enzimoterapia 12 sobres de 15ml', NULL, NULL, NULL, 0, 1, 0, 0, 'deny', 80, 10, 1, 1, 5, 25, '2025-11-21 05:13:57', '2025-11-21 05:13:57'),
	(113, 'NUT-50163', NULL, NULL, 'Nutribella15 Acondicionador 12x15ml Pro hialurónico', 16.50, 577.50, 'Acondicionador pro hialurónico 12 sobres de 15ml', NULL, NULL, NULL, 0, 1, 0, 0, 'deny', 80, 10, 1, 1, 5, 25, '2025-11-21 05:13:57', '2025-11-21 05:13:57'),
	(114, 'NUT-59860', NULL, NULL, 'Nutribella15 Acondicionador 12x15ml Reparación Intensiva', 16.50, 577.50, 'Acondicionador reparación intensiva 12 sobres de 15ml', NULL, NULL, NULL, 0, 1, 0, 0, 'deny', 80, 10, 1, 1, 5, 25, '2025-11-21 05:13:57', '2025-11-21 05:13:57'),
	(115, 'NUT-52390', NULL, NULL, 'Nutribella15 Acondicionador 12x18ml Pro hialurónico', 17.50, 612.50, 'Acondicionador pro hialurónico 12 sobres de 18ml', NULL, NULL, NULL, 0, 1, 0, 0, 'deny', 75, 10, 1, 1, 5, 25, '2025-11-21 05:13:57', '2025-11-21 05:13:57'),
	(118, 'NUT-55745', NULL, NULL, 'Nutribella15 Shampoo 12x18ml Enzimoterapia', 16.50, 577.50, 'Shampoo enzimoterapia 12 sobres de 18ml', NULL, NULL, NULL, 0, 1, 0, 0, 'deny', 80, 10, 1, 1, 5, 25, '2025-11-21 05:13:57', '2025-11-21 05:13:57'),
	(121, 'NUT-41832', NULL, NULL, 'Nutribella15 Tratamiento Capilar 12x24ml Enzimoterapia', 19.50, 682.50, 'Tratamiento capilar enzimoterapia 12 sobres de 24ml', NULL, NULL, NULL, 0, 1, 0, 0, 'deny', 55, 10, 1, 1, 5, 25, '2025-11-21 05:13:57', '2025-11-21 07:57:38'),
	(122, 'ALI-69648', NULL, NULL, 'Alident Gel Triple Acción', 2.85, 99.75, 'Pasta dental gel triple acción', NULL, NULL, NULL, 0, 1, 0, 0, 'deny', 80, 10, 1, 1, 5, 53, '2025-11-21 05:13:57', '2025-11-21 05:13:57'),
	(123, 'ALI-12778', NULL, NULL, 'Alident Gel Azul', 2.75, 96.25, 'Pasta dental gel verde azul', NULL, NULL, NULL, 0, 1, 0, 0, 'deny', 85, 10, 1, 1, 5, 53, '2025-11-21 05:13:57', '2025-11-28 01:11:40'),
	(124, 'ALI-12940', NULL, NULL, 'Alident Gel Verde Fresco', 2.75, 96.25, 'Pasta dental gel verde fresco', NULL, NULL, NULL, 0, 1, 0, 0, 'deny', 85, 10, 1, 1, 5, 53, '2025-11-21 05:13:57', '2025-11-21 05:13:57'),
	(125, 'COL-49908', NULL, NULL, 'Colgate 12 x 90g', 28.50, 997.50, 'Pasta dental Colgate caja de 12 tubos de 90g', NULL, NULL, NULL, 0, 1, 0, 0, 'deny', 20, 10, 1, 1, 5, 58, '2025-11-21 05:13:57', '2025-11-21 05:13:57'),
	(126, 'LAD-29465', NULL, NULL, 'Lady Speed Stick 18g', 3.45, 120.75, 'Desodorante femenino en barra', NULL, NULL, NULL, 0, 1, 0, 0, 'deny', 60, 10, 1, 1, 5, 71, '2025-11-21 05:13:57', '2025-11-21 05:13:57'),
	(127, 'SPE-49574', NULL, NULL, 'Speed Stick 18g', 3.25, 113.75, 'Desodorante masculino en barra', NULL, NULL, NULL, 0, 1, 0, 0, 'deny', 65, 10, 1, 1, 5, 85, '2025-11-21 05:13:57', '2025-11-21 05:13:57'),
	(128, 'JAB-28724', NULL, NULL, 'Jabón Anita Rosado', 1.15, 40.25, 'Jabón de tocador rosado', NULL, NULL, NULL, 0, 1, 0, 0, 'deny', 100, 10, 1, 1, 5, 67, '2025-11-21 05:13:57', '2025-11-21 05:13:57'),
	(129, 'JAB-10351', NULL, NULL, 'Jabón Frita Azul', 1.25, 43.75, 'Jabón de tocador azul', NULL, NULL, NULL, 0, 1, 0, 0, 'deny', 95, 10, 1, 1, 5, 68, '2025-11-21 05:13:57', '2025-11-21 05:13:57'),
	(130, 'COC-72317', NULL, NULL, 'Coca Cola Original 350ml', 1.25, 43.75, 'Bebida gaseosa sabor cola', NULL, NULL, NULL, 0, 1, 0, 0, 'deny', 5000, 10, 1, 1, 6, 34, '2025-11-21 05:13:57', '2025-11-21 05:50:55'),
	(131, 'COC-34272', NULL, NULL, 'Coca Cola Original 355ml', 1.30, 45.50, 'Bebida gaseosa sabor cola lata', NULL, NULL, NULL, 0, 1, 0, 0, 'deny', 120, 10, 1, 1, 6, 34, '2025-11-21 05:13:57', '2025-11-21 05:13:57'),
	(135, 'PEP-66089', NULL, NULL, 'Pepsi Original 350ml', 1.20, 42.00, 'Bebida gaseosa sabor cola', NULL, NULL, NULL, 0, 1, 0, 0, 'deny', 100, 10, 1, 1, 6, 35, '2025-11-21 05:13:57', '2025-11-21 05:13:57'),
	(136, 'PEP-35958', NULL, NULL, 'Pepsi Original 500ml', 1.70, 59.50, 'Bebida gaseosa sabor cola', NULL, NULL, NULL, 0, 1, 0, 0, 'deny', 80, 10, 1, 1, 6, 35, '2025-11-21 05:13:57', '2025-11-21 05:13:57'),
	(137, 'REF-58765', NULL, NULL, 'Refresco Pepsi Cola', 1.30, 45.50, 'Refresco Pepsi Cola', NULL, NULL, NULL, 0, 1, 0, 0, 'deny', 410, 10, 1, 1, 6, 35, '2025-11-21 05:13:57', '2025-11-21 05:13:57'),
	(138, 'SPR-32876', NULL, NULL, 'Sprite Original 350ml', 1.25, 43.75, 'Bebida gaseosa sabor limón', NULL, NULL, NULL, 0, 1, 0, 0, 'deny', 100, 10, 1, 1, 6, 36, '2025-11-21 05:13:57', '2025-11-21 05:13:57'),
	(139, 'SPR-90957', NULL, NULL, 'Sprite Original 500ml', 1.75, 61.25, 'Bebida gaseosa sabor limón', NULL, NULL, NULL, 0, 1, 0, 0, 'deny', 80, 10, 1, 1, 6, 36, '2025-11-21 05:13:57', '2025-11-21 05:13:57'),
	(140, 'FAN-91903', NULL, NULL, 'Fanta Naranja 350ml', 1.25, 43.75, 'Bebida gaseosa sabor naranja', NULL, NULL, NULL, 0, 1, 0, 0, 'deny', 100, 10, 1, 1, 6, 37, '2025-11-21 05:13:57', '2025-11-21 05:13:57'),
	(141, 'FAN-13196', NULL, NULL, 'Fanta Uva 350ml', 1.25, 43.75, 'Bebida gaseosa sabor uva', NULL, NULL, NULL, 0, 1, 0, 0, 'deny', 90, 10, 1, 1, 6, 37, '2025-11-21 05:13:57', '2025-11-21 05:13:57'),
	(142, 'MAL-28648', NULL, NULL, 'Malta Retornable 36x222ml Maltil Polar', 28.50, 997.50, 'Malta en envase retornable caja de 36 unidades', NULL, NULL, NULL, 0, 1, 0, 0, 'deny', 20, 10, 0, 1, 6, 1, '2025-11-21 05:13:57', '2025-11-21 07:12:38'),
	(143, 'MAL-17060', NULL, NULL, 'Malta Desechable 12x250ml Maltin Polar', 12.75, 446.25, 'Malta en envase desechable caja de 12 unidades', NULL, NULL, NULL, 0, 1, 0, 0, 'deny', 30, 10, 0, 1, 6, 1, '2025-11-21 05:13:57', '2025-11-21 07:12:39'),
	(144, 'MAL-35399', NULL, NULL, 'Malta de Lata 24x330ml Maltin Polar', 22.80, 798.00, 'Malta en lata caja de 24 unidades', NULL, NULL, NULL, 0, 1, 0, 0, 'deny', 25, 10, 0, 1, 6, 1, '2025-11-21 05:13:57', '2025-11-21 07:12:41'),
	(145, 'MAL-38613', NULL, NULL, 'Malta 355 ml Maltin Polar', 2.85, 99.75, 'Malta en botella de 1.5 litros', NULL, NULL, NULL, 0, 1, 0, 0, 'deny', 60, 10, 1, 1, 6, 1, '2025-11-21 05:13:57', '2025-11-21 07:13:32'),
	(146, 'MAL-32511', NULL, NULL, 'Maltin 355ml', 1.15, 40.25, 'Malta en lata de 355ml', NULL, NULL, NULL, 0, 1, 0, 0, 'deny', 100, 10, 0, 1, 6, 1, '2025-11-21 05:13:57', '2025-11-21 07:12:44'),
	(147, 'LEC-91426', NULL, NULL, 'Leche Líquida Carabobo Entera', 1.95, 68.25, 'Leche líquida entera pasteurizada', NULL, NULL, NULL, 0, 1, 0, 0, 'deny', 80, 10, 1, 1, 6, 47, '2025-11-21 05:13:57', '2025-11-21 06:57:14'),
	(148, 'LEC-41496', NULL, NULL, 'Leche Líquida Carabobo Descremada', 1.90, 66.50, 'Leche líquida descremada pasteurizada', NULL, NULL, NULL, 0, 1, 0, 0, 'deny', 75, 10, 0, 1, 6, 47, '2025-11-21 05:13:57', '2025-11-21 06:57:16'),
	(149, 'LEC-79243', NULL, NULL, 'Leche Líquida Carabobo Semi-descremada', 1.92, 67.20, 'Leche líquida semi-descremada pasteurizada', NULL, NULL, NULL, 0, 1, 0, 0, 'deny', 70, 10, 0, 1, 6, 47, '2025-11-21 05:13:57', '2025-11-21 06:55:28'),
	(150, 'REF-36194', NULL, NULL, 'Refresco Frut Cola 2L', 1.65, 57.75, 'Refresco sabor cola en botella de 2 litros', NULL, NULL, NULL, 0, 1, 0, 0, 'deny', 50, 10, 1, 1, 6, 48, '2025-11-21 05:13:57', '2025-11-21 05:13:57'),
	(151, 'AGU-86352', NULL, NULL, 'Agua Natural Minalba', 0.85, 29.75, 'Agua mineral natural en botella', NULL, NULL, NULL, 0, 1, 0, 0, 'deny', 120, 10, 1, 1, 6, 49, '2025-11-21 05:13:57', '2025-11-28 03:11:14'),
	(152, 'AGU-29154', NULL, NULL, 'Agua Mineral Cool 1L', 1.25, 43.75, 'Agua mineral natural en botella de 1 litro', NULL, NULL, NULL, 0, 1, 0, 0, 'deny', 100, 10, 1, 1, 6, 50, '2025-11-21 05:13:57', '2025-11-21 05:13:57'),
	(154, 'AGU-24516', NULL, NULL, 'Agua Vista 1.5L', 1.45, 50.75, 'Agua purificada en botella de 1.5 litros', NULL, NULL, NULL, 0, 1, 0, 0, 'deny', 5000, 10, 1, 1, 6, 51, '2025-11-21 05:13:57', '2025-11-21 05:41:20'),
	(161, 'FRU-88885', NULL, NULL, 'Frubys Manzana 12x1.5L', 18.50, 647.50, 'Jugo de manzana caja de 12 botellas de 1.5L', NULL, NULL, NULL, 0, 1, 0, 0, 'deny', 15, 10, 1, 1, 6, 62, '2025-11-21 05:13:57', '2025-11-21 05:13:57'),
	(162, 'FRU-34704', NULL, NULL, 'Frubys Pera 12x1.5L', 18.50, 647.50, 'Jugo de pera caja de 12 botellas de 1.5L', NULL, NULL, NULL, 0, 1, 0, 0, 'deny', 15, 10, 1, 1, 6, 62, '2025-11-21 05:13:57', '2025-11-21 05:13:57'),
	(163, 'FRU-33300', NULL, NULL, 'Frutea Limón 1.5L', 2.25, 78.75, 'Té helado sabor limón', NULL, NULL, NULL, 0, 1, 0, 0, 'deny', 60, 10, 1, 1, 6, 63, '2025-11-21 05:13:57', '2025-11-21 05:13:57'),
	(164, 'FRU-92534', NULL, NULL, 'Frutea Durazno 1.5L', 2.25, 78.75, 'Té helado sabor durazno', NULL, NULL, NULL, 0, 1, 0, 0, 'deny', 60, 10, 1, 1, 6, 63, '2025-11-21 05:13:57', '2025-11-21 05:13:57'),
	(165, 'FRU-34892', NULL, NULL, 'Fruttsy Passion 250ml', 1.15, 40.25, 'Bebida de fruta de la pasión', NULL, NULL, NULL, 0, 1, 0, 0, 'deny', 80, 10, 1, 1, 6, 64, '2025-11-21 05:13:57', '2025-11-21 05:13:57'),
	(166, 'FRU-15605', NULL, NULL, 'Fruttsy Frutos Rojos 250ml', 1.15, 40.25, 'Bebida de frutos rojos', NULL, NULL, NULL, 0, 1, 0, 0, 'deny', 5000, 10, 1, 1, 6, 64, '2025-11-21 05:13:57', '2025-11-21 06:22:04'),
	(167, 'FRU-69733', NULL, NULL, 'Fruttsy Naranja 250ml', 1.15, 40.25, 'Bebida de naranja', NULL, NULL, NULL, 0, 1, 0, 0, 'deny', 80, 10, 1, 1, 6, 64, '2025-11-21 05:13:57', '2025-11-21 05:13:57'),
	(168, 'JUG-25611', NULL, NULL, 'Jugo Fruttsy Frutos Rojos 24x250ml', 24.00, 840.00, 'Jugo frutos rojos caja de 24 unidades de 250ml', NULL, NULL, NULL, 0, 1, 0, 0, 'deny', 15, 10, 0, 1, 6, 64, '2025-11-21 05:13:57', '2025-11-21 06:30:05'),
	(169, 'FRU-90794', NULL, NULL, 'Frutys Durazno 1.5L', 2.15, 75.25, 'Néctar de durazno', NULL, NULL, NULL, 0, 1, 0, 0, 'deny', 50, 10, 1, 1, 6, 65, '2025-11-21 05:13:57', '2025-11-21 05:13:57'),
	(170, 'FRU-51996', NULL, NULL, 'Frutys Naranja 1.5L', 2.15, 75.25, 'Néctar de naranja', NULL, NULL, NULL, 0, 1, 0, 0, 'deny', 50, 10, 1, 1, 6, 65, '2025-11-21 05:13:57', '2025-11-21 05:13:57'),
	(171, 'FRU-70191', NULL, NULL, 'Frutys Mandarina 1.5L', 2.15, 75.25, 'Néctar de mandarina', NULL, NULL, NULL, 0, 1, 0, 0, 'deny', 50, 10, 1, 1, 6, 65, '2025-11-21 05:13:57', '2025-11-21 05:13:57'),
	(172, 'JUG-69863', NULL, NULL, 'Jugos El Valle Naranja 1.5L', 2.85, 99.75, 'Jugo de naranja natural', NULL, NULL, NULL, 0, 1, 0, 0, 'deny', 45, 10, 1, 1, 6, 70, '2025-11-21 05:13:57', '2025-11-21 05:13:57'),
	(173, 'LIP-63223', NULL, NULL, 'Lipton Ice Tea Durazno 500ml', 1.85, 64.75, 'Té helado sabor durazno', NULL, NULL, NULL, 0, 1, 0, 0, 'deny', 70, 10, 1, 1, 6, 73, '2025-11-21 05:13:57', '2025-11-21 05:13:57'),
	(174, 'LIP-90376', NULL, NULL, 'Lipton Ice Tea Limón 500ml', 1.85, 64.75, 'Té helado sabor limón', NULL, NULL, NULL, 0, 1, 0, 0, 'deny', 70, 10, 1, 1, 6, 73, '2025-11-21 05:13:57', '2025-11-21 05:13:57'),
	(175, 'JUC-59421', NULL, NULL, 'Jucosa Refrescante Pera', 1.95, 68.25, 'Bebida refrescante sabor pera', NULL, NULL, NULL, 0, 1, 0, 0, 'deny', 60, 10, 1, 1, 6, 69, '2025-11-21 05:13:57', '2025-11-21 06:53:40'),
	(176, 'JUC-91999', NULL, NULL, 'Jucosa Refrescante Manzana', 1.95, 68.25, 'Bebida refrescante sabor manzana', NULL, NULL, NULL, 0, 1, 0, 0, 'deny', 60, 10, 1, 1, 6, 69, '2025-11-21 05:13:57', '2025-11-21 05:13:57'),
	(177, 'NAT-54114', NULL, NULL, 'Natulac Pera', 1.75, 61.25, 'Bebida láctea sabor pera', NULL, NULL, NULL, 0, 1, 0, 0, 'deny', 65, 10, 1, 1, 6, 76, '2025-11-21 05:13:57', '2025-11-21 05:13:57'),
	(178, 'JUG-37861', NULL, NULL, 'Jugo Natulac Manzana', 1.85, 64.75, 'Jugo de manzana', NULL, NULL, NULL, 0, 1, 0, 0, 'deny', 60, 10, 1, 1, 6, 76, '2025-11-21 05:13:57', '2025-11-21 05:13:57'),
	(179, 'JUG-16849', NULL, NULL, 'Jugo Natulac Durazno', 1.85, 64.75, 'Jugo de durazno', NULL, NULL, NULL, 0, 1, 0, 0, 'deny', 60, 10, 1, 1, 6, 76, '2025-11-21 05:13:57', '2025-11-21 05:13:57'),
	(180, 'JUG-51918', NULL, NULL, 'Jugo Valencia Coctel', 2.25, 78.75, 'Jugo coctel de frutas', NULL, NULL, NULL, 0, 1, 0, 0, 'deny', 50, 10, 1, 1, 6, 94, '2025-11-21 05:13:57', '2025-11-21 05:13:57'),
	(181, 'JUG-46481', NULL, NULL, 'Jugo Valencia Naranjada', 2.15, 75.25, 'Jugo de naranja', NULL, NULL, NULL, 0, 1, 0, 0, 'deny', 55, 10, 1, 1, 6, 94, '2025-11-21 05:13:57', '2025-11-21 05:13:57'),
	(182, 'JUG-58856', NULL, NULL, 'Jugo Valencia Durazno', 2.20, 77.00, 'Jugo de durazno', NULL, NULL, NULL, 0, 1, 0, 0, 'deny', 50, 10, 1, 1, 6, 94, '2025-11-21 05:13:57', '2025-11-21 05:13:57'),
	(183, 'JUG-25697', NULL, NULL, 'Jugo Valencia Pera', 2.20, 77.00, 'Jugo de pera', NULL, NULL, NULL, 0, 1, 0, 0, 'deny', 50, 10, 1, 1, 6, 94, '2025-11-21 05:13:57', '2025-11-21 05:13:57'),
	(184, 'JUG-91393', NULL, NULL, 'Jugo Justy Naranja', 1.95, 68.25, 'Jugo de naranja natural', NULL, NULL, NULL, 0, 1, 0, 0, 'deny', 65, 10, 1, 1, 6, 95, '2025-11-21 05:13:57', '2025-11-21 05:13:57'),
	(185, 'JUG-78217', NULL, NULL, 'Jugo Speed', 2.45, 85.75, 'Bebida energética de frutas', NULL, NULL, NULL, 0, 1, 0, 0, 'deny', 70, 10, 1, 1, 6, 96, '2025-11-21 05:13:57', '2025-11-21 05:13:57'),
	(186, 'JUG-97813', NULL, NULL, 'Jugo Speed Lata', 1.85, 64.75, 'Bebida energética de frutas en lata', NULL, NULL, NULL, 0, 1, 0, 0, 'deny', 80, 10, 1, 1, 6, 96, '2025-11-21 05:13:57', '2025-11-21 05:13:57'),
	(187, 'POW-14699', NULL, NULL, 'Power Max 400ml', 2.45, 85.75, 'Bebida energética', NULL, NULL, NULL, 0, 1, 0, 0, 'deny', 50, 10, 1, 1, 6, 81, '2025-11-21 05:13:57', '2025-11-21 05:13:57'),
	(188, 'ALD-96899', NULL, NULL, 'Aldor Tamarindo 100x1', 45.00, 1575.00, 'Bebida de tamarindo caja de 100 unidades', NULL, NULL, NULL, 0, 1, 0, 0, 'deny', 10, 10, 1, 1, 6, 52, '2025-11-21 05:13:57', '2025-11-21 05:13:57'),
	(189, 'JUG-72087', NULL, NULL, 'Jugo Fruton Fruit Punch 6x1.5L', 12.50, 437.50, 'Jugo fruit punch caja de 6 botellas de 1.5L', NULL, NULL, NULL, 0, 1, 0, 0, 'deny', 25, 10, 1, 1, 6, 91, '2025-11-21 05:13:57', '2025-11-21 05:13:57'),
	(190, 'JUG-59168', NULL, NULL, 'Jugo Fruton Citrus Punch 6x1.5L', 12.50, 437.50, 'Jugo citrus punch caja de 6 botellas de 1.5L', NULL, NULL, NULL, 0, 1, 0, 0, 'deny', 25, 10, 1, 1, 6, 91, '2025-11-21 05:13:57', '2025-11-21 05:13:57'),
	(191, 'GLU-48302', NULL, NULL, 'Glup Naranja', 0.95, 33.25, 'Refresco sabor naranja', NULL, NULL, NULL, 0, 1, 0, 0, 'deny', 310, 10, 1, 1, 6, 92, '2025-11-21 05:13:57', '2025-11-21 05:13:57'),
	(192, 'GLU-33705', NULL, NULL, 'Glup Limón', 0.95, 33.25, 'Refresco sabor limón', NULL, NULL, NULL, 0, 1, 0, 0, 'deny', 310, 10, 1, 1, 6, 92, '2025-11-21 05:13:57', '2025-11-21 05:13:57'),
	(193, 'GLU-12974', NULL, NULL, 'Glup Uva', 0.95, 33.25, 'Refresco sabor uva', NULL, NULL, NULL, 0, 1, 0, 0, 'deny', 290, 10, 1, 1, 6, 92, '2025-11-21 05:13:57', '2025-11-21 05:13:57'),
	(194, 'GLU-83887', NULL, NULL, 'Glup Manzana', 0.95, 33.25, 'Refresco sabor manzana', NULL, NULL, NULL, 0, 1, 0, 0, 'deny', 290, 10, 1, 1, 6, 92, '2025-11-21 05:13:57', '2025-11-21 05:13:57'),
	(195, 'GLU-89143', NULL, NULL, 'Glup Tropical', 1.00, 35.00, 'Refresco sabor tropical', NULL, NULL, NULL, 0, 1, 0, 0, 'deny', 270, 10, 1, 1, 6, 92, '2025-11-21 05:13:57', '2025-11-21 05:13:57'),
	(196, 'GLU-39473', NULL, NULL, 'Glup Fresa', 1.00, 35.00, 'Refresco sabor fresa', NULL, NULL, NULL, 0, 1, 0, 0, 'deny', 270, 10, 1, 1, 6, 92, '2025-11-21 05:13:57', '2025-11-21 05:13:57'),
	(197, 'GLU-99572', NULL, NULL, 'Glup Cola Negra', 1.05, 36.75, 'Refresco sabor cola negra', NULL, NULL, NULL, 0, 1, 0, 0, 'deny', 250, 10, 1, 1, 6, 92, '2025-11-21 05:13:57', '2025-11-21 05:13:57'),
	(198, 'GLU-61456', NULL, NULL, 'Glup Colita', 1.05, 36.75, 'Refresco sabor colita', NULL, NULL, NULL, 0, 1, 0, 0, 'deny', 250, 10, 1, 1, 6, 92, '2025-11-21 05:13:57', '2025-11-21 05:13:57'),
	(199, 'GLU-99931', NULL, NULL, 'Glup Fresh', 1.05, 36.75, 'Refresco sabor fresh', NULL, NULL, NULL, 0, 1, 0, 0, 'deny', 250, 10, 1, 1, 6, 92, '2025-11-21 05:13:57', '2025-11-21 05:13:57'),
	(200, 'GAT-95827', NULL, NULL, 'Gatorade Azul', 2.85, 99.75, 'Bebida deportiva sabor azul', NULL, NULL, NULL, 0, 1, 0, 0, 'deny', 100, 10, 1, 1, 6, 97, '2025-11-21 05:13:57', '2025-11-21 05:13:57'),
	(201, 'GAT-15871', NULL, NULL, 'Gatorade Mandarina', 2.85, 99.75, 'Bebida deportiva sabor mandarina', NULL, NULL, NULL, 0, 1, 0, 0, 'deny', 100, 10, 1, 1, 6, 97, '2025-11-21 05:13:57', '2025-11-21 05:13:57'),
	(202, 'GAT-78935', NULL, NULL, 'Gatorade Tropical', 2.85, 99.75, 'Bebida deportiva sabor tropical', NULL, NULL, NULL, 0, 1, 0, 0, 'deny', 100, 10, 1, 1, 6, 97, '2025-11-21 05:13:57', '2025-11-21 05:13:57'),
	(203, 'AGU-80772', NULL, NULL, 'Agua Mineral Mi Brisa', 0.75, 26.25, 'Agua mineral natural', NULL, NULL, NULL, 0, 1, 0, 0, 'deny', 650, 10, 1, 1, 6, 98, '2025-11-21 05:13:57', '2025-11-21 05:13:57'),
	(204, 'AGU-70819', NULL, NULL, 'Agua Mineral Heal', 0.80, 28.00, 'Agua mineral purificada', NULL, NULL, NULL, 0, 1, 0, 0, 'deny', 650, 10, 1, 1, 6, 99, '2025-11-21 05:13:57', '2025-11-21 05:13:57'),
	(205, 'REF-55208', NULL, NULL, 'Refresco Golden Colita', 1.15, 40.25, 'Refresco sabor colita', NULL, NULL, NULL, 0, 1, 0, 0, 'deny', 410, 10, 1, 1, 6, 100, '2025-11-21 05:13:57', '2025-11-21 05:13:57'),
	(206, 'REF-45290', NULL, NULL, 'Refresco Golden Piña', 1.15, 40.25, 'Refresco sabor piña', NULL, NULL, NULL, 0, 1, 0, 0, 'deny', 410, 10, 1, 1, 6, 100, '2025-11-21 05:13:57', '2025-11-21 05:13:57'),
	(207, 'REF-31242', NULL, NULL, 'Refresco Golden Manzana', 1.15, 40.25, 'Refresco sabor manzana', NULL, NULL, NULL, 0, 1, 0, 0, 'deny', 410, 10, 1, 1, 6, 100, '2025-11-21 05:13:57', '2025-11-21 05:13:57'),
	(208, 'REF-76921', NULL, NULL, 'Refresco Golden 7UP', 1.25, 43.75, 'Refresco sabor lima limón', NULL, NULL, NULL, 0, 1, 0, 0, 'deny', 410, 10, 1, 1, 6, 100, '2025-11-21 05:13:57', '2025-11-21 05:13:57'),
	(209, 'REF-35442', NULL, NULL, 'Refresco Frescolita', 1.35, 47.25, 'Refresco sabor fresa', NULL, NULL, NULL, 0, 1, 0, 0, 'deny', 360, 10, 1, 1, 6, 101, '2025-11-21 05:13:57', '2025-11-21 05:13:57'),
	(210, 'REF-61449', NULL, NULL, 'Refresco Chinotto', 1.45, 50.75, 'Refresco sabor chinotto', NULL, NULL, NULL, 0, 1, 0, 0, 'deny', 320, 10, 1, 1, 6, 102, '2025-11-21 05:13:57', '2025-11-21 05:13:57'),
	(211, 'REF-99399', NULL, NULL, 'Refresco Hit Naranja', 1.25, 43.75, 'Refresco sabor naranja', NULL, NULL, NULL, 0, 1, 0, 0, 'deny', 410, 10, 1, 1, 6, 103, '2025-11-21 05:13:57', '2025-11-21 05:13:57'),
	(212, 'REF-79830', NULL, NULL, 'Refresco Hit Uva', 1.25, 43.75, 'Refresco sabor uva', NULL, NULL, NULL, 0, 1, 0, 0, 'deny', 410, 10, 1, 1, 6, 103, '2025-11-21 05:13:57', '2025-11-21 05:13:57'),
	(215, 'DOR-29446', NULL, NULL, 'Doritos Mega Queso', 2.45, 85.75, 'Tortilla chips mega queso', NULL, NULL, NULL, 0, 1, 0, 0, 'deny', 70, 10, 1, 1, 7, 28, '2025-11-21 05:13:57', '2025-11-21 05:13:57'),
	(216, 'CHE-78983', NULL, NULL, 'Cheese Tris 50g', 1.25, 43.75, 'Snack de queso triangular', NULL, NULL, NULL, 0, 1, 0, 0, 'deny', 100, 10, 1, 1, 7, 56, '2025-11-21 05:13:57', '2025-11-21 05:13:57'),
	(217, 'PUF-70934', NULL, NULL, 'Puffy Sabor a Pimienta con Limón', 1.15, 40.25, 'Snack inflado sabor pimienta limón', NULL, NULL, NULL, 0, 1, 0, 0, 'deny', 90, 10, 1, 1, 7, 89, '2025-11-21 05:13:57', '2025-11-21 05:13:57'),
	(218, 'PUF-62852', NULL, NULL, 'Puffy Sabor a Queso', 1.15, 40.25, 'Snack inflado sabor queso', NULL, NULL, NULL, 0, 1, 0, 0, 'deny', 90, 10, 1, 1, 7, 89, '2025-11-21 05:13:57', '2025-11-21 05:13:57'),
	(219, 'PUF-10480', NULL, NULL, 'Puffy Sabor a Tomate con Albahaca', 1.15, 40.25, 'Snack inflado sabor tomate albahaca', NULL, NULL, NULL, 0, 1, 0, 0, 'deny', 85, 10, 1, 1, 7, 89, '2025-11-21 05:13:57', '2025-11-21 05:13:57'),
	(220, 'SAL-75366', NULL, NULL, 'Saltitacos', 1.35, 47.25, 'Snack salado tipo taco', NULL, NULL, NULL, 0, 1, 0, 0, 'deny', 80, 10, 1, 1, 7, 90, '2025-11-21 05:13:57', '2025-11-21 05:13:57'),
	(221, 'LAY-32461', NULL, NULL, 'Lays Clásicas', 1.85, 64.75, 'Papas fritas clásicas con sal', NULL, NULL, NULL, 0, 1, 0, 0, 'deny', 90, 10, 1, 1, 7, 29, '2025-11-21 05:13:57', '2025-11-21 05:13:57'),
	(222, 'LAY-36539', NULL, NULL, 'Lays Limón', 1.85, 64.75, 'Papas fritas sabor limón', NULL, NULL, NULL, 0, 1, 0, 0, 'deny', 85, 10, 1, 1, 7, 29, '2025-11-21 05:13:57', '2025-11-21 05:13:57'),
	(223, 'RUF-10903', NULL, NULL, 'Ruffles Original', 2.10, 73.50, 'Papas fritas onduladas originales', NULL, NULL, NULL, 0, 1, 0, 0, 'deny', 80, 10, 1, 1, 7, 30, '2025-11-21 05:13:57', '2025-11-21 05:13:57'),
	(224, 'RUF-16260', NULL, NULL, 'Ruffles Queso y Cebolla', 2.10, 73.50, 'Papas fritas onduladas sabor queso y cebolla', NULL, NULL, NULL, 0, 1, 0, 0, 'deny', 75, 10, 1, 1, 7, 30, '2025-11-21 05:13:57', '2025-11-21 05:13:57'),
	(225, 'CHE-61807', NULL, NULL, 'Cheetos Crunchy', 1.95, 68.25, 'Snacks de maíz sabor queso cheddar', NULL, NULL, NULL, 0, 1, 0, 0, 'deny', 85, 10, 1, 1, 7, 31, '2025-11-21 05:13:57', '2025-11-21 05:13:57'),
	(226, 'CHE-36232', NULL, NULL, 'Cheetos Flamin Hot', 1.95, 68.25, 'Snacks de maíz sabor picante', NULL, NULL, NULL, 0, 1, 0, 0, 'deny', 80, 10, 1, 1, 7, 31, '2025-11-21 05:13:57', '2025-11-21 05:13:57'),
	(227, 'ORE-60978', NULL, NULL, 'Oreo Original', 2.50, 87.50, 'Galletas de chocolate con crema', NULL, NULL, NULL, 0, 1, 0, 0, 'deny', 70, 10, 1, 1, 7, 32, '2025-11-21 05:13:57', '2025-11-21 05:13:57'),
	(228, 'ORE-20067', NULL, NULL, 'Oreo Golden', 2.50, 87.50, 'Galletas doradas con crema de vainilla', NULL, NULL, NULL, 0, 1, 0, 0, 'deny', 65, 10, 1, 1, 7, 32, '2025-11-21 05:13:57', '2025-11-21 05:13:57'),
	(229, 'RIT-82634', NULL, NULL, 'Ritz Crackers Original', 2.25, 78.75, 'Galletas saladas redondas', NULL, NULL, NULL, 0, 1, 0, 0, 'deny', 75, 10, 1, 1, 7, 33, '2025-11-21 05:13:57', '2025-11-21 05:13:57'),
	(230, 'RIT-86777', NULL, NULL, 'Ritz Crackers Queso', 2.35, 82.25, 'Galletas saladas con sabor a queso', NULL, NULL, NULL, 0, 1, 0, 0, 'deny', 70, 10, 1, 1, 7, 33, '2025-11-21 05:13:57', '2025-11-21 05:13:57'),
	(231, 'COR-14062', NULL, NULL, 'Corn Flakes Kelloggs', 4.50, 157.50, 'Cereal de maíz tostado', NULL, NULL, NULL, 0, 1, 0, 0, 'deny', 60, 10, 1, 1, 8, 43, '2025-11-21 05:13:57', '2025-11-21 05:13:57'),
	(232, 'FRO-77336', NULL, NULL, 'Froot Loops Kelloggs', 5.25, 183.75, 'Cereal de colores con sabor a frutas', NULL, NULL, NULL, 0, 1, 0, 0, 'deny', 55, 10, 1, 1, 8, 43, '2025-11-21 05:13:57', '2025-11-21 05:13:57'),
	(233, 'SPE-33333', NULL, NULL, 'Special K Kelloggs', 5.75, 201.25, 'Cereal de arroz y trigo', NULL, NULL, NULL, 0, 1, 0, 0, 'deny', 50, 10, 1, 1, 8, 43, '2025-11-21 05:13:57', '2025-11-21 05:13:57'),
	(234, 'AVE-24185', NULL, NULL, 'Avena Quaker Original', 3.25, 113.75, 'Avena instantánea natural', NULL, NULL, NULL, 0, 1, 0, 0, 'deny', 80, 10, 1, 1, 8, 44, '2025-11-21 05:13:57', '2025-11-21 05:13:57'),
	(235, 'AVE-71919', NULL, NULL, 'Avena Quaker Canela', 3.50, 122.50, 'Avena instantánea sabor canela', NULL, NULL, NULL, 0, 1, 0, 0, 'deny', 75, 10, 1, 1, 8, 44, '2025-11-21 05:13:57', '2025-11-21 05:13:57'),
	(236, 'NES-63324', NULL, NULL, 'Nesquik Chocolate', 4.75, 166.25, 'Polvo para bebida sabor chocolate', NULL, NULL, NULL, 0, 1, 0, 0, 'deny', 65, 10, 1, 1, 8, 38, '2025-11-21 05:13:57', '2025-11-21 05:13:57'),
	(237, 'NES-65792', NULL, NULL, 'Nesquik Fresa', 4.75, 166.25, 'Polvo para bebida sabor fresa', NULL, NULL, NULL, 0, 1, 0, 0, 'deny', 60, 10, 1, 1, 8, 38, '2025-11-21 05:13:57', '2025-11-21 05:13:57'),
	(238, 'JAB-52968', NULL, NULL, 'Jabón de Baño Rexona Antibacterial', 1.25, 43.75, 'Jabón antibacterial protección 12h', NULL, NULL, NULL, 0, 1, 0, 0, 'deny', 90, 10, 1, 1, 8, 46, '2025-11-21 05:13:57', '2025-11-21 05:13:57'),
	(239, 'JAB-56117', NULL, NULL, 'Jabón de Baño Rexona Aloe Vera', 1.25, 43.75, 'Jabón con extracto de aloe vera', NULL, NULL, NULL, 0, 1, 0, 0, 'deny', 85, 10, 1, 1, 8, 46, '2025-11-21 05:13:57', '2025-11-21 05:13:57'),
	(240, 'JAB-16927', NULL, NULL, 'Jabón de Baño Rexona Glicerina', 1.25, 43.75, 'Jabón con glicerina hidratante', NULL, NULL, NULL, 0, 1, 0, 0, 'deny', 85, 10, 1, 1, 8, 46, '2025-11-21 05:13:57', '2025-11-21 05:13:57'),
	(241, 'JAB-86724', NULL, NULL, 'Jabón de Baño Rexona Avena', 1.35, 47.25, 'Jabón exfoliante con avena', NULL, NULL, NULL, 0, 1, 0, 0, 'deny', 80, 10, 1, 1, 8, 46, '2025-11-21 05:13:57', '2025-11-21 05:13:57'),
	(242, 'JAB-76412', NULL, NULL, 'Jabón de Baño Rexona Coco', 1.35, 47.25, 'Jabón hidratante con aceite de coco', NULL, NULL, NULL, 0, 1, 0, 0, 'deny', 80, 10, 1, 1, 8, 46, '2025-11-21 05:13:57', '2025-11-21 05:13:57'),
	(243, 'JAB-33181', NULL, NULL, 'Jabón de Baño Rexona Surtidos 8x110g', 8.95, 313.25, 'Pack de 8 jabones surtidos de 110g cada uno', NULL, NULL, NULL, 0, 1, 0, 0, 'deny', 40, 10, 1, 1, 8, 46, '2025-11-21 05:13:57', '2025-11-21 05:13:57'),
	(244, 'PAN-35096', NULL, NULL, 'Pañales Baby Finger P', 8.50, 297.50, 'Pañales talla P', NULL, NULL, NULL, 0, 1, 0, 0, 'deny', 40, 10, 1, 1, 9, 78, '2025-11-21 05:13:57', '2025-11-21 05:13:57'),
	(245, 'PAN-72775', NULL, NULL, 'Pañales Baby Finger M', 8.50, 297.50, 'Pañales talla M', NULL, NULL, NULL, 0, 1, 0, 0, 'deny', 40, 10, 1, 1, 9, 78, '2025-11-21 05:13:57', '2025-11-21 05:13:57'),
	(246, 'PAN-37501', NULL, NULL, 'Pañales Baby Finger G', 8.50, 297.50, 'Pañales talla G', NULL, NULL, NULL, 0, 1, 0, 0, 'deny', 40, 10, 1, 1, 9, 78, '2025-11-21 05:13:57', '2025-11-21 05:13:57'),
	(247, 'PAN-18611', NULL, NULL, 'Pañales Baby Finger RN', 8.50, 297.50, 'Pañales talla recién nacido', NULL, NULL, NULL, 0, 1, 0, 0, 'deny', 40, 10, 1, 1, 9, 78, '2025-11-21 05:13:57', '2025-11-21 05:13:57'),
	(248, 'PAN-56938', NULL, NULL, 'Pañales Baby Finger XXG', 8.50, 297.50, 'Pañales talla XXG', NULL, NULL, NULL, 0, 1, 0, 0, 'deny', 40, 10, 1, 1, 9, 78, '2025-11-21 05:13:57', '2025-11-21 05:13:57'),
	(249, 'PAN-90801', NULL, NULL, 'Pañales Hugme P', 9.50, 332.50, 'Pañales talla P', NULL, NULL, NULL, 0, 1, 0, 0, 'deny', 80, 10, 1, 1, 9, 79, '2025-11-21 05:13:57', '2025-11-21 05:13:57'),
	(250, 'PAN-95074', NULL, NULL, 'Pañales Hugme M', 9.50, 332.50, 'Pañales talla M', NULL, NULL, NULL, 0, 1, 0, 0, 'deny', 80, 10, 1, 1, 9, 79, '2025-11-21 05:13:57', '2025-11-21 05:13:57'),
	(251, 'PAN-34946', NULL, NULL, 'Pañales Hugme G', 9.50, 332.50, 'Pañales talla G', NULL, NULL, NULL, 0, 1, 0, 0, 'deny', 80, 10, 1, 1, 9, 79, '2025-11-21 05:13:57', '2025-11-21 05:13:57'),
	(252, 'PAN-20299', NULL, NULL, 'Pañales Hugme XG', 9.50, 332.50, 'Pañales talla XG', NULL, NULL, NULL, 0, 1, 0, 0, 'deny', 80, 10, 1, 1, 9, 79, '2025-11-21 05:13:57', '2025-11-21 05:13:57'),
	(253, 'PAN-63057', NULL, NULL, 'Pañales Hugme RN', 8.75, 306.25, 'Pañales recién nacido', NULL, NULL, NULL, 0, 1, 0, 0, 'deny', 65, 10, 1, 1, 9, 79, '2025-11-21 05:13:57', '2025-11-21 05:13:57'),
	(254, 'TOA-22220', NULL, NULL, 'Toallitas Húmedas Hugme', 3.25, 113.75, 'Toallitas húmedas para bebé', NULL, NULL, NULL, 0, 1, 0, 0, 'deny', 100, 10, 1, 1, 9, 79, '2025-11-21 05:13:57', '2025-11-21 05:13:57'),
	(255, 'SHA-91934', NULL, NULL, 'Shampoo Hugme Bebé', 4.50, 157.50, 'Shampoo suave para bebé', NULL, NULL, NULL, 0, 1, 0, 0, 'deny', 75, 10, 1, 1, 9, 79, '2025-11-21 05:13:57', '2025-11-21 05:13:57'),
	(256, 'JAB-15282', NULL, NULL, 'Jabón Líquido Hugme', 4.25, 148.75, 'Jabón líquido para bebé', NULL, NULL, NULL, 0, 1, 0, 0, 'deny', 85, 10, 1, 1, 9, 79, '2025-11-21 05:13:57', '2025-11-21 05:13:57'),
	(257, 'CRE-96653', NULL, NULL, 'Crema Hugme Bebé', 5.75, 201.25, 'Crema hidratante para bebé', NULL, NULL, NULL, 0, 1, 0, 0, 'deny', 65, 10, 1, 1, 9, 79, '2025-11-21 05:13:57', '2025-11-21 05:13:57'),
	(258, 'ACE-18261', NULL, NULL, 'Aceite Hugme Bebé', 3.95, 138.25, 'Aceite corporal para bebé', NULL, NULL, NULL, 0, 1, 0, 0, 'deny', 90, 10, 1, 1, 9, 79, '2025-11-21 05:13:57', '2025-11-21 05:13:57'),
	(259, 'PROD-000259', NULL, NULL, 'Aceite La Lucha de Soja 900ML', 0.00, 0.00, 'Aceite de Soja La Lucha', NULL, NULL, NULL, 0, 1, 0, 0, 'deny', 5000, 10, 1, 1, 1, 83, '2025-11-21 05:29:57', '2025-11-21 05:29:57'),
	(260, 'PROD-000260', NULL, NULL, 'Azucar Montalban 1 KG', 0.00, 0.00, 'Azucar Montalban 1 Kg', NULL, NULL, NULL, 0, 1, 0, 0, 'deny', 5000, 10, 1, 1, 1, 54, '2025-11-21 05:46:00', '2025-11-21 05:46:00'),
	(261, 'PROD-000261', NULL, NULL, 'Cremor 395 MG', 0.00, 0.00, 'Cremor 395 MG\n', NULL, NULL, NULL, 0, 1, 0, 0, 'deny', 5000, 10, 1, 1, 1, 59, '2025-11-21 05:54:43', '2025-11-21 05:54:43'),
	(262, 'PROD-000262', NULL, NULL, 'Cubitos Maggi', 0.00, 0.00, 'Cubitos Maggi', NULL, NULL, NULL, 0, 1, 0, 0, 'deny', 5000, 10, 1, 1, 1, 39, '2025-11-21 05:55:51', '2025-11-21 05:55:51'),
	(263, 'PROD-000263', NULL, NULL, 'Diablito Under Wood 115G', 0.00, 0.00, 'Diablito Under Wood 115G', NULL, NULL, NULL, 0, 1, 0, 0, 'deny', 5000, 10, 1, 1, 1, 60, '2025-11-21 05:57:17', '2025-11-21 05:57:17'),
	(264, 'Q6BO52VG', NULL, NULL, 'Diablito Under Wood 54G', 0.00, 0.00, 'Diablito Under Wood 54G', NULL, NULL, NULL, 0, 1, 0, 0, 'deny', 5000, 10, 1, 1, 1, 60, '2025-11-21 05:58:09', '2025-11-21 05:59:24'),
	(265, 'PROD-000265', NULL, NULL, 'Don Kat Adulto', 0.00, 0.00, 'Don Kat Adulto', NULL, NULL, NULL, 0, 1, 0, 0, 'deny', 5000, 10, 1, 1, 10, 61, '2025-11-21 06:15:56', '2025-11-21 06:15:56'),
	(266, 'PROD-000266', NULL, NULL, 'Huevo Santa Maria doble 12x1', 0.00, 0.00, 'Huevo Santa Maria doble 12x1\n', NULL, NULL, NULL, 0, 1, 0, 0, 'deny', 5000, 10, 1, 1, 1, 66, '2025-11-21 06:31:31', '2025-11-21 06:31:31'),
	(267, 'PROD-000267', NULL, NULL, 'Mantequilla Deline, 250 MG', 0.00, 0.00, 'Mantequilla Deline, 250 MG\n', NULL, NULL, NULL, 0, 1, 0, 0, 'deny', 5000, 10, 1, 1, 1, 74, '2025-11-21 07:18:24', '2025-11-21 07:18:24'),
	(268, 'MAY-1763695160', NULL, NULL, 'Mayonesa 445 MG', 1.80, 63.00, 'Mayonesa 445 MG', NULL, NULL, NULL, 0, 1, 0, 0, 'deny', 80, 10, 1, 1, 1, 1, '2025-11-21 07:19:20', '2025-11-21 07:22:28'),
	(269, 'PROD-000269', NULL, NULL, 'Mirringo Adulto', 0.00, 0.00, 'Mirringo Adulto alimento para gatos\n', NULL, NULL, NULL, 0, 1, 0, 0, 'deny', 5000, 10, 1, 1, 10, 75, '2025-11-21 07:26:38', '2025-11-21 07:26:38'),
	(270, 'PROD-000270', NULL, NULL, 'Nutribella15 Acondicionador Nutrición 12x1  Devuelve la Belleza Natural', 0.00, 0.00, 'Nutribella15 Acondicionador Nutrición 12x1  Devuelve la Belleza Natural\n', NULL, NULL, NULL, 0, 1, 0, 0, 'deny', 5000, 10, 1, 1, 5, 25, '2025-11-21 07:39:23', '2025-11-21 07:39:23'),
	(271, 'PROD-000271', NULL, NULL, 'Nutribella15 Acondicionador Termoproteccion 12x1', 0.00, 0.00, 'Nutribella15 Acondicionador Termoproteccion 12x1\n', NULL, NULL, NULL, 0, 1, 0, 0, 'deny', 5000, 10, 1, 1, 5, 25, '2025-11-21 07:41:39', '2025-11-21 07:41:39'),
	(272, 'PROD-1764290601', NULL, NULL, 'Aceite Ideal', 0.00, 0.00, 'Aceite comestible Ideal', NULL, NULL, NULL, 0, 1, 0, 0, 'deny', 5000, 10, 1, 1, 1, 82, '2025-11-28 00:43:21', '2025-11-28 00:46:40'),
	(273, 'PROD-000273', NULL, NULL, 'Panelada', 0.00, 0.00, 'Bebida en polvo a base de Panela con sabor a limón', NULL, NULL, NULL, 0, 1, 0, 0, 'deny', 5000, 10, 1, 1, 6, 105, '2025-11-28 02:11:34', '2025-11-28 02:11:34'),
	(274, 'PROD-000274', NULL, NULL, 'Pasta Allegri ricatones', 0.00, 0.00, 'Pasta Allegri ricatones 12X500Mg', NULL, NULL, NULL, 0, 1, 0, 0, 'deny', 5000, 10, 1, 1, 1, 7, '2025-11-28 02:30:34', '2025-11-28 02:30:34'),
	(275, 'PROD-1764297049', NULL, NULL, 'Pasta Allegri Tubo', 0.00, 0.00, 'Pasta Allegri Tubo Liso 12X500Mg', NULL, NULL, NULL, 0, 1, 0, 0, 'deny', 5000, 10, 1, 1, 1, 7, '2025-11-28 02:30:49', '2025-11-28 02:32:14'),
	(276, 'PROD-1764297147', NULL, NULL, 'Pasta Allegri Vercimelli', 0.00, 0.00, 'Pasta Allegri Vercimelli 12X500Mg', NULL, NULL, NULL, 0, 1, 0, 0, 'deny', 5000, 10, 1, 1, 1, 7, '2025-11-28 02:32:27', '2025-11-28 02:33:17'),
	(277, 'PROD-1764297221', NULL, NULL, 'Pasta Allegri Linguini', 0.00, 0.00, 'Pasta Allegri Linguini 12X500Mg', NULL, NULL, NULL, 0, 1, 0, 0, 'deny', 5000, 10, 1, 1, 1, 7, '2025-11-28 02:33:41', '2025-11-28 02:34:53'),
	(278, 'PROD-1764297304', NULL, NULL, 'Pasta Allegri Codos', 0.00, 0.00, 'Pasta Allegri Codos 12X500Mg', NULL, NULL, NULL, 0, 1, 0, 0, 'deny', 5000, 10, 1, 1, 1, 7, '2025-11-28 02:35:04', '2025-11-28 02:36:19'),
	(279, 'PROD-764297307', NULL, NULL, 'Pasta Allegri Espirales', 0.00, 0.00, 'Pasta Allegri Espirales 12X500Mg', NULL, NULL, NULL, 0, 1, 0, 0, 'deny', 5000, 10, 1, 1, 1, 7, '2025-11-28 02:35:07', '2025-11-28 02:37:01'),
	(280, 'PROD-1764297320', NULL, NULL, 'Pasta Allegri Plumita', 0.00, 0.00, 'Pasta Allegri Plumita 12X500Mg', NULL, NULL, NULL, 0, 1, 0, 0, 'deny', 5000, 10, 1, 1, 1, 7, '2025-11-28 02:35:20', '2025-11-28 02:38:33'),
	(281, 'PROD-1764297468', NULL, NULL, 'Pasta Allegri Tornillo ', 0.00, 0.00, 'Pasta Allegri Tornillo 12X500Mg', NULL, NULL, NULL, 0, 1, 0, 0, 'deny', 5000, 10, 1, 1, 1, 7, '2025-11-28 02:37:48', '2025-11-28 02:39:17'),
	(282, 'PROD-000282', NULL, NULL, 'Super Pega', 0.00, 0.00, 'Super pega 12x8', NULL, NULL, NULL, 0, 1, 0, 0, 'deny', 5000, 10, 1, 1, 11, 87, '2025-11-28 02:55:39', '2025-11-28 02:55:39');

-- Volcando datos para la tabla pedidos.producto_inventory_settings: ~0 rows (aproximadamente)
INSERT IGNORE INTO `producto_inventory_settings` (`id`, `producto_id`, `track_inventory`, `allow_backorder`, `inventory_policy`, `low_stock_threshold`, `empresa_id`, `created_at`, `updated_at`) VALUES
	(1, 273, 1, 0, 'deny', 5, 1, '2025-11-28 02:11:34', '2025-11-28 02:11:34'),
	(2, 274, 1, 0, 'deny', 5, 1, '2025-11-28 02:30:34', '2025-11-28 02:30:34'),
	(3, 282, 1, 0, 'deny', 5, 1, '2025-11-28 02:55:39', '2025-11-28 02:55:39');

-- Volcando datos para la tabla pedidos.producto_seo: ~0 rows (aproximadamente)
INSERT IGNORE INTO `producto_seo` (`id`, `producto_id`, `sku`, `barcode`, `meta_title`, `meta_description`, `tags`, `featured`, `empresa_id`, `created_at`, `updated_at`) VALUES
	(1, 81, 'ALIVE-TOALLAS-FEMENINAS-THTI', '', '', '', '', 0, 1, '2025-11-27 23:35:45', '2025-11-27 23:35:45'),
	(2, 80, 'ALIVE-ROSADO-4XJS', '', '', '', '', 0, 1, '2025-11-27 23:36:17', '2025-11-27 23:36:17'),
	(3, 79, 'ALIVE-BLANCO-IX9P', '', '', '', '', 0, 1, '2025-11-27 23:36:39', '2025-11-27 23:36:39'),
	(4, 76, 'ALIVE-VERDE-PAC4', '', '', '', '', 0, 1, '2025-11-27 23:40:27', '2025-11-27 23:40:27'),
	(5, 75, 'ALIVE-MORADO-V3GU', '', '', '', '', 0, 1, '2025-11-27 23:40:47', '2025-11-27 23:40:47'),
	(6, 74, 'ALIVE-AZUL-EGNJ', '', '', '', '', 0, 1, '2025-11-27 23:42:29', '2025-11-27 23:42:29'),
	(7, 179, 'JUGO-NATULAC-DURAZNO-BBU1', '', '', '', '', 0, 1, '2025-11-27 23:49:32', '2025-11-27 23:49:32'),
	(8, 178, 'JUGO-NATULAC-MANZANA-FBIB', '', '', '', '', 0, 1, '2025-11-27 23:50:24', '2025-11-27 23:50:24'),
	(9, 177, 'NATULAC-PERA-JPIV', '', '', '', '', 0, 1, '2025-11-27 23:51:31', '2025-11-27 23:51:31'),
	(10, 203, 'AGUA-MINERAL-MI-BRISA-V216', '', '', '', '', 0, 1, '2025-11-28 00:31:41', '2025-11-28 00:31:41'),
	(11, 204, 'AGUA-MINERAL-HEAL-BLB0', '', '', '', '', 0, 1, '2025-11-28 00:33:32', '2025-11-28 00:33:32'),
	(12, 4, '', '', '', '', '', 0, 1, '2025-11-28 00:43:10', '2025-11-28 00:43:10'),
	(13, 272, 'ACEITE-IDEAL-MVXK', '', '', '', '', 0, 1, '2025-11-28 00:46:40', '2025-11-28 00:46:40'),
	(14, 188, 'ALDOR-TAMARINDO-100X1-5X4X', '', '', '', '', 0, 1, '2025-11-28 01:09:57', '2025-11-28 01:09:57'),
	(15, 124, 'ALIDENT-GEL-VERDE-FRESCO-5SVD', '', '', '', '', 0, 1, '2025-11-28 01:10:55', '2025-11-28 01:10:55'),
	(16, 123, 'ALIDENT-GEL-AZUL-HTLT', '', '', '', '', 0, 1, '2025-11-28 01:11:40', '2025-11-28 01:11:40'),
	(17, 122, 'ALIDENT-GEL-TRIPLE-ACCION-K6JI', '', '', '', '', 0, 1, '2025-11-28 01:12:06', '2025-11-28 01:12:06'),
	(18, 99, 'SUAVITEL-CUIDADO-SUPERIOR-FRESA-Y-CHOCOLATE-QQGY', '', '', '', '', 0, 1, '2025-11-28 01:13:51', '2025-11-28 01:13:51'),
	(19, 98, 'SUAVITEL-CUIDADO-SUPERIOR-FRESCURA-DE-PRIMAVERA-7F2N', '', '', '', '', 0, 1, '2025-11-28 01:14:18', '2025-11-28 01:14:18'),
	(20, 97, 'SUAVITEL-CUIDADO-SUPERIOR-FRESCURA-DE-MANZANA-Z6D6', '', '', '', '', 0, 1, '2025-11-28 01:14:40', '2025-11-28 01:14:40'),
	(21, 84, 'OSO-BLANCO-CLORO-GEL-W6L5', '', '', '', '', 0, 1, '2025-11-28 01:17:19', '2025-11-28 01:17:19'),
	(23, 86, 'OSO-BLANCO-LAVAVAJILLAS-RVHS', '', '', '', '', 0, 1, '2025-11-28 01:20:38', '2025-11-28 01:20:38'),
	(24, 90, 'OSO-BLANCO-DESINFECTANTE-LAVANDA-RRWM', '', '', '', '', 0, 1, '2025-11-28 01:26:30', '2025-11-28 01:26:30'),
	(25, 91, 'OSO-BLANCO-DESINFECTANTE-MANZANA-B9Y8', '', '', '', '', 0, 1, '2025-11-28 01:27:00', '2025-11-28 01:27:00'),
	(26, 93, 'OSO-BLANCO-DESINFECTANTE-FRESCA-SENSACION-EVPI', '', '', '', '', 0, 1, '2025-11-28 01:30:57', '2025-11-28 01:30:57'),
	(27, 94, 'DESINFECTANTE-OSO-BLANCO-INTENSA-FLORAL-WIFI', '', '', '', '', 0, 1, '2025-11-28 01:31:28', '2025-11-28 01:31:28'),
	(28, 215, 'DORITOS-MEGA-QUESO-2FYD', '', '', '', '', 0, 1, '2025-11-28 01:35:17', '2025-11-28 01:35:17'),
	(29, 216, 'CHEESE-TRIS-50G-JDXF', '', '', '', '', 0, 1, '2025-11-28 01:36:55', '2025-11-28 01:36:55'),
	(30, 51, 'CIGARROS-20UND-UNIVERSAL-9NXB', '', '', '', '', 0, 1, '2025-11-28 01:37:30', '2025-11-28 01:37:30'),
	(31, 172, 'JUGOS-EL-VALLE-NARANJA-15L-SE0C', '', '', '', '', 0, 1, '2025-11-28 01:45:03', '2025-11-28 01:45:03'),
	(32, 126, 'LADY-SPEED-STICK-18G-SSN5', '', '', '', '', 0, 1, '2025-11-28 01:45:52', '2025-11-28 01:45:52'),
	(33, 111, 'NUTRIBELLA15-TRATAMIENTO-CAPILAR-12X1-YAQI', '', '', '', '', 0, 1, '2025-11-28 02:04:37', '2025-11-28 02:04:37'),
	(34, 115, 'NUTRIBELLA15-ACONDICIONADOR-12X18ML-PRO-HIALURONICO-91BO', '', '', '', '', 0, 1, '2025-11-28 02:08:10', '2025-11-28 02:08:10'),
	(35, 273, 'PANELADA-HI3K', NULL, NULL, NULL, 'bebida', 0, 1, '2025-11-28 02:11:34', '2025-11-28 02:11:34'),
	(36, 244, 'PANALES-BABY-FINGER-P-OIO9', '', '', '', '', 0, 1, '2025-11-28 02:13:52', '2025-11-28 02:13:52'),
	(37, 245, 'PANALES-BABY-FINGER-M-DFLO', '', '', '', '', 0, 1, '2025-11-28 02:15:24', '2025-11-28 02:15:24'),
	(38, 246, 'PANALES-BABY-FINGER-G-VW9W', '', '', '', '', 0, 1, '2025-11-28 02:16:19', '2025-11-28 02:16:19'),
	(39, 247, 'PANALES-BABY-FINGER-RN-TOPX', '', '', '', '', 0, 1, '2025-11-28 02:16:53', '2025-11-28 02:16:53'),
	(40, 248, 'PANALES-BABY-FINGER-XXG-JJF0', '', '', '', '', 0, 1, '2025-11-28 02:17:15', '2025-11-28 02:17:15'),
	(41, 249, 'PANALES-HUGME-P-LASC', '', '', '', '', 0, 1, '2025-11-28 02:22:33', '2025-11-28 02:22:33'),
	(42, 250, 'PANALES-HUGME-M-TSAB', '', '', '', '', 0, 1, '2025-11-28 02:23:07', '2025-11-28 02:23:07'),
	(43, 251, 'PANALES-HUGME-G-NC7X', '', '', '', '', 0, 1, '2025-11-28 02:26:07', '2025-11-28 02:26:07'),
	(44, 252, 'PANALES-HUGME-XG-NKWW', '', '', '', '', 0, 1, '2025-11-28 02:27:04', '2025-11-28 02:27:04'),
	(45, 253, 'PANALES-HUGME-RN-Y1VR', '', '', '', '', 0, 1, '2025-11-28 02:28:02', '2025-11-28 02:28:02'),
	(46, 274, 'PASTA-ALLEGRI-RICATONES-LSGR', NULL, NULL, NULL, NULL, 0, 1, '2025-11-28 02:30:34', '2025-11-28 02:30:34'),
	(47, 275, 'PASTA-ALLEGRI-TUBO-0YAH', '', '', '', '', 0, 1, '2025-11-28 02:32:14', '2025-11-28 02:32:14'),
	(48, 276, '', '', '', '', '', 0, 1, '2025-11-28 02:33:17', '2025-11-28 02:33:17'),
	(49, 277, 'PASTA-ALLEGRI-LINGUINI-JAPY', '', '', '', '', 0, 1, '2025-11-28 02:34:53', '2025-11-28 02:34:53'),
	(50, 278, '', '', '', '', '', 0, 1, '2025-11-28 02:36:19', '2025-11-28 02:36:19'),
	(51, 279, 'PASTA-ALLEGRI-LINGUINI-COPIA-GYZO', '', '', '', '', 0, 1, '2025-11-28 02:37:01', '2025-11-28 02:37:01'),
	(52, 280, '', '', '', '', '', 0, 1, '2025-11-28 02:38:33', '2025-11-28 02:38:33'),
	(53, 281, '', '', '', '', '', 0, 1, '2025-11-28 02:39:17', '2025-11-28 02:39:17'),
	(54, 68, 'PIN-POP-BOMBA-GIGANTE-24X1-YFEU', '', '', '', '', 0, 1, '2025-11-28 02:41:01', '2025-11-28 02:41:01'),
	(55, 69, 'PIN-POP-BOMBA-GIGANTE-48X1-FQIX', '', '', '', '', 0, 1, '2025-11-28 02:41:37', '2025-11-28 02:41:37'),
	(56, 70, 'PIN-POP-BOMBA-SURTIDOS-AYXO', '', '', '', '', 0, 1, '2025-11-28 02:42:07', '2025-11-28 02:42:07'),
	(57, 71, 'PIN-POP-GIGANTE-MORA-FRESA-24X1-WTRV', '', '', '', '', 0, 1, '2025-11-28 02:43:12', '2025-11-28 02:43:12'),
	(58, 187, 'POWER-MAX-400ML-X14S', '', '', '', '', 0, 1, '2025-11-28 02:44:23', '2025-11-28 02:44:23'),
	(59, 219, 'PUFFY-SABOR-A-TOMATE-CON-ALBAHACA-VRVS', '', '', '', '', 0, 1, '2025-11-28 02:45:52', '2025-11-28 02:45:52'),
	(60, 218, 'PUFFY-SABOR-A-QUESO-TZUX', '', '', '', '', 0, 1, '2025-11-28 02:46:22', '2025-11-28 02:46:22'),
	(61, 217, 'PUFFY-SABOR-A-PIMIENTA-CON-LIMON-R2JD', '', '', '', '', 0, 1, '2025-11-28 02:46:45', '2025-11-28 02:46:45'),
	(62, 11, 'SALSA-DE-TOMATE-L4DE', '', '', '', '', 0, 1, '2025-11-28 02:48:13', '2025-11-28 02:48:13'),
	(63, 31, 'SALSA-DE-TOMATE-PAMPERO-XZFH', '', '', '', '', 0, 1, '2025-11-28 02:50:19', '2025-11-28 02:50:19'),
	(64, 220, 'SALTITACOS-X4O5', '', '', '', '', 0, 1, '2025-11-28 02:51:01', '2025-11-28 02:51:01'),
	(65, 127, '', '', '', '', '', 0, 1, '2025-11-28 02:52:47', '2025-11-28 02:52:47'),
	(66, 282, 'SUPER-PEGA-QIN5', NULL, NULL, NULL, NULL, 0, 1, '2025-11-28 02:55:39', '2025-11-28 02:55:39'),
	(67, 72, 'TAM-CIKOLATAM-83G-ARNC', '', '', '', '', 0, 1, '2025-11-28 02:56:47', '2025-11-28 02:56:47'),
	(68, 101, 'NUTRIBELA-BIOKERATINA-BE4N', '', '', '', '', 0, 1, '2025-11-28 02:59:43', '2025-11-28 02:59:43'),
	(69, 102, 'NUTRIBELA-ENZIMOTERAPIA-GQGI', '', '', '', '', 0, 1, '2025-11-28 03:00:59', '2025-11-28 03:00:59'),
	(70, 103, 'NUTRIBELA-CELULAS-MADRES-CIV2', '', '', '', '', 0, 1, '2025-11-28 03:01:48', '2025-11-28 03:01:48'),
	(71, 104, 'NUTRIBELA-PRO-HIALURONICO-9OPM', '', '', '', '', 0, 1, '2025-11-28 03:02:40', '2025-11-28 03:02:40'),
	(73, 107, 'NUTRIBELA-NUTRICION-AVANZADA-MP8U', '', '', '', '', 0, 1, '2025-11-28 03:04:46', '2025-11-28 03:04:46'),
	(74, 108, 'NUTRIBELA-REPOLARIZACION-EN-FRIO-WB2B', '', '', '', '', 0, 1, '2025-11-28 03:05:46', '2025-11-28 03:05:46'),
	(75, 151, 'AGUA-MINALBA-600ML-GJ2R', '', '', '', '', 0, 1, '2025-11-28 03:11:14', '2025-11-28 03:11:14');

-- Volcando datos para la tabla pedidos.producto_variants: ~402 rows (aproximadamente)
INSERT IGNORE INTO `producto_variants` (`id`, `producto_id`, `name`, `values`, `sku`, `price_adjustment`, `precio_bs`, `quantity`, `image_path`, `image_thumbnail_path`, `alt_text`, `empresa_id`, `created_at`, `updated_at`) VALUES
	(1, 1, 'Peso: 1kg', '{"Peso": "1kg"}', 'ARZ-POLAR-1KG', 0.00, NULL, 100, NULL, NULL, 'Peso: 1kg - Arroz Blanco Polar', 1, '2025-11-21 05:13:56', '2025-11-21 05:13:56'),
	(2, 1, 'Peso: 5kg', '{"Peso": "5kg"}', 'ARZ-POLAR-5KG', 0.00, NULL, 50, NULL, NULL, 'Peso: 5kg - Arroz Blanco Polar', 1, '2025-11-21 05:13:56', '2025-11-21 05:13:56'),
	(3, 2, 'Peso: 1kg', '{"Peso": "1kg"}', 'HAR-POL-1KG', 0.00, NULL, 120, NULL, NULL, 'Peso: 1kg - Harina de Maíz Precocida Polar', 1, '2025-11-21 05:13:56', '2025-11-21 05:13:56'),
	(4, 2, 'Peso: 2kg', '{"Peso": "2kg"}', 'HAR-POL-2KG', 0.00, NULL, 80, NULL, NULL, 'Peso: 2kg - Harina de Maíz Precocida Polar', 1, '2025-11-21 05:13:56', '2025-11-21 05:13:56'),
	(5, 3, 'Peso: 1kg', '{"Peso": "1kg"}', 'HAR-POL-1KG', 0.00, NULL, 120, NULL, NULL, 'Peso: 1kg - Harina de Trigo Pol', 1, '2025-11-21 05:13:56', '2025-11-21 05:13:56'),
	(6, 3, 'Peso: 2kg', '{"Peso": "2kg"}', 'HAR-POL-2KG', 0.00, NULL, 80, NULL, NULL, 'Peso: 2kg - Harina de Trigo Pol', 1, '2025-11-21 05:13:56', '2025-11-21 05:13:56'),
	(7, 4, 'volumen', '{"Volumen": "900ml"}', '', 0.00, 0.00, 80, NULL, NULL, 'Volumen: 900ml - Aceite de Soja Soya', 1, '2025-11-21 05:13:56', '2025-11-28 00:43:10'),
	(8, 5, 'Peso: 500gr', '{"Peso": "500gr"}', 'PAS-POL-500', 0.00, NULL, 110, NULL, NULL, 'Peso: 500gr - Pasta Larga tipo Spaghetti Santa Rita', 1, '2025-11-21 05:13:56', '2025-11-21 05:13:56'),
	(9, 6, 'Peso: 1kg', '{"Peso": "1kg"}', 'AZU-POL-1KG', 0.00, NULL, 90, NULL, NULL, 'Peso: 1kg - Azúcar Morena', 1, '2025-11-21 05:13:56', '2025-11-21 05:13:56'),
	(10, 7, 'Peso: 1kg', '{"Peso": "1kg"}', 'SAL-POL-1KG', 0.00, NULL, 70, NULL, NULL, 'Peso: 1kg - Sal de Mesa', 1, '2025-11-21 05:13:56', '2025-11-21 05:13:56'),
	(11, 8, 'Peso: 200gr', '{"Peso": "200gr"}', 'CAF-POL-200', 0.00, NULL, 60, NULL, NULL, 'Peso: 200gr - Café Instantáneo', 1, '2025-11-21 05:13:56', '2025-11-21 05:13:56'),
	(12, 9, 'Peso: 400gr', '{"Peso": "400gr"}', 'LEC-POL-400', 0.00, NULL, 75, NULL, NULL, 'Peso: 400gr - Leche en Polvo', 1, '2025-11-21 05:13:56', '2025-11-21 05:13:56'),
	(13, 9, 'Peso: 800gr', '{"Peso": "800gr"}', 'LEC-POL-800', 0.00, NULL, 50, NULL, NULL, 'Peso: 800gr - Leche en Polvo', 1, '2025-11-21 05:13:56', '2025-11-21 05:13:56'),
	(14, 10, 'Peso: 250gr', '{"Peso": "250gr"}', 'GAL-POL-250', 0.00, NULL, 120, NULL, NULL, 'Peso: 250gr - Galletas Saladas', 1, '2025-11-21 05:13:56', '2025-11-21 05:13:56'),
	(15, 11, 'Peso: 340gr', '{"Peso: 340gr": "340gr"}', 'SALSA-DE-TOMATE-L4DE', 0.00, 0.00, 90, NULL, NULL, 'Peso: 340gr - Salsa de Tomate', 1, '2025-11-21 05:13:56', '2025-11-28 02:48:13'),
	(16, 12, 'Peso: 350gr', '{"Peso": "350gr"}', 'MAY-POL-350', 0.00, NULL, 80, NULL, NULL, 'Peso: 350gr - Mayonesa', 1, '2025-11-21 05:13:56', '2025-11-21 05:13:56'),
	(17, 13, 'Peso: 454gr', '{"Peso": "454gr"}', 'MER-POL-454', 0.00, NULL, 70, NULL, NULL, 'Peso: 454gr - Mermelada Fresa', 1, '2025-11-21 05:13:56', '2025-11-21 05:13:56'),
	(18, 14, 'Peso: 160gr', '{"Peso": "160gr"}', 'ATU-POL-160', 0.00, NULL, 85, NULL, NULL, 'Peso: 160gr - Atún en Agua', 1, '2025-11-21 05:13:56', '2025-11-21 05:13:56'),
	(19, 15, 'Peso: 120gr', '{"Peso": "120gr"}', 'SAR-POL-120', 0.00, NULL, 80, NULL, NULL, 'Peso: 120gr - Sardinas en Aceite', 1, '2025-11-21 05:13:56', '2025-11-21 05:13:56'),
	(20, 16, 'Peso: 1kg', '{"Peso": "1kg"}', 'ARZ-MARY-1KG', 0.00, NULL, 100, NULL, NULL, 'Peso: 1kg - Arroz Blanco Mary', 1, '2025-11-21 05:13:56', '2025-11-21 05:13:56'),
	(21, 16, 'Peso: 5kg', '{"Peso": "5kg"}', 'ARZ-MARY-5KG', 0.00, NULL, 50, NULL, NULL, 'Peso: 5kg - Arroz Blanco Mary', 1, '2025-11-21 05:13:56', '2025-11-21 05:13:56'),
	(22, 17, 'Peso: 1kg', '{"Peso": "1kg"}', 'HAR-MARY-1KG', 0.00, NULL, 100, NULL, NULL, 'Peso: 1kg - Harina de Maíz Precocida Mary', 1, '2025-11-21 05:13:56', '2025-11-21 05:13:56'),
	(23, 17, 'Peso: 5kg', '{"Peso": "5kg"}', 'HAR-MARY-5KG', 0.00, NULL, 50, NULL, NULL, 'Peso: 5kg - Harina de Maíz Precocida Mary', 1, '2025-11-21 05:13:56', '2025-11-21 05:13:56'),
	(24, 18, 'Peso: 1kg', '{"Peso": "1kg"}', 'ARZ-SANTONI-1KG', 0.00, NULL, 100, NULL, NULL, 'Peso: 1kg - Arroz Blanco Santoni', 1, '2025-11-21 05:13:56', '2025-11-21 05:13:56'),
	(25, 18, 'Peso: 5kg', '{"Peso": "5kg"}', 'ARZ-SANTONI-5KG', 0.00, NULL, 50, NULL, NULL, 'Peso: 5kg - Arroz Blanco Santoni', 1, '2025-11-21 05:13:56', '2025-11-21 05:13:56'),
	(26, 19, 'Peso: 1kg', '{"Peso": "1kg"}', 'HAR-SANTONI-1KG', 0.00, NULL, 100, NULL, NULL, 'Peso: 1kg - Harina de Maíz Precocida Santoni', 1, '2025-11-21 05:13:56', '2025-11-21 05:13:56'),
	(27, 19, 'Peso: 5kg', '{"Peso": "5kg"}', 'HAR-SANTONI-5KG', 0.00, NULL, 50, NULL, NULL, 'Peso: 5kg - Harina de Maíz Precocida Santoni', 1, '2025-11-21 05:13:56', '2025-11-21 05:13:56'),
	(28, 20, 'Peso: 1kg', '{"Peso": "1kg"}', 'ARZ-SANTAMONICA-1KG', 0.00, NULL, 100, NULL, NULL, 'Peso: 1kg - Arroz Blanco Santa Monica', 1, '2025-11-21 05:13:56', '2025-11-21 05:13:56'),
	(29, 20, 'Peso: 5kg', '{"Peso": "5kg"}', 'ARZ-SANTAMONICA-5KG', 0.00, NULL, 50, NULL, NULL, 'Peso: 5kg - Arroz Blanco Santa Monica', 1, '2025-11-21 05:13:56', '2025-11-21 05:13:56'),
	(30, 21, 'Peso: 1kg', '{"Peso": "1kg"}', 'HAR-SANTAMONICA-1KG', 0.00, NULL, 100, NULL, NULL, 'Peso: 1kg - Harina de Maíz Precocida Santa Monica', 1, '2025-11-21 05:13:56', '2025-11-21 05:13:56'),
	(31, 21, 'Peso: 5kg', '{"Peso": "5kg"}', 'HAR-SANTAMONICA-5KG', 0.00, NULL, 50, NULL, NULL, 'Peso: 5kg - Harina de Maíz Precocida Santa Monica', 1, '2025-11-21 05:13:56', '2025-11-21 05:13:56'),
	(32, 22, 'Peso: 1kg', '{"Peso": "1kg"}', 'ARZ-AMANECER-1KG', 0.00, NULL, 100, NULL, NULL, 'Peso: 1kg - Arroz Blanco Amanecer', 1, '2025-11-21 05:13:56', '2025-11-21 05:13:56'),
	(33, 22, 'Peso: 5kg', '{"Peso": "5kg"}', 'ARZ-AMANECER-5KG', 0.00, NULL, 50, NULL, NULL, 'Peso: 5kg - Arroz Blanco Amanecer', 1, '2025-11-21 05:13:56', '2025-11-21 05:13:56'),
	(34, 23, 'Peso: 1kg', '{"Peso": "1kg"}', 'HAR-AMANECER-1KG', 0.00, NULL, 100, NULL, NULL, 'Peso: 1kg - Harina de Maíz Precocida Amanecer', 1, '2025-11-21 05:13:56', '2025-11-21 05:13:56'),
	(35, 23, 'Peso: 5kg', '{"Peso": "5kg"}', 'HAR-AMANECER-5KG', 0.00, NULL, 50, NULL, NULL, 'Peso: 5kg - Harina de Maíz Precocida Amanecer', 1, '2025-11-21 05:13:56', '2025-11-21 05:13:56'),
	(36, 24, 'Peso: 1kg', '{"Peso": "1kg"}', 'ARZ-CAPRI-1KG', 0.00, NULL, 100, NULL, NULL, 'Peso: 1kg - Arroz Blanco Capri', 1, '2025-11-21 05:13:56', '2025-11-21 05:13:56'),
	(37, 24, 'Peso: 5kg', '{"Peso": "5kg"}', 'ARZ-CAPRI-5KG', 0.00, NULL, 50, NULL, NULL, 'Peso: 5kg - Arroz Blanco Capri', 1, '2025-11-21 05:13:56', '2025-11-21 05:13:56'),
	(38, 25, 'Peso: 1kg', '{"Peso": "1kg"}', 'HAR-CAPRI-1KG', 0.00, NULL, 100, NULL, NULL, 'Peso: 1kg - Harina de Maíz Precocida Capri', 1, '2025-11-21 05:13:56', '2025-11-21 05:13:56'),
	(39, 25, 'Peso: 5kg', '{"Peso": "5kg"}', 'HAR-CAPRI-5KG', 0.00, NULL, 50, NULL, NULL, 'Peso: 5kg - Harina de Maíz Precocida Capri', 1, '2025-11-21 05:13:56', '2025-11-21 05:13:56'),
	(44, 28, 'Peso: 1kg', '{"Peso": "1kg"}', 'ARZ-DOBON-1KG', 0.00, NULL, 100, NULL, NULL, 'Peso: 1kg - Arroz Blanco Dobón', 1, '2025-11-21 05:13:56', '2025-11-21 05:13:56'),
	(45, 28, 'Peso: 5kg', '{"Peso": "5kg"}', 'ARZ-DOBON-5KG', 0.00, NULL, 50, NULL, NULL, 'Peso: 5kg - Arroz Blanco Dobón', 1, '2025-11-21 05:13:56', '2025-11-21 05:13:56'),
	(46, 29, 'Peso: 1kg', '{"Peso": "1kg"}', 'HAR-DOBON-1KG', 0.00, NULL, 100, NULL, NULL, 'Peso: 1kg - Harina de Maíz Precocida Dobón', 1, '2025-11-21 05:13:56', '2025-11-21 05:13:56'),
	(47, 29, 'Peso: 5kg', '{"Peso": "5kg"}', 'HAR-DOBON-5KG', 0.00, NULL, 50, NULL, NULL, 'Peso: 5kg - Harina de Maíz Precocida Dobón', 1, '2025-11-21 05:13:56', '2025-11-21 05:13:56'),
	(50, 31, 'Peso: 1kg', '{"Peso: 1kg": "198 ML"}', 'SALSA-DE-TOMATE-PAMPERO-XZFH', 0.00, 0.00, 100, NULL, NULL, 'Peso: 198 ML Salsa de tomate Pampero', 1, '2025-11-21 05:13:56', '2025-11-28 02:50:19'),
	(52, 32, 'Peso: 1kg', '{"Peso": "1kg"}', 'ARZ-IBERIA-1KG', 0.00, NULL, 100, NULL, NULL, 'Peso: 1kg - Arroz Blanco Iberia', 1, '2025-11-21 05:13:56', '2025-11-21 05:13:56'),
	(53, 32, 'Peso: 5kg', '{"Peso": "5kg"}', 'ARZ-IBERIA-5KG', 0.00, NULL, 50, NULL, NULL, 'Peso: 5kg - Arroz Blanco Iberia', 1, '2025-11-21 05:13:56', '2025-11-21 05:13:56'),
	(54, 33, 'Peso: 1kg', '{"Peso": "1kg"}', 'HAR-IBERIA-1KG', 0.00, NULL, 100, NULL, NULL, 'Peso: 1kg - Harina de Maíz Precocida Iberia', 1, '2025-11-21 05:13:56', '2025-11-21 05:13:56'),
	(55, 33, 'Peso: 5kg', '{"Peso": "5kg"}', 'HAR-IBERIA-5KG', 0.00, NULL, 50, NULL, NULL, 'Peso: 5kg - Harina de Maíz Precocida Iberia', 1, '2025-11-21 05:13:56', '2025-11-21 05:13:56'),
	(56, 34, 'Peso: 1kg', '{"Peso": "1kg"}', 'ARZ-BOKA-1KG', 0.00, NULL, 100, NULL, NULL, 'Peso: 1kg - Arroz Blanco Boka', 1, '2025-11-21 05:13:56', '2025-11-21 05:13:56'),
	(57, 34, 'Peso: 5kg', '{"Peso": "5kg"}', 'ARZ-BOKA-5KG', 0.00, NULL, 50, NULL, NULL, 'Peso: 5kg - Arroz Blanco Boka', 1, '2025-11-21 05:13:56', '2025-11-21 05:13:56'),
	(58, 35, 'Peso: 1kg', '{"Peso": "1kg"}', 'HAR-BOKA-1KG', 0.00, NULL, 100, NULL, NULL, 'Peso: 1kg - Harina de Maíz Precocida Boka', 1, '2025-11-21 05:13:56', '2025-11-21 05:13:56'),
	(59, 35, 'Peso: 5kg', '{"Peso": "5kg"}', 'HAR-BOKA-5KG', 0.00, NULL, 50, NULL, NULL, 'Peso: 5kg - Harina de Maíz Precocida Boka', 1, '2025-11-21 05:13:56', '2025-11-21 05:13:56'),
	(60, 36, 'Peso: 1kg', '{"Peso": "1kg"}', 'ARZ-COAMO-1KG', 0.00, NULL, 100, NULL, NULL, 'Peso: 1kg - Arroz Blanco Coamo', 1, '2025-11-21 05:13:56', '2025-11-21 05:13:56'),
	(61, 36, 'Peso: 5kg', '{"Peso": "5kg"}', 'ARZ-COAMO-5KG', 0.00, NULL, 50, NULL, NULL, 'Peso: 5kg - Arroz Blanco Coamo', 1, '2025-11-21 05:13:56', '2025-11-21 05:13:56'),
	(62, 37, 'Peso: 1kg', '{"Peso": "1kg"}', 'HAR-COAMO-1KG', 0.00, NULL, 100, NULL, NULL, 'Peso: 1kg - Harina de Maíz Precocida Coamo', 1, '2025-11-21 05:13:56', '2025-11-21 05:13:56'),
	(63, 37, 'Peso: 5kg', '{"Peso": "5kg"}', 'HAR-COAMO-5KG', 0.00, NULL, 50, NULL, NULL, 'Peso: 5kg - Harina de Maíz Precocida Coamo', 1, '2025-11-21 05:13:56', '2025-11-21 05:13:56'),
	(64, 38, 'Peso: 1kg', '{"Peso": "1kg"}', 'ARZ-PRINGLES-1KG', 0.00, NULL, 100, NULL, NULL, 'Peso: 1kg - Arroz Blanco Pringles', 1, '2025-11-21 05:13:56', '2025-11-21 05:13:56'),
	(65, 38, 'Peso: 5kg', '{"Peso": "5kg"}', 'ARZ-PRINGLES-5KG', 0.00, NULL, 50, NULL, NULL, 'Peso: 5kg - Arroz Blanco Pringles', 1, '2025-11-21 05:13:56', '2025-11-21 05:13:56'),
	(66, 39, 'Peso: 1kg', '{"Peso": "1kg"}', 'HAR-PRINGLES-1KG', 0.00, NULL, 100, NULL, NULL, 'Peso: 1kg - Harina de Maíz Precocida Pringles', 1, '2025-11-21 05:13:56', '2025-11-21 05:13:56'),
	(67, 39, 'Peso: 5kg', '{"Peso": "5kg"}', 'HAR-PRINGLES-5KG', 0.00, NULL, 50, NULL, NULL, 'Peso: 5kg - Harina de Maíz Precocida Pringles', 1, '2025-11-21 05:13:56', '2025-11-21 05:13:56'),
	(68, 40, 'Peso: 1kg', '{"Peso": "1kg"}', 'ARZ-TOM-1KG', 0.00, NULL, 100, NULL, NULL, 'Peso: 1kg - Arroz Blanco Tom', 1, '2025-11-21 05:13:56', '2025-11-21 05:13:56'),
	(69, 40, 'Peso: 5kg', '{"Peso": "5kg"}', 'ARZ-TOM-5KG', 0.00, NULL, 50, NULL, NULL, 'Peso: 5kg - Arroz Blanco Tom', 1, '2025-11-21 05:13:56', '2025-11-21 05:13:56'),
	(70, 41, 'Peso: 1kg', '{"Peso": "1kg"}', 'HAR-TOM-1KG', 0.00, NULL, 100, NULL, NULL, 'Peso: 1kg - Harina de Maíz Precocida Tom', 1, '2025-11-21 05:13:56', '2025-11-21 05:13:56'),
	(71, 41, 'Peso: 5kg', '{"Peso": "5kg"}', 'HAR-TOM-5KG', 0.00, NULL, 50, NULL, NULL, 'Peso: 5kg - Harina de Maíz Precocida Tom', 1, '2025-11-21 05:13:56', '2025-11-21 05:13:56'),
	(72, 42, 'Cantidad: 1 und', '{"Cantidad": "1 und"}', 'CHI-APU-1', 0.00, NULL, 1000, NULL, NULL, 'Cantidad: 1 und - Chimo el apureño', 1, '2025-11-21 05:13:56', '2025-11-21 05:13:56'),
	(73, 43, 'Cantidad: 1 und', '{"Cantidad": "1 und"}', 'CHI-TIG-AMA', 0.00, NULL, 200, NULL, NULL, 'Cantidad: 1 und - Chimo El Tigrito Amarillo', 1, '2025-11-21 05:13:56', '2025-11-21 05:13:56'),
	(74, 44, 'Cantidad: 1 und', '{"Cantidad": "1 und"}', 'CIG-LUC-NOV', 0.00, NULL, 100, NULL, NULL, 'Cantidad: 1 und - Cigarrillos Nova Lucky Strike', 1, '2025-11-21 05:13:56', '2025-11-21 05:13:56'),
	(75, 45, 'Cantidad: 1 und', '{"Cantidad": "1 und"}', 'CIG-LUC-RED', 0.00, NULL, 100, NULL, NULL, 'Cantidad: 1 und - Cigarrillos Lucky Strike Red', 1, '2025-11-21 05:13:56', '2025-11-21 05:13:56'),
	(76, 46, 'Cantidad: 1 und', '{"Cantidad": "1 und"}', 'CIG-LUC-ECL', 0.00, NULL, 100, NULL, NULL, 'Cantidad: 1 und - Cigarros Eclipse Lucky Strike', 1, '2025-11-21 05:13:56', '2025-11-21 05:13:56'),
	(77, 47, 'Cantidad: 10 und', '{"Cantidad": "10 und"}', 'CIG-BEL-10', 0.00, NULL, 100, NULL, NULL, 'Cantidad: 10 und - Cigarros 10und Belmont', 1, '2025-11-21 05:13:56', '2025-11-21 05:13:56'),
	(78, 48, 'Cantidad: 20 und', '{"Cantidad": "20 und"}', 'CIG-BEL-20', 0.00, NULL, 100, NULL, NULL, 'Cantidad: 20 und - Cigarros 20und Belmont', 1, '2025-11-21 05:13:56', '2025-11-21 05:13:56'),
	(79, 49, 'Cantidad: 1 und', '{"Cantidad": "1 und"}', 'CIG-PAL-GRAN', 0.00, NULL, 100, NULL, NULL, 'Cantidad: 1 und - Cigarrillos Grandes Pall Mall', 1, '2025-11-21 05:13:56', '2025-11-21 05:13:56'),
	(80, 50, 'Cantidad: 1 und', '{"Cantidad": "1 und"}', 'CIG-VIC-UND', 0.00, NULL, 100, NULL, NULL, 'Cantidad: 1 und - Cigarros Viceroy', 1, '2025-11-21 05:13:56', '2025-11-21 05:13:56'),
	(81, 51, 'Cantidad: 20 und', '{"Cantidad: 20 und": "20 und"}', 'CIGARROS-20UND-UNIVERSAL-9NXB', 0.00, 0.00, 100, NULL, NULL, 'Cantidad: 20 und - Cigarros 20und Universal', 1, '2025-11-21 05:13:56', '2025-11-28 01:37:30'),
	(82, 52, 'Cantidad: 20 und', '{"Cantidad": "20 und"}', 'CIG-COS-20', 0.00, NULL, 100, NULL, NULL, 'Cantidad: 20 und - Cigarrillos Cosmic 20und', 1, '2025-11-21 05:13:56', '2025-11-21 05:13:56'),
	(83, 53, 'Cantidad: 20 und', '{"Cantidad": "20 und"}', 'MAR-RED-20', 0.00, NULL, 80, NULL, NULL, 'Cantidad: 20 und - Marlboro Red 20und', 1, '2025-11-21 05:13:56', '2025-11-21 05:13:56'),
	(84, 54, 'Cantidad: 20 und', '{"Cantidad": "20 und"}', 'MAR-GOL-20', 0.00, NULL, 75, NULL, NULL, 'Cantidad: 20 und - Marlboro Gold 20und', 1, '2025-11-21 05:13:56', '2025-11-21 05:13:56'),
	(85, 55, 'Cantidad: 20 und', '{"Cantidad": "20 und"}', 'MAR-MEN-20', 0.00, NULL, 70, NULL, NULL, 'Cantidad: 20 und - Marlboro Menthol 20und', 1, '2025-11-21 05:13:56', '2025-11-21 05:13:56'),
	(86, 56, 'Cantidad: 20 und', '{"Cantidad": "20 und"}', 'CAM-BLU-20', 0.00, NULL, 85, NULL, NULL, 'Cantidad: 20 und - Camel Blue 20und', 1, '2025-11-21 05:13:56', '2025-11-21 05:13:56'),
	(87, 57, 'Cantidad: 20 und', '{"Cantidad": "20 und"}', 'CAM-YEL-20', 0.00, NULL, 80, NULL, NULL, 'Cantidad: 20 und - Camel Yellow 20und', 1, '2025-11-21 05:13:56', '2025-11-21 05:13:56'),
	(88, 58, 'Peso: 110g', '{"Peso": "110g"}', 'PRI-ORI-110', 0.00, NULL, 100, NULL, NULL, 'Peso: 110g - Pringles Original', 1, '2025-11-21 05:13:56', '2025-11-21 05:13:56'),
	(89, 58, 'Peso: 158g', '{"Peso": "158g"}', 'PRI-ORI-158', 1.20, NULL, 80, NULL, NULL, 'Peso: 158g - Pringles Original', 1, '2025-11-21 05:13:56', '2025-11-21 05:13:56'),
	(90, 59, 'Peso: 110g', '{"Peso": "110g"}', 'PRI-CYC-110', 0.00, NULL, 100, NULL, NULL, 'Peso: 110g - Pringles Crema y Cebolla', 1, '2025-11-21 05:13:56', '2025-11-21 05:13:56'),
	(91, 59, 'Peso: 158g', '{"Peso": "158g"}', 'PRI-CYC-158', 1.20, NULL, 80, NULL, NULL, 'Peso: 158g - Pringles Crema y Cebolla', 1, '2025-11-21 05:13:56', '2025-11-21 05:13:56'),
	(92, 60, 'Peso: 110g', '{"Peso": "110g"}', 'PRI-QUE-110', 0.00, NULL, 100, NULL, NULL, 'Peso: 110g - Pringles Queso Cheddar', 1, '2025-11-21 05:13:57', '2025-11-21 05:13:57'),
	(93, 60, 'Peso: 158g', '{"Peso": "158g"}', 'PRI-QUE-158', 1.20, NULL, 80, NULL, NULL, 'Peso: 158g - Pringles Queso Cheddar', 1, '2025-11-21 05:13:57', '2025-11-21 05:13:57'),
	(94, 61, 'Peso: 110g', '{"Peso": "110g"}', 'PRI-BBQ-110', 0.00, NULL, 100, NULL, NULL, 'Peso: 110g - Pringles Barbacoa BBQ', 1, '2025-11-21 05:13:57', '2025-11-21 05:13:57'),
	(95, 61, 'Peso: 158g', '{"Peso": "158g"}', 'PRI-BBQ-158', 1.20, NULL, 80, NULL, NULL, 'Peso: 158g - Pringles Barbacoa BBQ', 1, '2025-11-21 05:13:57', '2025-11-21 05:13:57'),
	(96, 62, 'Peso: 110g', '{"Peso": "110g"}', 'PRI-RAN-110', 0.00, NULL, 100, NULL, NULL, 'Peso: 110g - Pringles Ranch', 1, '2025-11-21 05:13:57', '2025-11-21 05:13:57'),
	(97, 62, 'Peso: 158g', '{"Peso": "158g"}', 'PRI-RAN-158', 1.20, NULL, 80, NULL, NULL, 'Peso: 158g - Pringles Ranch', 1, '2025-11-21 05:13:57', '2025-11-21 05:13:57'),
	(98, 63, 'Peso: 110g', '{"Peso": "110g"}', 'PRI-PIZ-110', 0.00, NULL, 100, NULL, NULL, 'Peso: 110g - Pringles Pizza', 1, '2025-11-21 05:13:57', '2025-11-21 05:13:57'),
	(99, 63, 'Peso: 158g', '{"Peso": "158g"}', 'PRI-PIZ-158', 1.20, NULL, 80, NULL, NULL, 'Peso: 158g - Pringles Pizza', 1, '2025-11-21 05:13:57', '2025-11-21 05:13:57'),
	(100, 64, 'Peso: 124g', '{"Peso": "124g"}', 'PRI-ENC-124', 0.00, NULL, 100, NULL, NULL, 'Peso: 124g - Pringles Enchilada', 1, '2025-11-21 05:13:57', '2025-11-21 05:13:57'),
	(101, 65, 'Peso: 124g', '{"Peso": "124g"}', 'PRI-HAB-124', 0.00, NULL, 100, NULL, NULL, 'Peso: 124g - Pringles Habanero', 1, '2025-11-21 05:13:57', '2025-11-21 05:13:57'),
	(102, 66, 'Peso: 140gr', '{"Peso": "140gr"}', 'TOS-TOM-AG-140', 0.00, NULL, 100, NULL, NULL, 'Peso: 140gr - Tostones con Ajo Tom', 1, '2025-11-21 05:13:57', '2025-11-21 05:13:57'),
	(103, 66, 'Peso: 80gr', '{"Peso": "80gr"}', 'TOS-TOM-AG-80', -0.56, NULL, 100, NULL, NULL, 'Peso: 80gr - Tostones con Ajo Tom', 1, '2025-11-21 05:13:57', '2025-11-21 05:13:57'),
	(104, 66, 'Peso: 28gr', '{"Peso": "28gr"}', 'TOS-TOM-AG-28', -1.11, NULL, 100, NULL, NULL, 'Peso: 28gr - Tostones con Ajo Tom', 1, '2025-11-21 05:13:57', '2025-11-21 05:13:57'),
	(105, 67, 'Peso: 140gr', '{"Peso": "140gr"}', 'TOS-TOM-NAT-140', 0.00, NULL, 100, NULL, NULL, 'Peso: 140gr - Tostones Natural Tom', 1, '2025-11-21 05:13:57', '2025-11-21 05:13:57'),
	(106, 67, 'Peso: 80gr', '{"Peso": "80gr"}', 'TOS-TOM-NAT-80', -0.56, NULL, 100, NULL, NULL, 'Peso: 80gr - Tostones Natural Tom', 1, '2025-11-21 05:13:57', '2025-11-21 05:13:57'),
	(107, 67, 'Peso: 28gr', '{"Peso": "28gr"}', 'TOS-TOM-NAT-28', -1.11, NULL, 100, NULL, NULL, 'Peso: 28gr - Tostones Natural Tom', 1, '2025-11-21 05:13:57', '2025-11-21 05:13:57'),
	(108, 68, 'Caja: 24 x 1 und', '{"Caja: 24 x 1 und": "24 x 1 und"}', 'PIN-POP-BOMBA-GIGANTE-24X1-YFEU', 0.00, 0.00, 30, NULL, NULL, 'Caja: 24 x 1 und - Pin Pop Bomba Gigante 24x1', 1, '2025-11-21 05:13:57', '2025-11-28 02:41:01'),
	(109, 69, 'Caja: 48 x 1 und', '{"Caja: 48 x 1 und": "48 x 1 und"}', 'PIN-POP-BOMBA-GIGANTE-48X1-FQIX', 0.00, 0.00, 15, NULL, NULL, 'Caja: 48 x 1 und - Pin Pop Bomba Gigante 48x1', 1, '2025-11-21 05:13:57', '2025-11-28 02:41:37'),
	(110, 70, 'Caja: Surtidos', '{"Caja: Surtidos": "Surtidos"}', 'PIN-POP-BOMBA-SURTIDOS-AYXO', 0.00, 0.00, 40, NULL, NULL, 'Caja: Surtidos - Pin Pop Bomba Surtidos', 1, '2025-11-21 05:13:57', '2025-11-28 02:42:07'),
	(111, 71, 'Caja: 24 x 1 und', '{"Caja: 24 x 1 und": "24 x 1 und"}', 'PIN-POP-GIGANTE-MORA-FRESA-24X1-WTRV', 0.00, 0.00, 25, NULL, NULL, 'Caja: 24 x 1 und - Pin Pop Gigante Mora Fresa 24x1', 1, '2025-11-21 05:13:57', '2025-11-28 02:43:13'),
	(112, 72, 'Peso: 83g', '{"Peso: 83g": "83g"}', 'TAM-CIKOLATAM-83G-ARNC', 0.00, 0.00, 60, NULL, NULL, 'Peso: 83g - Tam Cikolatam 83g', 1, '2025-11-21 05:13:57', '2025-11-28 02:56:47'),
	(113, 73, 'Volumen: 1L', '{"Volumen": "1L"}', 'CLO-LIM-EXT-1L', 0.00, NULL, 75, NULL, NULL, 'Volumen: 1L - Cloro Limpieza Extrema 1L', 1, '2025-11-21 05:13:57', '2025-11-21 05:13:57'),
	(114, 74, 'Peso: 500g', '{"Peso": "500g"}', 'ALIVE-AZUL-EGNJ', 0.00, 0.00, 100, NULL, NULL, 'Peso: 500g - Alive Azul', 1, '2025-11-21 05:13:57', '2025-11-27 23:42:29'),
	(115, 74, 'Peso: 1kg', '{"Peso": "1kg"}', 'ALIVE-AZUL-EGNJ', 1.50, 0.00, 80, NULL, NULL, 'Peso: 1kg - Alive Azul', 1, '2025-11-21 05:13:57', '2025-11-27 23:42:29'),
	(116, 75, 'Peso: 500g', '{"Peso": "500g"}', 'ALIVE-MORADO-V3GU', 0.00, 0.00, 100, NULL, NULL, 'Peso: 500g - Alive Morado', 1, '2025-11-21 05:13:57', '2025-11-27 23:40:47'),
	(117, 75, 'Peso: 1kg', '{"Peso": "1kg"}', 'ALIVE-MORADO-V3GU', 1.50, 0.00, 80, NULL, NULL, 'Peso: 1kg - Alive Morado', 1, '2025-11-21 05:13:57', '2025-11-27 23:40:47'),
	(118, 76, 'Peso: 500g', '{"Peso": "500g"}', 'ALIVE-VERDE-PAC4', 0.00, 0.00, 100, NULL, NULL, 'Peso: 500g - Alive Verde', 1, '2025-11-21 05:13:57', '2025-11-27 23:40:27'),
	(119, 76, 'Peso: 1kg', '{"Peso": "1kg"}', 'ALIVE-VERDE-PAC4', 1.50, 0.00, 80, NULL, NULL, 'Peso: 1kg - Alive Verde', 1, '2025-11-21 05:13:57', '2025-11-27 23:40:27'),
	(123, 79, 'Peso: 500g', '{"Peso": "500g"}', 'ALIVE-BLANCO-IX9P', 0.00, 0.00, 100, NULL, NULL, 'Peso: 500g - Alive Blanco', 1, '2025-11-21 05:13:57', '2025-11-27 23:37:24'),
	(124, 80, 'Peso: 500g', '{"Peso": "500g"}', 'ALIVE-ROSADO-4XJS', 0.00, 0.00, 100, NULL, NULL, 'Peso: 500g - Alive Rosado', 1, '2025-11-21 05:13:57', '2025-11-27 23:36:17'),
	(125, 81, 'Cantidad: 10 und', '{"Cantidad": "10 und"}', 'ALIVE-TOALLAS-FEMENINAS-THTI', 0.00, 0.00, 80, NULL, NULL, 'Cantidad: 10 und - Alive Toallas Femeninas', 1, '2025-11-21 05:13:57', '2025-11-27 23:35:46'),
	(126, 82, 'Cantidad: 8 und', '{"Cantidad": "8 und"}', 'TOALLAS-ALIVE-NOCTURNAS-9VSS', 0.00, 0.00, 70, NULL, NULL, 'Cantidad: 8 und - Toallas Alive Nocturnas', 1, '2025-11-21 05:13:57', '2025-11-27 23:33:36'),
	(129, 84, 'size', '{"Size": "1000ml"}', 'OSO-BLANCO-CLORO-GEL-W6L5', 1.00, 0.00, 80, NULL, NULL, 'Presentación: 1000ml - Oso Blanco Cloro Gel', 1, '2025-11-21 05:13:57', '2025-11-28 01:17:19'),
	(130, 85, 'Presentación: Paquete de 4 rollos', '{"Presentación": "Paquete de 4 rollos"}', 'OSO-CL-PAPER-500', 0.00, NULL, 100, NULL, NULL, 'Presentación: Paquete de 4 rollos - Papel Higienico Luciano', 1, '2025-11-21 05:13:57', '2025-11-21 05:13:57'),
	(139, 90, 'Presentación: 1000ml', '{"Presentación: 1000ml": "1000ml"}', 'OSO-BLANCO-DESINFECTANTE-LAVANDA-RRWM', 0.00, 0.00, 100, NULL, NULL, 'Presentación: 1000ml - Oso Blanco Desinfectante Lavanda', 1, '2025-11-21 05:13:57', '2025-11-28 01:26:30'),
	(140, 91, 'Presentación: 1000ml', '{"Presentación: 1000ml": "1000ml"}', 'OSO-BLANCO-DESINFECTANTE-MANZANA-B9Y8', 0.00, 0.00, 100, NULL, NULL, 'Presentación: 1000ml - Oso Blanco Desinfectante Manzana', 1, '2025-11-21 05:13:57', '2025-11-28 01:27:00'),
	(141, 92, 'Presentación: 1000ml', '{"Presentación": "1000ml"}', 'OSO-DES-CHR', 0.00, NULL, 100, NULL, NULL, 'Presentación: 1000ml - Oso Blanco Desinfectante Cherry', 1, '2025-11-21 05:13:57', '2025-11-21 05:13:57'),
	(142, 93, 'Presentación: 1000ml', '{"Presentación: 1000ml": "1000ml"}', 'OSO-BLANCO-DESINFECTANTE-FRESCA-SENSACION-EVPI', 0.00, 0.00, 100, NULL, NULL, 'Presentación: 1000ml - Oso Blanco Desinfectante Fresca Sensación', 1, '2025-11-21 05:13:57', '2025-11-28 01:30:57'),
	(143, 94, 'Presentación: 1000ml', '{"Presentación: 1000ml": "1000ml"}', 'DESINFECTANTE-OSO-BLANCO-INTENSA-FLORAL-WIFI', 0.00, 0.00, 95, NULL, NULL, 'Presentación: 1000ml - Desinfectante Oso Blanco Intensa Floral', 1, '2025-11-21 05:13:57', '2025-11-28 01:31:28'),
	(145, 96, 'Peso: 500g', '{"Peso": "500g"}', 'LIMPIAPISOS-EN-POLVO-AROMAX-ABWO', 0.00, NULL, 90, NULL, NULL, 'Peso: 500g - Limpiapisos en Polvo Aromax', 1, '2025-11-21 05:13:57', '2025-11-21 07:27:28'),
	(146, 97, 'Volumen: 900ml', '{"Volumen: 900ml": "900ml"}', 'SUAVITEL-CUIDADO-SUPERIOR-FRESCURA-DE-MANZANA-Z6D6', 0.00, 0.00, 70, NULL, NULL, 'Volumen: 900ml - Suavitel Cuidado Superior Frescura de Manzana', 1, '2025-11-21 05:13:57', '2025-11-28 01:14:40'),
	(147, 98, 'Volumen: 900ml', '{"Volumen: 900ml": "900ml"}', 'SUAVITEL-CUIDADO-SUPERIOR-FRESCURA-DE-PRIMAVERA-7F2N', 0.00, 0.00, 70, NULL, NULL, 'Volumen: 900ml - Suavitel Cuidado Superior Frescura de Primavera', 1, '2025-11-21 05:13:57', '2025-11-28 01:14:18'),
	(148, 99, 'Volumen: 900ml', '{"Volumen: 900ml": "900ml"}', 'SUAVITEL-CUIDADO-SUPERIOR-FRESA-Y-CHOCOLATE-QQGY', 0.00, 0.00, 65, NULL, NULL, 'Volumen: 900ml - Suavitel Cuidado Superior Fresa y Chocolate', 1, '2025-11-21 05:13:57', '2025-11-28 01:13:51'),
	(149, 100, 'Cantidad: 100 und', '{"Cantidad": "100 und"}', 'SERVILLETAS-BLUE-SOFTY-EKUT', 0.00, NULL, 120, NULL, NULL, 'Cantidad: 100 und - Servilletas Blue Softy', 1, '2025-11-21 05:13:57', '2025-11-27 23:22:39'),
	(150, 101, 'Presentación: 300ml', '{"Presentación: 300ml": "300ml"}', 'NUTRIBELA-BIOKERATINA-BE4N', 0.00, 0.00, 50, NULL, NULL, 'Presentación: 300ml - Nutribela Biokeratina', 1, '2025-11-21 05:13:57', '2025-11-28 02:59:43'),
	(151, 101, 'Presentación: 12 sobres', '{"Presentación: 12 sobres": "12 sobres"}', 'NUTRIBELA-BIOKERATINA-BE4N', 1.90, 0.00, 100, NULL, NULL, 'Presentación: 12 sobres - Nutribela Biokeratina', 1, '2025-11-21 05:13:57', '2025-11-28 02:59:43'),
	(152, 102, 'Presentación: 300ml', '{"Presentación: 300ml": "300ml"}', 'NUTRIBELA-ENZIMOTERAPIA-GQGI', 0.00, 0.00, 50, NULL, NULL, 'Presentación: 300ml - Nutribela Enzimoterapia', 1, '2025-11-21 05:13:57', '2025-11-28 03:00:59'),
	(153, 102, 'Presentación: 12 sobres', '{"Presentación: 12 sobres": "12 sobres"}', 'NUTRIBELA-ENZIMOTERAPIA-GQGI', 1.67, 0.00, 100, NULL, NULL, 'Presentación: 12 sobres - Nutribela Enzimoterapia', 1, '2025-11-21 05:13:57', '2025-11-28 03:00:59'),
	(154, 103, 'Presentación: 300ml', '{"Presentación: 300ml": "300ml"}', 'NUTRIBELA-CELULAS-MADRES-CIV2', 0.00, 0.00, 50, NULL, NULL, 'Presentación: 300ml - Nutribela Células Madres', 1, '2025-11-21 05:13:57', '2025-11-28 03:01:48'),
	(155, 103, 'Presentación: 12 sobres', '{"Presentación: 12 sobres": "12 sobres"}', 'NUTRIBELA-CELULAS-MADRES-CIV2', 1.90, 0.00, 100, NULL, NULL, 'Presentación: 12 sobres - Nutribela Células Madres', 1, '2025-11-21 05:13:57', '2025-11-28 03:01:48'),
	(156, 104, 'Presentación: 300ml', '{"Presentación: 300ml": "300ml"}', 'NUTRIBELA-PRO-HIALURONICO-9OPM', 0.00, 0.00, 50, NULL, NULL, 'Presentación: 300ml - Nutribela Pro Hialurónico', 1, '2025-11-21 05:13:57', '2025-11-28 03:02:40'),
	(157, 104, 'Presentación: 12 sobres', '{"Presentación: 12 sobres": "12 sobres"}', 'NUTRIBELA-PRO-HIALURONICO-9OPM', 1.90, 0.00, 100, NULL, NULL, 'Presentación: 12 sobres - Nutribela Pro Hialurónico', 1, '2025-11-21 05:13:57', '2025-11-28 03:02:40'),
	(162, 107, 'Presentación: 300ml', '{"Presentación: 300ml": "300ml"}', 'NUTRIBELA-NUTRICION-AVANZADA-MP8U', 0.00, 0.00, 50, NULL, NULL, 'Presentación: 300ml - Nutribela Nutrición Avanzada', 1, '2025-11-21 05:13:57', '2025-11-28 03:04:46'),
	(163, 107, 'Presentación: 12 sobres', '{"Presentación: 12 sobres": "12 sobres"}', 'NUTRIBELA-NUTRICION-AVANZADA-MP8U', 1.90, 0.00, 100, NULL, NULL, 'Presentación: 12 sobres - Nutribela Nutrición Avanzada', 1, '2025-11-21 05:13:57', '2025-11-28 03:04:46'),
	(164, 108, 'Presentación: 300ml', '{"Presentación: 300ml": "300ml"}', 'NUTRIBELA-REPOLARIZACION-EN-FRIO-WB2B', 0.00, 0.00, 50, NULL, NULL, 'Presentación: 300ml - Nutribela Repolarización en Frío', 1, '2025-11-21 05:13:57', '2025-11-28 03:05:46'),
	(165, 108, 'Presentación: 12 sobres', '{"Presentación: 12 sobres": "12 sobres"}', 'NUTRIBELA-REPOLARIZACION-EN-FRIO-WB2B', 1.90, 0.00, 100, NULL, NULL, 'Presentación: 12 sobres - Nutribela Repolarización en Frío', 1, '2025-11-21 05:13:57', '2025-11-28 03:05:46'),
	(166, 109, 'Presentación: 12 x 15ml', '{"Presentación": "12 x 15ml"}', '', 0.00, NULL, 80, NULL, NULL, 'Presentación: 12 x 15ml - Nutribella15 Acondicionador 12x15ml Con células madres', 1, '2025-11-21 05:13:57', '2025-11-21 07:30:18'),
	(167, 110, 'Presentación: 12 x 15ml', '{"Presentación": "12 x 15ml"}', '', 0.00, NULL, 85, NULL, NULL, 'Presentación: 12 x 15ml - Nutribella15 Shampoo 12x15ml Reparación Intensiva', 1, '2025-11-21 05:13:57', '2025-11-21 07:45:40'),
	(168, 111, 'Presentación: 12 x 1 und', '{"Presentación: 12 x 1 und": "12 x 1 und"}', 'NUTRIBELLA15-TRATAMIENTO-CAPILAR-12X1-YAQI', 0.00, 0.00, 60, NULL, NULL, 'Presentación: 12 x 1 und - Nutribella15 Tratamiento Capilar 12x1', 1, '2025-11-21 05:13:57', '2025-11-28 02:07:43'),
	(169, 112, 'Presentación: 12 x 15ml', '{"Presentación": "12 x 15ml"}', 'NUTRIBELLA15-ACONDICIONADOR-12X15ML-ENZIMOTERAPIA-6QCD', 0.00, NULL, 80, NULL, NULL, 'Presentación: 12 x 15ml - Nutribella15 Acondicionador 12x15ml Enzimoterapia', 1, '2025-11-21 05:13:57', '2025-11-21 07:32:28'),
	(170, 113, 'Presentación: 12 x 15ml', '{"Presentación": "12 x 15ml"}', 'NUTRIBELLA15-ACONDICIONADOR-12X15ML-PRO-HIALURONICO-9FLE', 0.00, NULL, 80, NULL, NULL, 'Presentación: 12 x 15ml - Nutribella15 Acondicionador 12x15ml Pro hialurónico', 1, '2025-11-21 05:13:57', '2025-11-21 07:33:05'),
	(171, 114, 'Presentación: 12 x 15ml', '{"Presentación": "12 x 15ml"}', 'NUTRIBELLA15-ACONDICIONADOR-12X15ML-REPARACION-INTENSIVA-QIX9', 0.00, NULL, 80, NULL, NULL, 'Presentación: 12 x 15ml - Nutribella15 Acondicionador 12x15ml Reparación Intensiva', 1, '2025-11-21 05:13:57', '2025-11-21 07:33:38'),
	(172, 115, 'Presentación: 12 x 18ml', '{"Presentación: 12 x 18ml": "12 x 18ml"}', 'NUTRIBELLA15-ACONDICIONADOR-12X18ML-PRO-HIALURONICO-91BO', 0.00, 0.00, 75, NULL, NULL, 'Presentación: 12 x 18ml - Nutribella15 Acondicionador 12x18ml Pro hialurónico', 1, '2025-11-21 05:13:57', '2025-11-28 02:08:10'),
	(175, 118, 'Presentación: 12 x 18ml', '{"Presentación": "12 x 18ml"}', '', 0.00, NULL, 80, NULL, NULL, 'Presentación: 12 x 18ml - Nutribella15 Shampoo 12x18ml Enzimoterapia', 1, '2025-11-21 05:13:57', '2025-11-21 07:46:23'),
	(178, 121, 'Presentación: 12 x 24ml', '{"Presentación": "12 x 24ml"}', 'NUTRIBELLA15-TRATAMIENTO-CAPILAR-12X24ML-ENZIMOTERAPIA-NZQA', 0.00, NULL, 55, NULL, NULL, 'Presentación: 12 x 24ml - Nutribella15 Tratamiento Capilar 12x24ml Enzimoterapia', 1, '2025-11-21 05:13:57', '2025-11-21 07:57:58'),
	(179, 122, 'Peso: 100ml', '{"Peso: 100ml": "100ml"}', 'ALIDENT-GEL-TRIPLE-ACCION-K6JI', 0.00, 0.00, 80, NULL, NULL, 'Peso: 100ml - Alident Gel Triple Acción', 1, '2025-11-21 05:13:57', '2025-11-28 01:12:06'),
	(180, 123, 'Peso: 100ml', '{"Peso: 100ml": "100ml"}', 'ALIDENT-GEL-AZUL-HTLT', 0.00, 0.00, 85, NULL, NULL, 'Peso: 100ml - Alident Gel Verde Azul', 1, '2025-11-21 05:13:57', '2025-11-28 01:11:40'),
	(181, 124, 'Peso: 100ml', '{"Peso: 100ml": "100ml"}', 'ALIDENT-GEL-VERDE-FRESCO-5SVD', 0.00, 0.00, 85, NULL, NULL, 'Peso: 100ml - Alident Gel Verde Fresco', 1, '2025-11-21 05:13:57', '2025-11-28 01:10:55'),
	(182, 125, 'Caja: 12 x 90g', '{"Caja": "12 x 90g"}', 'COLGATE-12-X-90G-PNWV', 0.00, NULL, 20, NULL, NULL, 'Caja: 12 x 90g - Colgate 12 x 90g', 1, '2025-11-21 05:13:57', '2025-11-21 05:52:44'),
	(183, 126, 'Peso: 18g', '{"Peso: 18g": "18g"}', 'LADY-SPEED-STICK-18G-SSN5', 0.00, 0.00, 60, NULL, NULL, 'Peso: 18g - Lady Speed Stick 18g', 1, '2025-11-21 05:13:57', '2025-11-28 02:52:26'),
	(184, 127, 'Peso: 18g', '{"Peso: 18g": "18g"}', '', 0.00, 0.00, 65, NULL, NULL, 'Peso: 18g - Speed Stick 18g', 1, '2025-11-21 05:13:57', '2025-11-28 02:52:47'),
	(185, 128, 'Peso: 110g', '{"Peso": "110g"}', 'JAB-ANI-ROS-110', 0.00, NULL, 100, NULL, NULL, 'Peso: 110g - Jabón Anita Rosado', 1, '2025-11-21 05:13:57', '2025-11-21 05:13:57'),
	(186, 129, 'Peso: 110g', '{"Peso": "110g"}', '', 0.00, NULL, 95, NULL, NULL, 'Peso: 110g - Jabón Frita Azul', 1, '2025-11-21 05:13:57', '2025-11-21 06:44:53'),
	(187, 130, 'Volumen: 350ml', '{"Volumen": "350ml"}', 'COC-ORI-350', 0.00, NULL, 100, NULL, NULL, 'Volumen: 350ml - Coca Cola Original 350ml', 1, '2025-11-21 05:13:57', '2025-11-21 05:13:57'),
	(188, 131, 'Volumen: 355ml', '{"Volumen": "355ml"}', '', 0.00, NULL, 120, NULL, NULL, 'Volumen: 355ml - Coca Cola Original 355ml', 1, '2025-11-21 05:13:57', '2025-11-21 05:51:32'),
	(196, 135, 'Volumen: 350ml', '{"Volumen": "350ml"}', 'PEP-ORI-350', 0.00, NULL, 100, NULL, NULL, 'Volumen: 350ml - Pepsi Original 350ml', 1, '2025-11-21 05:13:57', '2025-11-21 05:13:57'),
	(197, 136, 'Volumen: 500ml', '{"Volumen": "500ml"}', 'PEP-ORI-500', 0.00, NULL, 80, NULL, NULL, 'Volumen: 500ml - Pepsi Original 500ml', 1, '2025-11-21 05:13:57', '2025-11-21 05:13:57'),
	(198, 137, 'Volumen: 350ml', '{"Volumen": "350ml"}', 'REF-PEP-COL-350', 0.00, NULL, 120, NULL, NULL, 'Volumen: 350ml - Refresco Pepsi Cola', 1, '2025-11-21 05:13:57', '2025-11-21 05:13:57'),
	(199, 137, 'Volumen: 500ml', '{"Volumen": "500ml"}', 'REF-PEP-COL-500', 0.35, NULL, 100, NULL, NULL, 'Volumen: 500ml - Refresco Pepsi Cola', 1, '2025-11-21 05:13:57', '2025-11-21 05:13:57'),
	(200, 137, 'Volumen: 1L', '{"Volumen": "1L"}', 'REF-PEP-COL-1L', 0.75, NULL, 80, NULL, NULL, 'Volumen: 1L - Refresco Pepsi Cola', 1, '2025-11-21 05:13:57', '2025-11-21 05:13:57'),
	(201, 137, 'Volumen: 1.5L', '{"Volumen": "1.5L"}', 'REF-PEP-COL-1.5L', 1.15, NULL, 60, NULL, NULL, 'Volumen: 1.5L - Refresco Pepsi Cola', 1, '2025-11-21 05:13:57', '2025-11-21 05:13:57'),
	(202, 137, 'Volumen: 2L', '{"Volumen": "2L"}', 'REF-PEP-COL-2L', 1.55, NULL, 50, NULL, NULL, 'Volumen: 2L - Refresco Pepsi Cola', 1, '2025-11-21 05:13:57', '2025-11-21 05:13:57'),
	(203, 138, 'Volumen: 350ml', '{"Volumen": "350ml"}', 'SPR-ORI-350', 0.00, NULL, 100, NULL, NULL, 'Volumen: 350ml - Sprite Original 350ml', 1, '2025-11-21 05:13:57', '2025-11-21 05:13:57'),
	(204, 139, 'Volumen: 500ml', '{"Volumen": "500ml"}', 'SPR-ORI-500', 0.00, NULL, 80, NULL, NULL, 'Volumen: 500ml - Sprite Original 500ml', 1, '2025-11-21 05:13:57', '2025-11-21 05:13:57'),
	(205, 140, 'Volumen: 350ml', '{"Volumen": "350ml"}', 'FAN-NAR-350', 0.00, NULL, 100, NULL, NULL, 'Volumen: 350ml - Fanta Naranja 350ml', 1, '2025-11-21 05:13:57', '2025-11-21 05:13:57'),
	(206, 141, 'Volumen: 350ml', '{"Volumen": "350ml"}', 'FAN-UVA-350', 0.00, NULL, 90, NULL, NULL, 'Volumen: 350ml - Fanta Uva 350ml', 1, '2025-11-21 05:13:57', '2025-11-21 05:13:57'),
	(207, 142, 'Caja: 36 x 222ml', '{"Caja": "36 x 222ml"}', 'MAL-POL-RET-36X222', 0.00, NULL, 20, NULL, NULL, 'Caja: 36 x 222ml - Malta Retornable 36x222ml Maltil Polar', 1, '2025-11-21 05:13:57', '2025-11-21 05:13:57'),
	(208, 143, 'Caja: 12 x 250ml', '{"Caja": "12 x 250ml"}', 'MAL-POL-DES-12X250', 0.00, NULL, 30, NULL, NULL, 'Caja: 12 x 250ml - Malta Desechable 12x250ml Maltin Polar', 1, '2025-11-21 05:13:57', '2025-11-21 05:13:57'),
	(209, 144, 'Caja: 24 x 330ml', '{"Caja": "24 x 330ml"}', 'MAL-POL-LAT-24X330', 0.00, NULL, 25, NULL, NULL, 'Caja: 24 x 330ml - Malta de Lata 24x330ml Maltin Polar', 1, '2025-11-21 05:13:57', '2025-11-21 05:13:57'),
	(210, 145, 'Volumen: 1.5L', '{"Volumen": "1.5L"}', 'MAL-POL-1.5L', 0.00, NULL, 60, NULL, NULL, 'Volumen: 1.5L - Malta 1.5Lt Maltin Polar', 1, '2025-11-21 05:13:57', '2025-11-21 05:13:57'),
	(211, 146, 'Volumen: 355ml', '{"Volumen": "355ml"}', 'MAL-POL-355', 0.00, NULL, 100, NULL, NULL, 'Volumen: 355ml - Maltin 355ml', 1, '2025-11-21 05:13:57', '2025-11-21 05:13:57'),
	(212, 147, 'Volumen: 1L', '{"Volumen": "1L"}', 'LEC-CAR-ENT-1L', 0.00, NULL, 80, NULL, NULL, 'Volumen: 1L - Leche Líquida Carabobo Entera', 1, '2025-11-21 05:13:57', '2025-11-21 05:13:57'),
	(213, 148, 'Volumen: 1L', '{"Volumen": "1L"}', 'LEC-CAR-DESC-1L', 0.00, NULL, 75, NULL, NULL, 'Volumen: 1L - Leche Líquida Carabobo Descremada', 1, '2025-11-21 05:13:57', '2025-11-21 05:13:57'),
	(214, 149, 'Volumen: 1L', '{"Volumen": "1L"}', 'LEC-CAR-SEMI-1L', 0.00, NULL, 70, NULL, NULL, 'Volumen: 1L - Leche Líquida Carabobo Semi-descremada', 1, '2025-11-21 05:13:57', '2025-11-21 05:13:57'),
	(215, 150, 'Volumen: 2L', '{"Volumen": "2L"}', 'REF-FRU-COL-2L', 0.00, NULL, 50, NULL, NULL, 'Volumen: 2L - Refresco Frut Cola 2L', 1, '2025-11-21 05:13:57', '2025-11-21 05:13:57'),
	(216, 151, 'Volumen: 600ml', '{"Volumen: 600ml": "600ml"}', 'AGUA-MINALBA-600ML-GJ2R', 0.00, 0.00, 120, NULL, NULL, 'Volumen: 600ml - Agua Minalba 600ml', 1, '2025-11-21 05:13:57', '2025-11-28 03:11:14'),
	(217, 152, 'Volumen: 1L', '{"Volumen": "1L"}', 'AGU-COO-1L', 0.00, NULL, 100, NULL, NULL, 'Volumen: 1L - Agua Mineral Cool 1L', 1, '2025-11-21 05:13:57', '2025-11-21 05:13:57'),
	(219, 154, 'Volumen: 1.5L', '{"Volumen": "1.5L"}', 'AGU-VIS-1.5L', 0.00, NULL, 80, NULL, NULL, 'Volumen: 1.5L - Agua Vista 1.5L', 1, '2025-11-21 05:13:57', '2025-11-21 05:13:57'),
	(226, 161, 'Caja: 12 x 1.5L', '{"Caja": "12 x 1.5L"}', 'FRU-MAN-12X1.5', 0.00, NULL, 15, NULL, NULL, 'Caja: 12 x 1.5L - Frubys Manzana 12x1.5L', 1, '2025-11-21 05:13:57', '2025-11-21 05:13:57'),
	(227, 162, 'Caja: 12 x 1.5L', '{"Caja": "12 x 1.5L"}', 'FRU-PER-12X1.5', 0.00, NULL, 15, NULL, NULL, 'Caja: 12 x 1.5L - Frubys Pera 12x1.5L', 1, '2025-11-21 05:13:57', '2025-11-21 05:13:57'),
	(228, 163, 'Volumen: 1.5L', '{"Volumen": "1.5L"}', 'FRT-LIM-1.5L', 0.00, NULL, 60, NULL, NULL, 'Volumen: 1.5L - Frutea Limón 1.5L', 1, '2025-11-21 05:13:57', '2025-11-21 05:13:57'),
	(229, 164, 'Volumen: 1.5L', '{"Volumen": "1.5L"}', 'FRT-DUR-1.5L', 0.00, NULL, 60, NULL, NULL, 'Volumen: 1.5L - Frutea Durazno 1.5L', 1, '2025-11-21 05:13:57', '2025-11-21 05:13:57'),
	(230, 165, 'Volumen: 250ml', '{"Volumen": "250ml"}', 'FTS-PAS-250', 0.00, NULL, 80, NULL, NULL, 'Volumen: 250ml - Fruttsy Passion 250ml', 1, '2025-11-21 05:13:57', '2025-11-21 05:13:57'),
	(231, 166, 'Volumen: 250ml', '{"Volumen": "250ml"}', 'FTS-FRR-250', 0.00, NULL, 80, NULL, NULL, 'Volumen: 250ml - Fruttsy Frutos Rojos 250ml', 1, '2025-11-21 05:13:57', '2025-11-21 05:13:57'),
	(232, 167, 'Volumen: 250ml', '{"Volumen": "250ml"}', 'FTS-NAR-250', 0.00, NULL, 80, NULL, NULL, 'Volumen: 250ml - Fruttsy Naranja 250ml', 1, '2025-11-21 05:13:57', '2025-11-21 05:13:57'),
	(233, 168, 'Caja: 24 x 250ml', '{"Caja": "24 x 250ml"}', 'FTS-FRR-24X250', 0.00, NULL, 15, NULL, NULL, 'Caja: 24 x 250ml - Jugo Fruttsy Frutos Rojos 24x250ml', 1, '2025-11-21 05:13:57', '2025-11-21 05:13:57'),
	(234, 169, 'Volumen: 1.5L', '{"Volumen": "1.5L"}', 'FRY-DUR-1.5L', 0.00, NULL, 50, NULL, NULL, 'Volumen: 1.5L - Frutys Durazno 1.5L', 1, '2025-11-21 05:13:57', '2025-11-21 05:13:57'),
	(235, 170, 'Volumen: 1.5L', '{"Volumen": "1.5L"}', 'FRY-NAR-1.5L', 0.00, NULL, 50, NULL, NULL, 'Volumen: 1.5L - Frutys Naranja 1.5L', 1, '2025-11-21 05:13:57', '2025-11-21 05:13:57'),
	(236, 171, 'Volumen: 1.5L', '{"Volumen": "1.5L"}', 'FRY-MAN-1.5L', 0.00, NULL, 50, NULL, NULL, 'Volumen: 1.5L - Frutys Mandarina 1.5L', 1, '2025-11-21 05:13:57', '2025-11-21 05:13:57'),
	(237, 172, 'Volumen: 1.5L', '{"Volumen: 1.5L": "1.5L"}', 'JUGOS-EL-VALLE-NARANJA-15L-SE0C', 0.00, 0.00, 45, NULL, NULL, 'Volumen: 1.5L - Jugos El Valle Naranja 1.5L', 1, '2025-11-21 05:13:57', '2025-11-28 01:45:03'),
	(238, 173, 'Volumen: 500ml', '{"Volumen": "500ml"}', 'LIP-DUR-500', 0.00, NULL, 70, NULL, NULL, 'Volumen: 500ml - Lipton Ice Tea Durazno 500ml', 1, '2025-11-21 05:13:57', '2025-11-21 05:13:57'),
	(239, 174, 'Volumen: 500ml', '{"Volumen": "500ml"}', 'LIP-LIM-500', 0.00, NULL, 70, NULL, NULL, 'Volumen: 500ml - Lipton Ice Tea Limón 500ml', 1, '2025-11-21 05:13:57', '2025-11-21 05:13:57'),
	(240, 175, 'Volumen: 1L', '{"Volumen": "1L"}', 'JUC-PER-1L', 0.00, NULL, 60, NULL, NULL, 'Volumen: 1L - Jucosa Refrescante Pera', 1, '2025-11-21 05:13:57', '2025-11-21 05:13:57'),
	(241, 176, 'Volumen: 1L', '{"Volumen": "1L"}', 'JUC-MAN-1L', 0.00, NULL, 60, NULL, NULL, 'Volumen: 1L - Jucosa Refrescante Manzana', 1, '2025-11-21 05:13:57', '2025-11-21 05:13:57'),
	(242, 177, 'Volumen: 500ml', '{"Volumen": "500ml"}', 'NATULAC-PERA-JPIV', 0.00, 0.00, 65, NULL, NULL, 'Volumen: 1LT- Natulac Pera', 1, '2025-11-21 05:13:57', '2025-11-27 23:51:31'),
	(243, 178, 'Volumen: 500ml', '{"Volumen": "500ml"}', 'JUGO-NATULAC-MANZANA-FBIB', 0.00, 0.00, 60, NULL, NULL, 'Volumen: 500ml - Jugo Natulac Manzana', 1, '2025-11-21 05:13:57', '2025-11-27 23:50:24'),
	(244, 179, 'Volumen: 500ml', '{"Volumen": "500ml"}', 'JUGO-NATULAC-DURAZNO-BBU1', 0.00, 0.00, 60, NULL, NULL, 'Volumen: 1LT - Jugo Natulac Durazno', 1, '2025-11-21 05:13:57', '2025-11-27 23:49:32'),
	(245, 180, 'Volumen: 1L', '{"Volumen": "1L"}', 'JUG-VAL-COC-1L', 0.00, NULL, 50, NULL, NULL, 'Volumen: 1L - Jugo Valencia Coctel', 1, '2025-11-21 05:13:57', '2025-11-21 05:13:57'),
	(246, 181, 'Volumen: 1L', '{"Volumen": "1L"}', 'JUG-VAL-NAR-1L', 0.00, NULL, 55, NULL, NULL, 'Volumen: 1L - Jugo Valencia Naranjada', 1, '2025-11-21 05:13:57', '2025-11-21 05:13:57'),
	(247, 182, 'Volumen: 1L', '{"Volumen": "1L"}', 'JUG-VAL-DUR-1L', 0.00, NULL, 50, NULL, NULL, 'Volumen: 1L - Jugo Valencia Durazno', 1, '2025-11-21 05:13:57', '2025-11-21 05:13:57'),
	(248, 183, 'Volumen: 1L', '{"Volumen": "1L"}', 'JUG-VAL-PER-1L', 0.00, NULL, 50, NULL, NULL, 'Volumen: 1L - Jugo Valencia Pera', 1, '2025-11-21 05:13:57', '2025-11-21 05:13:57'),
	(249, 184, 'Volumen: 500ml', '{"Volumen": "500ml"}', 'JUG-JUS-NAR-500', 0.00, NULL, 65, NULL, NULL, 'Volumen: 500ml - Jugo Justy Naranja', 1, '2025-11-21 05:13:57', '2025-11-21 05:13:57'),
	(250, 185, 'Volumen: 500ml', '{"Volumen": "500ml"}', 'JUG-SPE-500', 0.00, NULL, 70, NULL, NULL, 'Volumen: 500ml - Jugo Speed', 1, '2025-11-21 05:13:57', '2025-11-21 05:13:57'),
	(251, 186, 'Volumen: 355ml', '{"Volumen": "355ml"}', 'JUG-SPE-LAT-355', 0.00, NULL, 80, NULL, NULL, 'Volumen: 355ml - Jugo Speed Lata', 1, '2025-11-21 05:13:57', '2025-11-21 05:13:57'),
	(252, 187, 'Volumen: 400ml', '{"Volumen: 400ml": "400ml"}', 'POWER-MAX-400ML-X14S', 0.00, 0.00, 50, NULL, NULL, 'Volumen: 400ml - Power Max 400ml', 1, '2025-11-21 05:13:57', '2025-11-28 02:44:23'),
	(253, 188, 'Caja: 100 x 1 und', '{"Caja: 100 x 1 und": "100 x 1 und"}', 'ALDOR-TAMARINDO-100X1-5X4X', 0.00, 0.00, 10, NULL, NULL, 'Caja: 100 x 1 und - Aldor Tamarindo 100x1', 1, '2025-11-21 05:13:57', '2025-11-28 01:09:57'),
	(254, 189, 'Caja: 6 x 1.5L', '{"Caja": "6 x 1.5L"}', 'FRU-FRU-6X1.5', 0.00, NULL, 25, NULL, NULL, 'Caja: 6 x 1.5L - Jugo Fruton Fruit Punch 6x1.5L', 1, '2025-11-21 05:13:57', '2025-11-21 05:13:57'),
	(255, 190, 'Caja: 6 x 1.5L', '{"Caja": "6 x 1.5L"}', 'FRU-CIT-6X1.5', 0.00, NULL, 25, NULL, NULL, 'Caja: 6 x 1.5L - Jugo Fruton Citrus Punch 6x1.5L', 1, '2025-11-21 05:13:57', '2025-11-21 05:13:57'),
	(256, 191, 'Volumen: 400ml', '{"Volumen": "400ml"}', 'GLP-NAR-400', 0.00, NULL, 120, NULL, NULL, 'Volumen: 400ml - Glup Naranja', 1, '2025-11-21 05:13:57', '2025-11-21 05:13:57'),
	(257, 191, 'Volumen: 1L', '{"Volumen": "1L"}', 'GLP-NAR-1L', 0.85, NULL, 80, NULL, NULL, 'Volumen: 1L - Glup Naranja', 1, '2025-11-21 05:13:57', '2025-11-21 05:13:57'),
	(258, 191, 'Volumen: 1.5L', '{"Volumen": "1.5L"}', 'GLP-NAR-1.5L', 1.25, NULL, 60, NULL, NULL, 'Volumen: 1.5L - Glup Naranja', 1, '2025-11-21 05:13:57', '2025-11-21 05:13:57'),
	(259, 191, 'Volumen: 2L', '{"Volumen": "2L"}', 'GLP-NAR-2L', 1.65, NULL, 50, NULL, NULL, 'Volumen: 2L - Glup Naranja', 1, '2025-11-21 05:13:57', '2025-11-21 05:13:57'),
	(260, 192, 'Volumen: 400ml', '{"Volumen": "400ml"}', 'GLP-LIM-400', 0.00, NULL, 120, NULL, NULL, 'Volumen: 400ml - Glup Limón', 1, '2025-11-21 05:13:57', '2025-11-21 05:13:57'),
	(261, 192, 'Volumen: 1L', '{"Volumen": "1L"}', 'GLP-LIM-1L', 0.85, NULL, 80, NULL, NULL, 'Volumen: 1L - Glup Limón', 1, '2025-11-21 05:13:57', '2025-11-21 05:13:57'),
	(262, 192, 'Volumen: 1.5L', '{"Volumen": "1.5L"}', 'GLP-LIM-1.5L', 1.25, NULL, 60, NULL, NULL, 'Volumen: 1.5L - Glup Limón', 1, '2025-11-21 05:13:57', '2025-11-21 05:13:57'),
	(263, 192, 'Volumen: 2L', '{"Volumen": "2L"}', 'GLP-LIM-2L', 1.65, NULL, 50, NULL, NULL, 'Volumen: 2L - Glup Limón', 1, '2025-11-21 05:13:57', '2025-11-21 05:13:57'),
	(264, 193, 'Volumen: 400ml', '{"Volumen": "400ml"}', 'GLP-UVA-400', 0.00, NULL, 115, NULL, NULL, 'Volumen: 400ml - Glup Uva', 1, '2025-11-21 05:13:57', '2025-11-21 05:13:57'),
	(265, 193, 'Volumen: 1L', '{"Volumen": "1L"}', 'GLP-UVA-1L', 0.85, NULL, 75, NULL, NULL, 'Volumen: 1L - Glup Uva', 1, '2025-11-21 05:13:57', '2025-11-21 05:13:57'),
	(266, 193, 'Volumen: 1.5L', '{"Volumen": "1.5L"}', 'GLP-UVA-1.5L', 1.25, NULL, 55, NULL, NULL, 'Volumen: 1.5L - Glup Uva', 1, '2025-11-21 05:13:57', '2025-11-21 05:13:57'),
	(267, 193, 'Volumen: 2L', '{"Volumen": "2L"}', 'GLP-UVA-2L', 1.65, NULL, 45, NULL, NULL, 'Volumen: 2L - Glup Uva', 1, '2025-11-21 05:13:57', '2025-11-21 05:13:57'),
	(268, 194, 'Volumen: 400ml', '{"Volumen": "400ml"}', 'GLP-MAN-400', 0.00, NULL, 115, NULL, NULL, 'Volumen: 400ml - Glup Manzana', 1, '2025-11-21 05:13:57', '2025-11-21 05:13:57'),
	(269, 194, 'Volumen: 1L', '{"Volumen": "1L"}', 'GLP-MAN-1L', 0.85, NULL, 75, NULL, NULL, 'Volumen: 1L - Glup Manzana', 1, '2025-11-21 05:13:57', '2025-11-21 05:13:57'),
	(270, 194, 'Volumen: 1.5L', '{"Volumen": "1.5L"}', 'GLP-MAN-1.5L', 1.25, NULL, 55, NULL, NULL, 'Volumen: 1.5L - Glup Manzana', 1, '2025-11-21 05:13:57', '2025-11-21 05:13:57'),
	(271, 194, 'Volumen: 2L', '{"Volumen": "2L"}', 'GLP-MAN-2L', 1.65, NULL, 45, NULL, NULL, 'Volumen: 2L - Glup Manzana', 1, '2025-11-21 05:13:57', '2025-11-21 05:13:57'),
	(272, 195, 'Volumen: 400ml', '{"Volumen": "400ml"}', 'GLP-TRO-400', 0.00, NULL, 110, NULL, NULL, 'Volumen: 400ml - Glup Tropical', 1, '2025-11-21 05:13:57', '2025-11-21 05:13:57'),
	(273, 195, 'Volumen: 1L', '{"Volumen": "1L"}', 'GLP-TRO-1L', 0.85, NULL, 70, NULL, NULL, 'Volumen: 1L - Glup Tropical', 1, '2025-11-21 05:13:57', '2025-11-21 05:13:57'),
	(274, 195, 'Volumen: 1.5L', '{"Volumen": "1.5L"}', 'GLP-TRO-1.5L', 1.25, NULL, 50, NULL, NULL, 'Volumen: 1.5L - Glup Tropical', 1, '2025-11-21 05:13:57', '2025-11-21 05:13:57'),
	(275, 195, 'Volumen: 2L', '{"Volumen": "2L"}', 'GLP-TRO-2L', 1.65, NULL, 40, NULL, NULL, 'Volumen: 2L - Glup Tropical', 1, '2025-11-21 05:13:57', '2025-11-21 05:13:57'),
	(276, 196, 'Volumen: 400ml', '{"Volumen": "400ml"}', 'GLP-FRE-400', 0.00, NULL, 110, NULL, NULL, 'Volumen: 400ml - Glup Fresa', 1, '2025-11-21 05:13:57', '2025-11-21 05:13:57'),
	(277, 196, 'Volumen: 1L', '{"Volumen": "1L"}', 'GLP-FRE-1L', 0.85, NULL, 70, NULL, NULL, 'Volumen: 1L - Glup Fresa', 1, '2025-11-21 05:13:57', '2025-11-21 05:13:57'),
	(278, 196, 'Volumen: 1.5L', '{"Volumen": "1.5L"}', 'GLP-FRE-1.5L', 1.25, NULL, 50, NULL, NULL, 'Volumen: 1.5L - Glup Fresa', 1, '2025-11-21 05:13:57', '2025-11-21 05:13:57'),
	(279, 196, 'Volumen: 2L', '{"Volumen": "2L"}', 'GLP-FRE-2L', 1.65, NULL, 40, NULL, NULL, 'Volumen: 2L - Glup Fresa', 1, '2025-11-21 05:13:57', '2025-11-21 05:13:57'),
	(280, 197, 'Volumen: 400ml', '{"Volumen": "400ml"}', 'GLP-COL-400', 0.00, NULL, 105, NULL, NULL, 'Volumen: 400ml - Glup Cola Negra', 1, '2025-11-21 05:13:57', '2025-11-21 05:13:57'),
	(281, 197, 'Volumen: 1L', '{"Volumen": "1L"}', 'GLP-COL-1L', 0.85, NULL, 65, NULL, NULL, 'Volumen: 1L - Glup Cola Negra', 1, '2025-11-21 05:13:57', '2025-11-21 05:13:57'),
	(282, 197, 'Volumen: 1.5L', '{"Volumen": "1.5L"}', 'GLP-COL-1.5L', 1.25, NULL, 45, NULL, NULL, 'Volumen: 1.5L - Glup Cola Negra', 1, '2025-11-21 05:13:57', '2025-11-21 05:13:57'),
	(283, 197, 'Volumen: 2L', '{"Volumen": "2L"}', 'GLP-COL-2L', 1.65, NULL, 35, NULL, NULL, 'Volumen: 2L - Glup Cola Negra', 1, '2025-11-21 05:13:57', '2025-11-21 05:13:57'),
	(284, 198, 'Volumen: 400ml', '{"Volumen": "400ml"}', 'GLP-COLI-400', 0.00, NULL, 105, NULL, NULL, 'Volumen: 400ml - Glup Colita', 1, '2025-11-21 05:13:57', '2025-11-21 05:13:57'),
	(285, 198, 'Volumen: 1L', '{"Volumen": "1L"}', 'GLP-COLI-1L', 0.85, NULL, 65, NULL, NULL, 'Volumen: 1L - Glup Colita', 1, '2025-11-21 05:13:57', '2025-11-21 05:13:57'),
	(286, 198, 'Volumen: 1.5L', '{"Volumen": "1.5L"}', 'GLP-COLI-1.5L', 1.25, NULL, 45, NULL, NULL, 'Volumen: 1.5L - Glup Colita', 1, '2025-11-21 05:13:57', '2025-11-21 05:13:57'),
	(287, 198, 'Volumen: 2L', '{"Volumen": "2L"}', 'GLP-COLI-2L', 1.65, NULL, 35, NULL, NULL, 'Volumen: 2L - Glup Colita', 1, '2025-11-21 05:13:57', '2025-11-21 05:13:57'),
	(288, 199, 'Volumen: 400ml', '{"Volumen": "400ml"}', 'GLP-FRESH-400', 0.00, NULL, 105, NULL, NULL, 'Volumen: 400ml - Glup Fresh', 1, '2025-11-21 05:13:57', '2025-11-21 05:13:57'),
	(289, 199, 'Volumen: 1L', '{"Volumen": "1L"}', 'GLP-FRESH-1L', 0.85, NULL, 65, NULL, NULL, 'Volumen: 1L - Glup Fresh', 1, '2025-11-21 05:13:57', '2025-11-21 05:13:57'),
	(290, 199, 'Volumen: 1.5L', '{"Volumen": "1.5L"}', 'GLP-FRESH-1.5L', 1.25, NULL, 45, NULL, NULL, 'Volumen: 1.5L - Glup Fresh', 1, '2025-11-21 05:13:57', '2025-11-21 05:13:57'),
	(291, 199, 'Volumen: 2L', '{"Volumen": "2L"}', 'GLP-FRESH-2L', 1.65, NULL, 35, NULL, NULL, 'Volumen: 2L - Glup Fresh', 1, '2025-11-21 05:13:57', '2025-11-21 05:13:57'),
	(292, 200, 'Volumen: 500ml', '{"Volumen": "500ml"}', 'GAT-AZU-500', 0.00, NULL, 60, NULL, NULL, 'Volumen: 500ml - Gatorade Azul', 1, '2025-11-21 05:13:57', '2025-11-21 05:13:57'),
	(293, 200, 'Volumen: 1L', '{"Volumen": "1L"}', 'GAT-AZU-1L', 1.15, NULL, 40, NULL, NULL, 'Volumen: 1L - Gatorade Azul', 1, '2025-11-21 05:13:57', '2025-11-21 05:13:57'),
	(294, 201, 'Volumen: 500ml', '{"Volumen": "500ml"}', 'GAT-MAN-500', 0.00, NULL, 60, NULL, NULL, 'Volumen: 500ml - Gatorade Mandarina', 1, '2025-11-21 05:13:57', '2025-11-21 05:13:57'),
	(295, 201, 'Volumen: 1L', '{"Volumen": "1L"}', 'GAT-MAN-1L', 1.15, NULL, 40, NULL, NULL, 'Volumen: 1L - Gatorade Mandarina', 1, '2025-11-21 05:13:57', '2025-11-21 05:13:57'),
	(296, 202, 'Volumen: 500ml', '{"Volumen": "500ml"}', 'GAT-TRO-500', 0.00, NULL, 60, NULL, NULL, 'Volumen: 500ml - Gatorade Tropical', 1, '2025-11-21 05:13:57', '2025-11-21 05:13:57'),
	(297, 202, 'Volumen: 1L', '{"Volumen": "1L"}', 'GAT-TRO-1L', 1.15, NULL, 40, NULL, NULL, 'Volumen: 1L - Gatorade Tropical', 1, '2025-11-21 05:13:57', '2025-11-21 05:13:57'),
	(302, 203, 'Volumen: 1.5L', '{"Volumen": "1.5L"}', 'AGUA-MINERAL-MI-BRISA-V216', 0.85, 0.00, 80, NULL, NULL, 'Volumen: 350ml - Agua Mineral Mi Brisa', 1, '2025-11-21 05:13:57', '2025-11-28 00:31:41'),
	(307, 204, 'Volumen: 1L', '{"Volumen": "1.5LT"}', 'AGUA-MINERAL-HEAL-BLB0', 0.55, 0.00, 100, NULL, NULL, 'Volumen: 1.5LT - Agua Mineral Heal', 1, '2025-11-21 05:13:57', '2025-11-28 00:33:32'),
	(308, 204, 'Volumen: 1.5L', '{"Volumen": "1.5L"}', 'AGUA-MINERAL-HEAL-BLB0', 0.85, 0.00, 80, NULL, NULL, 'Volumen: 1.5L - Agua Mineral Heal', 1, '2025-11-21 05:13:57', '2025-11-28 00:33:32'),
	(309, 204, 'Volumen: 2L', '{"Volumen": "5LT"}', 'AGUA-MINERAL-HEAL-BLB0', 1.15, 0.00, 70, NULL, NULL, 'Volumen: 5LT - Agua Mineral Heal', 1, '2025-11-21 05:13:57', '2025-11-28 00:33:32'),
	(310, 205, 'Volumen: 350ml', '{"Volumen": "350ml"}', 'REF-GOL-COL-350', 0.00, NULL, 120, NULL, NULL, 'Volumen: 350ml - Refresco Golden Colita', 1, '2025-11-21 05:13:57', '2025-11-21 05:13:57'),
	(311, 205, 'Volumen: 500ml', '{"Volumen": "500ml"}', 'REF-GOL-COL-500', 0.35, NULL, 100, NULL, NULL, 'Volumen: 500ml - Refresco Golden Colita', 1, '2025-11-21 05:13:57', '2025-11-21 05:13:57'),
	(312, 205, 'Volumen: 1L', '{"Volumen": "1L"}', 'REF-GOL-COL-1L', 0.75, NULL, 80, NULL, NULL, 'Volumen: 1L - Refresco Golden Colita', 1, '2025-11-21 05:13:57', '2025-11-21 05:13:57'),
	(313, 205, 'Volumen: 1.5L', '{"Volumen": "1.5L"}', 'REF-GOL-COL-1.5L', 1.15, NULL, 60, NULL, NULL, 'Volumen: 1.5L - Refresco Golden Colita', 1, '2025-11-21 05:13:57', '2025-11-21 05:13:57'),
	(314, 205, 'Volumen: 2L', '{"Volumen": "2L"}', 'REF-GOL-COL-2L', 1.55, NULL, 50, NULL, NULL, 'Volumen: 2L - Refresco Golden Colita', 1, '2025-11-21 05:13:57', '2025-11-21 05:13:57'),
	(315, 206, 'Volumen: 350ml', '{"Volumen": "350ml"}', 'REF-GOL-PIN-350', 0.00, NULL, 120, NULL, NULL, 'Volumen: 350ml - Refresco Golden Piña', 1, '2025-11-21 05:13:57', '2025-11-21 05:13:57'),
	(316, 206, 'Volumen: 500ml', '{"Volumen": "500ml"}', 'REF-GOL-PIN-500', 0.35, NULL, 100, NULL, NULL, 'Volumen: 500ml - Refresco Golden Piña', 1, '2025-11-21 05:13:57', '2025-11-21 05:13:57'),
	(317, 206, 'Volumen: 1L', '{"Volumen": "1L"}', 'REF-GOL-PIN-1L', 0.75, NULL, 80, NULL, NULL, 'Volumen: 1L - Refresco Golden Piña', 1, '2025-11-21 05:13:57', '2025-11-21 05:13:57'),
	(318, 206, 'Volumen: 1.5L', '{"Volumen": "1.5L"}', 'REF-GOL-PIN-1.5L', 1.15, NULL, 60, NULL, NULL, 'Volumen: 1.5L - Refresco Golden Piña', 1, '2025-11-21 05:13:57', '2025-11-21 05:13:57'),
	(319, 206, 'Volumen: 2L', '{"Volumen": "2L"}', 'REF-GOL-PIN-2L', 1.55, NULL, 50, NULL, NULL, 'Volumen: 2L - Refresco Golden Piña', 1, '2025-11-21 05:13:57', '2025-11-21 05:13:57'),
	(320, 207, 'Volumen: 350ml', '{"Volumen": "350ml"}', 'REF-GOL-MAN-350', 0.00, NULL, 120, NULL, NULL, 'Volumen: 350ml - Refresco Golden Manzana', 1, '2025-11-21 05:13:57', '2025-11-21 05:13:57'),
	(321, 207, 'Volumen: 500ml', '{"Volumen": "500ml"}', 'REF-GOL-MAN-500', 0.35, NULL, 100, NULL, NULL, 'Volumen: 500ml - Refresco Golden Manzana', 1, '2025-11-21 05:13:57', '2025-11-21 05:13:57'),
	(322, 207, 'Volumen: 1L', '{"Volumen": "1L"}', 'REF-GOL-MAN-1L', 0.75, NULL, 80, NULL, NULL, 'Volumen: 1L - Refresco Golden Manzana', 1, '2025-11-21 05:13:57', '2025-11-21 05:13:57'),
	(323, 207, 'Volumen: 1.5L', '{"Volumen": "1.5L"}', 'REF-GOL-MAN-1.5L', 1.15, NULL, 60, NULL, NULL, 'Volumen: 1.5L - Refresco Golden Manzana', 1, '2025-11-21 05:13:57', '2025-11-21 05:13:57'),
	(324, 207, 'Volumen: 2L', '{"Volumen": "2L"}', 'REF-GOL-MAN-2L', 1.55, NULL, 50, NULL, NULL, 'Volumen: 2L - Refresco Golden Manzana', 1, '2025-11-21 05:13:57', '2025-11-21 05:13:57'),
	(325, 208, 'Volumen: 350ml', '{"Volumen": "350ml"}', 'REF-GOL-7UP-350', 0.00, NULL, 120, NULL, NULL, 'Volumen: 350ml - Refresco Golden 7UP', 1, '2025-11-21 05:13:57', '2025-11-21 05:13:57'),
	(326, 208, 'Volumen: 500ml', '{"Volumen": "500ml"}', 'REF-GOL-7UP-500', 0.35, NULL, 100, NULL, NULL, 'Volumen: 500ml - Refresco Golden 7UP', 1, '2025-11-21 05:13:57', '2025-11-21 05:13:57'),
	(327, 208, 'Volumen: 1L', '{"Volumen": "1L"}', 'REF-GOL-7UP-1L', 0.75, NULL, 80, NULL, NULL, 'Volumen: 1L - Refresco Golden 7UP', 1, '2025-11-21 05:13:57', '2025-11-21 05:13:57'),
	(328, 208, 'Volumen: 1.5L', '{"Volumen": "1.5L"}', 'REF-GOL-7UP-1.5L', 1.15, NULL, 60, NULL, NULL, 'Volumen: 1.5L - Refresco Golden 7UP', 1, '2025-11-21 05:13:57', '2025-11-21 05:13:57'),
	(329, 208, 'Volumen: 2L', '{"Volumen": "2L"}', 'REF-GOL-7UP-2L', 1.55, NULL, 50, NULL, NULL, 'Volumen: 2L - Refresco Golden 7UP', 1, '2025-11-21 05:13:57', '2025-11-21 05:13:57'),
	(330, 209, 'Volumen: 350ml', '{"Volumen": "350ml"}', 'REF-FRE-350', 0.00, NULL, 110, NULL, NULL, 'Volumen: 350ml - Refresco Frescolita', 1, '2025-11-21 05:13:57', '2025-11-21 05:13:57'),
	(331, 209, 'Volumen: 500ml', '{"Volumen": "500ml"}', 'REF-FRE-500', 0.35, NULL, 90, NULL, NULL, 'Volumen: 500ml - Refresco Frescolita', 1, '2025-11-21 05:13:57', '2025-11-21 05:13:57'),
	(332, 209, 'Volumen: 1L', '{"Volumen": "1L"}', 'REF-FRE-1L', 0.75, NULL, 70, NULL, NULL, 'Volumen: 1L - Refresco Frescolita', 1, '2025-11-21 05:13:57', '2025-11-21 05:13:57'),
	(333, 209, 'Volumen: 1.5L', '{"Volumen": "1.5L"}', 'REF-FRE-1.5L', 1.15, NULL, 50, NULL, NULL, 'Volumen: 1.5L - Refresco Frescolita', 1, '2025-11-21 05:13:57', '2025-11-21 05:13:57'),
	(334, 209, 'Volumen: 2L', '{"Volumen": "2L"}', 'REF-FRE-2L', 1.55, NULL, 40, NULL, NULL, 'Volumen: 2L - Refresco Frescolita', 1, '2025-11-21 05:13:57', '2025-11-21 05:13:57'),
	(335, 210, 'Volumen: 350ml', '{"Volumen": "350ml"}', 'REF-CHI-350', 0.00, NULL, 100, NULL, NULL, 'Volumen: 350ml - Refresco Chinotto', 1, '2025-11-21 05:13:57', '2025-11-21 05:13:57'),
	(336, 210, 'Volumen: 500ml', '{"Volumen": "500ml"}', 'REF-CHI-500', 0.35, NULL, 80, NULL, NULL, 'Volumen: 500ml - Refresco Chinotto', 1, '2025-11-21 05:13:57', '2025-11-21 05:13:57'),
	(337, 210, 'Volumen: 1L', '{"Volumen": "1L"}', 'REF-CHI-1L', 0.75, NULL, 60, NULL, NULL, 'Volumen: 1L - Refresco Chinotto', 1, '2025-11-21 05:13:57', '2025-11-21 05:13:57'),
	(338, 210, 'Volumen: 1.5L', '{"Volumen": "1.5L"}', 'REF-CHI-1.5L', 1.15, NULL, 45, NULL, NULL, 'Volumen: 1.5L - Refresco Chinotto', 1, '2025-11-21 05:13:57', '2025-11-21 05:13:57'),
	(339, 210, 'Volumen: 2L', '{"Volumen": "2L"}', 'REF-CHI-2L', 1.55, NULL, 35, NULL, NULL, 'Volumen: 2L - Refresco Chinotto', 1, '2025-11-21 05:13:57', '2025-11-21 05:13:57'),
	(340, 211, 'Volumen: 350ml', '{"Volumen": "350ml"}', 'REF-HIT-NAR-350', 0.00, NULL, 120, NULL, NULL, 'Volumen: 350ml - Refresco Hit Naranja', 1, '2025-11-21 05:13:57', '2025-11-21 05:13:57'),
	(341, 211, 'Volumen: 500ml', '{"Volumen": "500ml"}', 'REF-HIT-NAR-500', 0.35, NULL, 100, NULL, NULL, 'Volumen: 500ml - Refresco Hit Naranja', 1, '2025-11-21 05:13:57', '2025-11-21 05:13:57'),
	(342, 211, 'Volumen: 1L', '{"Volumen": "1L"}', 'REF-HIT-NAR-1L', 0.75, NULL, 80, NULL, NULL, 'Volumen: 1L - Refresco Hit Naranja', 1, '2025-11-21 05:13:57', '2025-11-21 05:13:57'),
	(343, 211, 'Volumen: 1.5L', '{"Volumen": "1.5L"}', 'REF-HIT-NAR-1.5L', 1.15, NULL, 60, NULL, NULL, 'Volumen: 1.5L - Refresco Hit Naranja', 1, '2025-11-21 05:13:57', '2025-11-21 05:13:57'),
	(344, 211, 'Volumen: 2L', '{"Volumen": "2L"}', 'REF-HIT-NAR-2L', 1.55, NULL, 50, NULL, NULL, 'Volumen: 2L - Refresco Hit Naranja', 1, '2025-11-21 05:13:57', '2025-11-21 05:13:57'),
	(345, 212, 'Volumen: 350ml', '{"Volumen": "350ml"}', 'REF-HIT-UVA-350', 0.00, NULL, 120, NULL, NULL, 'Volumen: 350ml - Refresco Hit Uva', 1, '2025-11-21 05:13:57', '2025-11-21 05:13:57'),
	(346, 212, 'Volumen: 500ml', '{"Volumen": "500ml"}', 'REF-HIT-UVA-500', 0.35, NULL, 100, NULL, NULL, 'Volumen: 500ml - Refresco Hit Uva', 1, '2025-11-21 05:13:57', '2025-11-21 05:13:57'),
	(347, 212, 'Volumen: 1L', '{"Volumen": "1L"}', 'REF-HIT-UVA-1L', 0.75, NULL, 80, NULL, NULL, 'Volumen: 1L - Refresco Hit Uva', 1, '2025-11-21 05:13:57', '2025-11-21 05:13:57'),
	(348, 212, 'Volumen: 1.5L', '{"Volumen": "1.5L"}', 'REF-HIT-UVA-1.5L', 1.15, NULL, 60, NULL, NULL, 'Volumen: 1.5L - Refresco Hit Uva', 1, '2025-11-21 05:13:57', '2025-11-21 05:13:57'),
	(349, 212, 'Volumen: 2L', '{"Volumen": "2L"}', 'REF-HIT-UVA-2L', 1.55, NULL, 50, NULL, NULL, 'Volumen: 2L - Refresco Hit Uva', 1, '2025-11-21 05:13:57', '2025-11-21 05:13:57'),
	(352, 215, 'Peso: 160g', '{"Peso: 160g": "160g"}', 'DORITOS-MEGA-QUESO-2FYD', 0.00, 0.00, 70, NULL, NULL, 'Peso: 160g - Doritos Mega Queso', 1, '2025-11-21 05:13:57', '2025-11-28 01:35:17'),
	(353, 216, 'Peso: 50g', '{"Peso: 50g": "50g"}', 'CHEESE-TRIS-50G-JDXF', 0.00, 0.00, 100, NULL, NULL, 'Peso: 50g - Cheese Tris 50g', 1, '2025-11-21 05:13:57', '2025-11-28 01:36:55'),
	(354, 217, 'Peso: 80g', '{"Peso: 80g": "80g"}', 'PUFFY-SABOR-A-PIMIENTA-CON-LIMON-R2JD', 0.00, 0.00, 90, NULL, NULL, 'Peso: 80g - Puffy Sabor a Pimienta con Limón', 1, '2025-11-21 05:13:57', '2025-11-28 02:46:45'),
	(355, 218, 'Peso: 80g', '{"Peso: 80g": "80g"}', 'PUFFY-SABOR-A-QUESO-TZUX', 0.00, 0.00, 90, NULL, NULL, 'Peso: 80g - Puffy Sabor a Queso', 1, '2025-11-21 05:13:57', '2025-11-28 02:46:22'),
	(356, 219, 'Peso: 80g', '{"Peso: 80g": "80g"}', 'PUFFY-SABOR-A-TOMATE-CON-ALBAHACA-VRVS', 0.00, 0.00, 85, NULL, NULL, 'Peso: 80g - Puffy Sabor a Tomate con Albahaca', 1, '2025-11-21 05:13:57', '2025-11-28 02:45:52'),
	(357, 220, 'Peso: 100g', '{"Peso: 100g": "100g"}', 'SALTITACOS-X4O5', 0.00, 0.00, 80, NULL, NULL, 'Peso: 100g - Saltitacos', 1, '2025-11-21 05:13:57', '2025-11-28 02:51:01'),
	(358, 221, 'Peso: 140g', '{"Peso": "140g"}', 'LAY-CLA-140', 0.00, NULL, 90, NULL, NULL, 'Peso: 140g - Lays Clásicas', 1, '2025-11-21 05:13:57', '2025-11-21 05:13:57'),
	(359, 222, 'Peso: 140g', '{"Peso": "140g"}', 'LAY-LIM-140', 0.00, NULL, 85, NULL, NULL, 'Peso: 140g - Lays Limón', 1, '2025-11-21 05:13:57', '2025-11-21 05:13:57'),
	(360, 223, 'Peso: 150g', '{"Peso": "150g"}', 'RUF-ORI-150', 0.00, NULL, 80, NULL, NULL, 'Peso: 150g - Ruffles Original', 1, '2025-11-21 05:13:57', '2025-11-21 05:13:57'),
	(361, 224, 'Peso: 150g', '{"Peso": "150g"}', 'RUF-QUE-150', 0.00, NULL, 75, NULL, NULL, 'Peso: 150g - Ruffles Queso y Cebolla', 1, '2025-11-21 05:13:57', '2025-11-21 05:13:57'),
	(362, 225, 'Peso: 130g', '{"Peso": "130g"}', 'CHE-CRU-130', 0.00, NULL, 85, NULL, NULL, 'Peso: 130g - Cheetos Crunchy', 1, '2025-11-21 05:13:57', '2025-11-21 05:13:57'),
	(363, 226, 'Peso: 130g', '{"Peso": "130g"}', 'CHE-FLA-130', 0.00, NULL, 80, NULL, NULL, 'Peso: 130g - Cheetos Flamin Hot', 1, '2025-11-21 05:13:57', '2025-11-21 05:13:57'),
	(364, 227, 'Peso: 154g', '{"Peso": "154g"}', 'ORE-ORI-154', 0.00, NULL, 70, NULL, NULL, 'Peso: 154g - Oreo Original', 1, '2025-11-21 05:13:57', '2025-11-21 05:13:57'),
	(365, 228, 'Peso: 154g', '{"Peso": "154g"}', 'ORE-GOL-154', 0.00, NULL, 65, NULL, NULL, 'Peso: 154g - Oreo Golden', 1, '2025-11-21 05:13:57', '2025-11-21 05:13:57'),
	(366, 229, 'Peso: 200g', '{"Peso": "200g"}', 'RIT-ORI-200', 0.00, NULL, 75, NULL, NULL, 'Peso: 200g - Ritz Crackers Original', 1, '2025-11-21 05:13:57', '2025-11-21 05:13:57'),
	(367, 230, 'Peso: 200g', '{"Peso": "200g"}', 'RIT-QUE-200', 0.00, NULL, 70, NULL, NULL, 'Peso: 200g - Ritz Crackers Queso', 1, '2025-11-21 05:13:57', '2025-11-21 05:13:57'),
	(368, 231, 'Peso: 350g', '{"Peso": "350g"}', 'KEL-COR-350', 0.00, NULL, 60, NULL, NULL, 'Peso: 350g - Corn Flakes Kelloggs', 1, '2025-11-21 05:13:57', '2025-11-21 05:13:57'),
	(369, 232, 'Peso: 345g', '{"Peso": "345g"}', 'KEL-FRO-345', 0.00, NULL, 55, NULL, NULL, 'Peso: 345g - Froot Loops Kelloggs', 1, '2025-11-21 05:13:57', '2025-11-21 05:13:57'),
	(370, 233, 'Peso: 380g', '{"Peso": "380g"}', 'KEL-SPE-380', 0.00, NULL, 50, NULL, NULL, 'Peso: 380g - Special K Kelloggs', 1, '2025-11-21 05:13:57', '2025-11-21 05:13:57'),
	(371, 234, 'Peso: 400g', '{"Peso": "400g"}', 'QUA-AVE-400', 0.00, NULL, 80, NULL, NULL, 'Peso: 400g - Avena Quaker Original', 1, '2025-11-21 05:13:57', '2025-11-21 05:13:57'),
	(372, 235, 'Peso: 400g', '{"Peso": "400g"}', 'QUA-CAN-400', 0.00, NULL, 75, NULL, NULL, 'Peso: 400g - Avena Quaker Canela', 1, '2025-11-21 05:13:57', '2025-11-21 05:13:57'),
	(373, 236, 'Peso: 400g', '{"Peso": "400g"}', 'NES-CHO-400', 0.00, NULL, 65, NULL, NULL, 'Peso: 400g - Nesquik Chocolate', 1, '2025-11-21 05:13:57', '2025-11-21 05:13:57'),
	(374, 237, 'Peso: 400g', '{"Peso": "400g"}', 'NES-FRE-400', 0.00, NULL, 60, NULL, NULL, 'Peso: 400g - Nesquik Fresa', 1, '2025-11-21 05:13:57', '2025-11-21 05:13:57'),
	(375, 238, 'Peso: 110g', '{"Peso": "110g"}', 'JAB-REX-ANT-110', 0.00, NULL, 90, NULL, NULL, 'Peso: 110g - Jabón de Baño Rexona Antibacterial', 1, '2025-11-21 05:13:57', '2025-11-21 05:13:57'),
	(376, 239, 'Peso: 110g', '{"Peso": "110g"}', 'JAB-REX-ALO-110', 0.00, NULL, 85, NULL, NULL, 'Peso: 110g - Jabón de Baño Rexona Aloe Vera', 1, '2025-11-21 05:13:57', '2025-11-21 05:13:57'),
	(377, 240, 'Peso: 110g', '{"Peso": "110g"}', 'JAB-REX-GLI-110', 0.00, NULL, 85, NULL, NULL, 'Peso: 110g - Jabón de Baño Rexona Glicerina', 1, '2025-11-21 05:13:57', '2025-11-21 05:13:57'),
	(378, 241, 'Peso: 110g', '{"Peso": "110g"}', 'JAB-REX-AVE-110', 0.00, NULL, 80, NULL, NULL, 'Peso: 110g - Jabón de Baño Rexona Avena', 1, '2025-11-21 05:13:57', '2025-11-21 05:13:57'),
	(379, 242, 'Peso: 110g', '{"Peso": "110g"}', 'JAB-REX-COC-110', 0.00, NULL, 80, NULL, NULL, 'Peso: 110g - Jabón de Baño Rexona Coco', 1, '2025-11-21 05:13:57', '2025-11-21 05:13:57'),
	(380, 243, 'Pack: 8 unidades x 110g', '{"Pack": "8 unidades x 110g"}', 'JAB-REX-SUR-8X110', 0.00, NULL, 40, NULL, NULL, 'Pack: 8 unidades x 110g - Jabón de Baño Rexona Surtidos 8x110g', 1, '2025-11-21 05:13:57', '2025-11-21 05:13:57'),
	(381, 244, 'Talla: P', '{"Talla: P": "P"}', 'PANALES-BABY-FINGER-P-OIO9', 0.00, 0.00, 40, NULL, NULL, 'Talla: P - Pañales Baby Finger P', 1, '2025-11-21 05:13:57', '2025-11-28 02:13:52'),
	(382, 245, 'Talla: M', '{"Talla: M": "M"}', 'PANALES-BABY-FINGER-M-DFLO', 0.00, 0.00, 40, NULL, NULL, 'Talla: M - Pañales Baby Finger M', 1, '2025-11-21 05:13:57', '2025-11-28 02:15:24'),
	(383, 246, 'Talla: G', '{"Talla: G": "G"}', 'PANALES-BABY-FINGER-G-VW9W', 0.00, 0.00, 40, NULL, NULL, 'Talla: G - Pañales Baby Finger G', 1, '2025-11-21 05:13:57', '2025-11-28 02:16:19'),
	(384, 247, 'Talla: RN', '{"Talla: RN": "RN"}', 'PANALES-BABY-FINGER-RN-TOPX', 0.00, 0.00, 40, NULL, NULL, 'Talla: RN - Pañales Baby Finger RN', 1, '2025-11-21 05:13:57', '2025-11-28 02:16:53'),
	(385, 248, 'Talla: XXG', '{"Talla: XXG": "XXG"}', 'PANALES-BABY-FINGER-XXG-JJF0', 0.00, 0.00, 40, NULL, NULL, 'Talla: XXG - Pañales Baby Finger XXG', 1, '2025-11-21 05:13:57', '2025-11-28 02:17:15'),
	(386, 249, 'Pack: 10 x 20', '{"Pack: 10 x 20": "10 x 20"}', 'PANALES-HUGME-P-LASC', 0.00, 0.00, 30, NULL, NULL, 'Pack: 10 x 20 - Pañales Hugme P', 1, '2025-11-21 05:13:57', '2025-11-28 02:22:33'),
	(388, 250, 'Pack: 10 x 20', '{"Pack: 10 x 20": "10 x 20"}', 'PANALES-HUGME-M-TSAB', 0.00, 0.00, 30, NULL, NULL, 'Pack: 10 x 20 - Pañales Hugme M', 1, '2025-11-21 05:13:57', '2025-11-28 02:23:07'),
	(390, 251, 'Pack: 10 x 20', '{"Pack: 10 x 20": "10 x 20"}', 'PANALES-HUGME-G-NC7X', 0.00, 0.00, 30, NULL, NULL, 'Pack: 10 x 20 - Pañales Hugme G', 1, '2025-11-21 05:13:57', '2025-11-28 02:26:07'),
	(392, 252, 'Pack: 10 x 20', '{"Pack: 10 x 20": "10 x 20"}', 'PANALES-HUGME-XG-NKWW', 0.00, 0.00, 30, NULL, NULL, 'Pack: 10 x 20 - Pañales Hugme XG', 1, '2025-11-21 05:13:57', '2025-11-28 02:27:04'),
	(394, 253, 'Pack: 10 x 24', '{"Pack: 10 x 24": "10 x 24"}', 'PANALES-HUGME-RN-Y1VR', 0.00, 0.00, 25, NULL, NULL, 'Pack: 10 x 24 - Pañales Hugme RN', 1, '2025-11-21 05:13:57', '2025-11-28 02:28:02'),
	(396, 254, 'Pack: 80 und', '{"Pack": "80 und"}', 'TOA-HUG-80', 0.00, NULL, 60, NULL, NULL, 'Pack: 80 und - Toallitas Húmedas Hugme', 1, '2025-11-21 05:13:57', '2025-11-21 05:13:57'),
	(397, 254, 'Pack: 160 und', '{"Pack": "160 und"}', 'TOA-HUG-160', 2.75, NULL, 40, NULL, NULL, 'Pack: 160 und - Toallitas Húmedas Hugme', 1, '2025-11-21 05:13:57', '2025-11-21 05:13:57'),
	(398, 255, 'Volumen: 200ml', '{"Volumen": "200ml"}', 'SHA-HUG-200', 0.00, NULL, 45, NULL, NULL, 'Volumen: 200ml - Shampoo Hugme Bebé', 1, '2025-11-21 05:13:57', '2025-11-21 05:13:57'),
	(399, 255, 'Volumen: 400ml', '{"Volumen": "400ml"}', 'SHA-HUG-400', 3.50, NULL, 30, NULL, NULL, 'Volumen: 400ml - Shampoo Hugme Bebé', 1, '2025-11-21 05:13:57', '2025-11-21 05:13:57'),
	(400, 256, 'Volumen: 250ml', '{"Volumen": "250ml"}', 'JAB-HUG-250', 0.00, NULL, 50, NULL, NULL, 'Volumen: 250ml - Jabón Líquido Hugme', 1, '2025-11-21 05:13:57', '2025-11-21 05:13:57'),
	(401, 256, 'Volumen: 500ml', '{"Volumen": "500ml"}', 'JAB-HUG-500', 3.75, NULL, 35, NULL, NULL, 'Volumen: 500ml - Jabón Líquido Hugme', 1, '2025-11-21 05:13:57', '2025-11-21 05:13:57'),
	(402, 257, 'Peso: 100g', '{"Peso": "100g"}', 'CRE-HUG-100', 0.00, NULL, 40, NULL, NULL, 'Peso: 100g - Crema Hugme Bebé', 1, '2025-11-21 05:13:57', '2025-11-21 05:13:57'),
	(403, 257, 'Peso: 200g', '{"Peso": "200g"}', 'CRE-HUG-200', 4.25, NULL, 25, NULL, NULL, 'Peso: 200g - Crema Hugme Bebé', 1, '2025-11-21 05:13:57', '2025-11-21 05:13:57'),
	(404, 258, 'Volumen: 100ml', '{"Volumen": "100ml"}', 'ACE-HUG-100', 0.00, NULL, 55, NULL, NULL, 'Volumen: 100ml - Aceite Hugme Bebé', 1, '2025-11-21 05:13:57', '2025-11-21 05:13:57'),
	(405, 258, 'Volumen: 200ml', '{"Volumen": "200ml"}', 'ACE-HUG-200', 2.50, NULL, 35, NULL, NULL, 'Volumen: 200ml - Aceite Hugme Bebé', 1, '2025-11-21 05:13:57', '2025-11-21 05:13:57'),
	(406, 83, 'size', '"[]"', 'TOALLAS-ALIVE-DIARIA-S8TK', 0.00, 0.00, 0, NULL, NULL, '', 1, '2025-11-27 23:26:19', '2025-11-27 23:26:19'),
	(407, 272, 'volumen', '{"Volumen": "100 ML"}', 'ACEITE-IDEAL-MVXK', 0.00, 0.00, 0, 'public/productos/272/variants/1764291958_variant_0.jpg', 'public/productos/272/variants/thumb_1764291958_variant_0.jpg', 'Volumen: Aceite comestible Ideal 100 ML', 1, '2025-11-28 00:46:40', '2025-11-28 01:08:45'),
	(408, 272, 'volumen', '{"Volumen": "250 ML"}', 'ACEITE-IDEAL-MVXK', 0.00, 0.00, 0, 'public/productos/272/variants/1764292125_variant_1.jpg', 'public/productos/272/variants/thumb_1764292125_variant_1.jpg', 'Volumen: Aceite comestible Ideal 250 ML', 1, '2025-11-28 00:46:40', '2025-11-28 01:08:45'),
	(409, 272, 'volumen', '{"Volumen": "430 ML"}', 'ACEITE-IDEAL-MVXK', 0.00, 0.00, 0, 'public/productos/272/variants/1764292125_variant_2.jpg', 'public/productos/272/variants/thumb_1764292125_variant_2.jpg', 'Volumen: Aceite comestible Ideal 430 ML', 1, '2025-11-28 00:46:40', '2025-11-28 01:08:45'),
	(410, 272, 'volumen', '{"Volumen": "900 ML"}', 'ACEITE-IDEAL-MVXK', 0.00, 0.00, 0, 'public/productos/272/variants/1764292125_variant_3.jpg', 'public/productos/272/variants/thumb_1764292125_variant_3.jpg', 'Volumen: Aceite comestible Ideal 900 ML', 1, '2025-11-28 00:46:40', '2025-11-28 01:08:45'),
	(411, 86, 'size', '"{\\"Size\\":\\"450 Ml\\"}"', 'OSO-BLANCO-LAVAVAJILLAS-RVHS', 0.00, 0.00, 0, 'public/productos/86/variants/1764292971_variant_0.jpg', 'public/productos/86/variants/thumb_1764292971_variant_0.jpg', 'Presentacion: 450 Ml  Oso Blanco Lavavajillas', 1, '2025-11-28 01:22:51', '2025-11-28 01:22:51'),
	(412, 86, 'size', '"{\\"Size\\":\\"800 ML\\"}"', 'OSO-BLANCO-LAVAVAJILLAS-RVHS', 0.00, 0.00, 0, 'public/productos/86/variants/1764292971_variant_1.jpg', 'public/productos/86/variants/thumb_1764292971_variant_1.jpg', 'Presentacion: 800 ML Oso Blanco Lavavajillas', 1, '2025-11-28 01:22:51', '2025-11-28 01:22:51'),
	(413, 151, 'volumen', '"{\\"Volumen\\":\\"1.5Lt\\"}"', 'AGUA-MINALBA-600ML-GJ2R', 0.00, 0.00, 0, 'public/productos/151/variants/1764299474_variant_1.jpg', 'public/productos/151/variants/thumb_1764299474_variant_1.jpg', 'Volumen: 1.5Lt - Agua Minalba 1.5Lt', 1, '2025-11-28 03:11:14', '2025-11-28 03:11:14'),
	(414, 151, '', '"{\\"\\":\\"5Lt\\"}"', 'AGUA-MINALBA-600ML-GJ2R', 0.00, 0.00, 0, 'public/productos/151/variants/1764299474_variant_2.jpg', 'public/productos/151/variants/thumb_1764299474_variant_2.jpg', 'Volumen: 5Lt - Agua Minalba 5Lt', 1, '2025-11-28 03:11:14', '2025-11-28 03:11:14');

-- Volcando datos para la tabla pedidos.product_reviews: ~0 rows (aproximadamente)

/*!40103 SET TIME_ZONE=IFNULL(@OLD_TIME_ZONE, 'system') */;
/*!40101 SET SQL_MODE=IFNULL(@OLD_SQL_MODE, '') */;
/*!40014 SET FOREIGN_KEY_CHECKS=IFNULL(@OLD_FOREIGN_KEY_CHECKS, 1) */;
/*!40101 SET CHARACTER_SET_CLIENT=@OLD_CHARACTER_SET_CLIENT */;
/*!40111 SET SQL_NOTES=IFNULL(@OLD_SQL_NOTES, 1) */;
